-- Pedal Works Bicycle Shops — MARIADB script
-- Generated by the Agoge dataset generator (version 1.0.0, seed 42).
-- Every row is synthetic. Regenerating with the same brief and seed
-- reproduces this file byte for byte.

-- Creates 'bikeShop'. If a database of that name already exists this
-- script stops with an error rather than overwriting it. Re-run with
-- drop_existing=True, or drop it yourself, if replacement is intended.

CREATE DATABASE `bikeShop`;
USE `bikeShop`;

-- Tables (parents first, so every foreign key resolves on load)

CREATE TABLE `stores` (
    `storeId` INT NOT NULL AUTO_INCREMENT,
    `storeName` VARCHAR(120) NOT NULL,
    `city` VARCHAR(60) NOT NULL,
    `state` VARCHAR(2) NOT NULL,
    `openedDate` DATE NOT NULL,
    CONSTRAINT `pkStoresStoreId` PRIMARY KEY (`storeId`)
) ENGINE=InnoDB DEFAULT CHARSET=utf8mb4;

CREATE TABLE `customers` (
    `customerId` INT NOT NULL AUTO_INCREMENT,
    `firstName` VARCHAR(50) NOT NULL,
    `lastName` VARCHAR(50) NOT NULL,
    `email` VARCHAR(120) NULL,
    `phone` VARCHAR(20) NULL,
    `city` VARCHAR(60) NOT NULL,
    `joinDate` DATE NOT NULL,
    CONSTRAINT `pkCustomersCustomerId` PRIMARY KEY (`customerId`)
) ENGINE=InnoDB DEFAULT CHARSET=utf8mb4;

CREATE TABLE `services` (
    `serviceId` INT NOT NULL AUTO_INCREMENT,
    `serviceName` VARCHAR(60) NOT NULL,
    `standardHours` DECIMAL(12,2) NOT NULL,
    `flatRate` DECIMAL(12,2) NOT NULL,
    CONSTRAINT `pkServicesServiceId` PRIMARY KEY (`serviceId`),
    CONSTRAINT `uqServicesServiceName` UNIQUE (`serviceName`)
) ENGINE=InnoDB DEFAULT CHARSET=utf8mb4;

CREATE TABLE `parts` (
    `partId` INT NOT NULL AUTO_INCREMENT,
    `partName` VARCHAR(120) NOT NULL,
    `partNumber` VARCHAR(30) NOT NULL,
    `category` VARCHAR(60) NOT NULL,
    `unitCost` DECIMAL(12,2) NOT NULL,
    `onHandQuantity` INT NOT NULL,
    CONSTRAINT `pkPartsPartId` PRIMARY KEY (`partId`),
    CONSTRAINT `uqPartsPartNumber` UNIQUE (`partNumber`)
) ENGINE=InnoDB DEFAULT CHARSET=utf8mb4;

CREATE TABLE `employees` (
    `employeeId` INT NOT NULL AUTO_INCREMENT,
    `firstName` VARCHAR(50) NOT NULL,
    `lastName` VARCHAR(50) NOT NULL,
    `storeId` INT NOT NULL,
    `role` VARCHAR(60) NOT NULL,
    `hireDate` DATE NOT NULL,
    `hourlyRate` DECIMAL(12,2) NOT NULL,
    CONSTRAINT `pkEmployeesEmployeeId` PRIMARY KEY (`employeeId`),
    CONSTRAINT `fkEmployeesStoreId` FOREIGN KEY (`storeId`) REFERENCES `stores` (`storeId`)
) ENGINE=InnoDB DEFAULT CHARSET=utf8mb4;

CREATE TABLE `bikes` (
    `bikeId` INT NOT NULL AUTO_INCREMENT,
    `customerId` INT NOT NULL,
    `brand` VARCHAR(60) NOT NULL,
    `model` VARCHAR(30) NOT NULL,
    `bikeType` VARCHAR(60) NOT NULL,
    `purchaseYear` INT NOT NULL,
    `purchasePrice` DECIMAL(12,2) NOT NULL,
    CONSTRAINT `pkBikesBikeId` PRIMARY KEY (`bikeId`),
    CONSTRAINT `fkBikesCustomerId` FOREIGN KEY (`customerId`) REFERENCES `customers` (`customerId`)
) ENGINE=InnoDB DEFAULT CHARSET=utf8mb4;

CREATE TABLE `repairOrders` (
    `repairOrderId` INT NOT NULL AUTO_INCREMENT,
    `bikeId` INT NOT NULL,
    `employeeId` INT NOT NULL,
    `storeId` INT NOT NULL,
    `dropOffDate` DATE NOT NULL,
    `status` VARCHAR(60) NOT NULL,
    `laborHours` DECIMAL(12,2) NOT NULL,
    CONSTRAINT `pkRepairOrdersRepairOrderId` PRIMARY KEY (`repairOrderId`),
    CONSTRAINT `fkRepairOrdersBikeId` FOREIGN KEY (`bikeId`) REFERENCES `bikes` (`bikeId`),
    CONSTRAINT `fkRepairOrdersEmployeeId` FOREIGN KEY (`employeeId`) REFERENCES `employees` (`employeeId`),
    CONSTRAINT `fkRepairOrdersStoreId` FOREIGN KEY (`storeId`) REFERENCES `stores` (`storeId`)
) ENGINE=InnoDB DEFAULT CHARSET=utf8mb4;

CREATE TABLE `repairItems` (
    `repairItemId` INT NOT NULL AUTO_INCREMENT,
    `repairOrderId` INT NOT NULL,
    `serviceId` INT NOT NULL,
    `quantity` INT NOT NULL,
    `itemCost` DECIMAL(12,2) NOT NULL,
    `lineTotal` DECIMAL(12,2) NOT NULL,
    CONSTRAINT `pkRepairItemsRepairItemId` PRIMARY KEY (`repairItemId`),
    CONSTRAINT `fkRepairItemsRepairOrderId` FOREIGN KEY (`repairOrderId`) REFERENCES `repairOrders` (`repairOrderId`),
    CONSTRAINT `fkRepairItemsServiceId` FOREIGN KEY (`serviceId`) REFERENCES `services` (`serviceId`)
) ENGINE=InnoDB DEFAULT CHARSET=utf8mb4;

CREATE TABLE `partUsages` (
    `partUsageId` INT NOT NULL AUTO_INCREMENT,
    `repairItemId` INT NOT NULL,
    `partId` INT NOT NULL,
    `quantityUsed` INT NOT NULL,
    CONSTRAINT `pkPartUsagesPartUsageId` PRIMARY KEY (`partUsageId`),
    CONSTRAINT `uqPartUsagesRepairItemIdPartId` UNIQUE (`repairItemId`, `partId`),
    CONSTRAINT `fkPartUsagesRepairItemId` FOREIGN KEY (`repairItemId`) REFERENCES `repairItems` (`repairItemId`),
    CONSTRAINT `fkPartUsagesPartId` FOREIGN KEY (`partId`) REFERENCES `parts` (`partId`)
) ENGINE=InnoDB DEFAULT CHARSET=utf8mb4;

-- Data

INSERT INTO `stores` (`storeId`, `storeName`, `city`, `state`, `openedDate`) VALUES
    (1, 'Lakebound Holdings', 'Green Bay', 'MI', '2017-11-22'),
    (2, 'Summit Systems', 'Naperville', 'MI', '2017-09-07'),
    (3, 'Northline Supply Co', 'Ypsilanti', 'PA', '2019-12-31'),
    (4, 'Trailhead Supply Co', 'Dearborn', 'TX', '2019-06-16'),
    (5, 'Northline Supply Co', 'Cadillac', 'NC', '2017-01-18'),
    (6, 'Silverbrook Supply Co', 'Battle Creek', 'WI', '2019-06-02'),
    (7, 'Wolverine Services', 'Toledo', 'GA', '2010-01-31'),
    (8, 'Silverbrook Distribution', 'Saginaw', 'MN', '2013-01-07'),
    (9, 'Ironwood Partners', 'Marquette', 'CA', '2020-10-02'),
    (10, 'Beacon Provisions', 'Petoskey', 'WA', '2017-05-06'),
    (11, 'Ironwood Systems', 'Rochester', 'NY', '2017-03-14'),
    (12, 'Foundry Solutions', 'Dayton', 'OR', '2013-08-29');

INSERT INTO `customers` (`customerId`, `firstName`, `lastName`, `email`, `phone`, `city`, `joinDate`) VALUES
    (1, 'Priya', 'Silva', 'priya.silva1@example.com', '(273) 823-2565', 'Traverse City', '2024-07-10'),
    (2, 'Ines', 'Tanaka', 'ines.tanaka2@example.org', '(910) 646-3847', 'Green Bay', '2022-10-10'),
    (3, 'Mateo', 'Bhatt', 'mateo.bhatt3@example.net', '(754) 322-4223', 'Indianapolis', '2020-11-30'),
    (4, 'Josefina', 'Lindqvist', 'josefina.lindqvist4@mail.example.com', '(913) 927-9087', 'Iron Mountain', '2025-11-10'),
    (5, 'Nikolai', 'Zambrano', 'nikolai.zambrano5@corp.example.com', NULL, 'Kalamazoo', '2023-06-01'),
    (6, 'Tobias', 'Thorne', 'tobias.thorne6@shop.example.net', '(611) 389-9057', 'Green Bay', '2025-03-29'),
    (7, 'Junie', 'Ueda', 'junie.ueda7@example.com', '(716) 217-3126', 'Owosso', '2025-06-26'),
    (8, 'Junie', 'Kowalski', 'junie.kowalski8@example.org', '(721) 201-4526', 'Dearborn', '2022-01-06'),
    (9, 'Wei', 'Abara', 'wei.abara9@example.net', '(983) 898-6138', 'Warren', '2024-03-11'),
    (10, 'Gideon', 'Dvorak', 'gideon.dvorak10@mail.example.com', '(544) 287-8585', 'Marquette', '2023-05-31'),
    (11, 'Hanna', 'Egwu', 'hanna.egwu11@corp.example.com', '(383) 613-9556', 'Fort Wayne', '2021-04-03'),
    (12, 'Bodhi', 'Nakamura', 'bodhi.nakamura12@shop.example.net', '(812) 476-2757', 'Battle Creek', '2024-11-11'),
    (13, 'Farrah', 'Ferraro', 'farrah.ferraro13@example.com', '(905) 453-2312', 'Ypsilanti', '2024-02-04'),
    (14, 'Yara', 'Quinones', 'yara.quinones14@example.org', '(605) 201-6475', 'Traverse City', '2024-04-28'),
    (15, 'Tessa', 'Stroud', 'tessa.stroud15@example.net', '(913) 915-9180', 'South Bend', '2024-07-09'),
    (16, 'Oona', 'Stroud', 'oona.stroud16@mail.example.com', '(927) 585-7479', 'Columbus', '2021-12-25'),
    (17, 'Nikolai', 'Brennan', 'nikolai.brennan17@corp.example.com', '(258) 384-2339', 'Flint', '2025-10-11'),
    (18, 'Wren', 'Dvorak', 'wren.dvorak18@shop.example.net', '(491) 220-8486', 'Rockford', '2023-03-25'),
    (19, 'Kiara', 'Ferraro', 'kiara.ferraro19@example.com', '(322) 332-4833', 'Oak Park', '2025-08-19'),
    (20, 'Gideon', 'Bhatt', 'gideon.bhatt20@example.org', '(435) 683-1651', 'Bloomington', '2021-03-23'),
    (21, 'Viktor', 'Weaver', 'viktor.weaver21@example.net', '(447) 777-4488', 'Ypsilanti', '2025-03-28'),
    (22, 'Hanna', 'Hollande', 'hanna.hollande22@mail.example.com', '(326) 968-9916', 'Dearborn', '2025-04-06'),
    (23, 'Josefina', 'Kaur', 'josefina.kaur23@corp.example.com', '(832) 294-1996', 'Traverse City', '2025-08-15'),
    (24, 'Nikolai', 'Eriksen', 'nikolai.eriksen24@shop.example.net', '(540) 933-8251', 'Flint', '2023-11-21'),
    (25, 'Cameron', 'Delacroix', 'cameron.delacroix25@example.com', '(249) 759-4868', 'Warren', '2024-01-28'),
    (26, 'Jonas', 'Zieliński', 'jonas.zieliński26@example.org', '(623) 814-3032', 'Iron Mountain', '2024-04-14'),
    (27, 'Tobias', 'Gallo', 'tobias.gallo27@example.net', '(284) 371-1333', 'Ypsilanti', '2025-02-20'),
    (28, 'Leilani', 'Chen', 'leilani.chen28@mail.example.com', '(953) 580-9061', 'Cadillac', '2022-01-27'),
    (29, 'Josefina', 'Hollande', 'josefina.hollande29@corp.example.com', '(505) 668-6101', 'Owosso', '2023-09-30'),
    (30, 'Lucas', 'Kaur', 'lucas.kaur30@shop.example.net', NULL, 'Petoskey', '2025-07-21'),
    (31, 'Ezra', 'Ulrich', 'ezra.ulrich31@example.com', '(644) 564-4714', 'Indianapolis', '2023-02-13'),
    (32, 'Halima', 'Whitfield', 'halima.whitfield32@example.org', '(865) 347-8127', 'Naperville', '2024-02-26'),
    (33, 'Gideon', 'Ulrich', 'gideon.ulrich33@example.net', '(413) 337-2595', 'Petoskey', '2025-11-29'),
    (34, 'Wren', 'Ishikawa', 'wren.ishikawa34@mail.example.com', '(641) 539-6555', 'Rockford', '2021-07-16'),
    (35, 'Oona', 'Fontaine', 'oona.fontaine35@corp.example.com', '(910) 277-2262', 'South Bend', '2025-04-12'),
    (36, 'Zofia', 'Hollande', 'zofia.hollande36@shop.example.net', '(344) 235-1789', 'Flint', '2024-01-18'),
    (37, 'Cyrus', 'Castillo', 'cyrus.castillo37@example.com', NULL, 'Toledo', '2020-08-17'),
    (38, 'Elena', 'Brennan', 'elena.brennan38@example.org', '(754) 678-1327', 'Oak Park', '2023-03-25'),
    (39, 'Wei', 'Weaver', 'wei.weaver39@example.net', '(846) 884-2543', 'Iron Mountain', '2024-12-17'),
    (40, 'Yusuf', 'Zambrano', 'yusuf.zambrano40@mail.example.com', '(331) 832-2537', 'Wausau', '2025-11-09'),
    (41, 'Yara', 'Lindqvist', 'yara.lindqvist41@corp.example.com', '(472) 711-5546', 'Grand Rapids', '2025-08-30'),
    (42, 'Wei', 'Bhatt', 'wei.bhatt42@shop.example.net', '(815) 314-4722', 'Rochester', '2024-09-20'),
    (43, 'Lars', 'Chen', 'lars.chen43@example.com', '(471) 679-5800', 'Owosso', '2022-09-19'),
    (44, 'Viktor', 'Lindqvist', 'viktor.lindqvist44@example.org', '(393) 454-6793', 'Holland', '2025-07-15'),
    (45, 'Uma', 'Okafor', 'uma.okafor45@example.net', '(857) 571-6489', 'Madison', '2023-11-06'),
    (46, 'Bianca', 'Tanaka', 'bianca.tanaka46@mail.example.com', NULL, 'Novi', '2023-10-01'),
    (47, 'Nadia', 'Stroud', 'nadia.stroud47@corp.example.com', '(715) 935-1275', 'Indianapolis', '2024-03-13'),
    (48, 'Lucas', 'Zambrano', 'lucas.zambrano48@shop.example.net', '(439) 379-8272', 'Warren', '2021-11-10'),
    (49, 'Rashid', 'Alvarez', 'rashid.alvarez49@example.com', '(565) 738-3538', 'Kalamazoo', '2020-09-13'),
    (50, 'Viktor', 'Dvorak', 'viktor.dvorak50@example.org', '(461) 384-2934', 'Flint', '2022-10-17'),
    (51, 'Fiona', 'Larsen', 'fiona.larsen51@example.net', '(986) 701-7962', 'Madison', '2023-04-30'),
    (52, 'Simone', 'Nakamura', 'simone.nakamura52@mail.example.com', '(925) 547-6120', 'Fort Wayne', '2025-06-17'),
    (53, 'Farrah', 'Larsen', 'farrah.larsen53@corp.example.com', NULL, 'Battle Creek', '2022-08-30'),
    (54, 'Zofia', 'Jensen', 'zofia.jensen54@shop.example.net', '(727) 279-2277', 'Traverse City', '2021-10-14'),
    (55, 'Anton', 'Zieliński', 'anton.zieliński55@example.com', NULL, 'Rockford', '2024-05-04'),
    (56, 'Kiara', 'Stroud', 'kiara.stroud56@example.org', '(570) 353-5979', 'Naperville', '2025-09-02'),
    (57, 'Ulises', 'Petrov', 'ulises.petrov57@example.net', '(346) 626-8562', 'Petoskey', '2023-09-21'),
    (58, 'Maya', 'Nakamura', 'maya.nakamura58@mail.example.com', '(378) 830-6249', 'Cadillac', '2024-10-25'),
    (59, 'Imani', 'Mbeki', 'imani.mbeki59@corp.example.com', '(832) 562-2269', 'Novi', '2025-08-18'),
    (60, 'Amara', 'Fontaine', 'amara.fontaine60@shop.example.net', '(740) 342-9691', 'Marquette', '2023-01-01'),
    (61, 'Bodhi', 'Fontaine', 'bodhi.fontaine61@example.com', NULL, 'Naperville', '2025-02-04'),
    (62, 'Gustav', 'Rivas', 'gustav.rivas62@example.org', '(319) 578-2650', 'Evanston', '2021-03-11'),
    (63, 'Mira', 'Zieliński', 'mira.zieliński63@example.net', '(828) 667-6282', 'Petoskey', '2022-12-20'),
    (64, 'Gideon', 'Yamada', 'gideon.yamada64@mail.example.com', NULL, 'Owosso', '2023-03-21'),
    (65, 'Zofia', 'Larsen', 'zofia.larsen65@corp.example.com', '(465) 993-4782', 'Columbus', '2024-10-29'),
    (66, 'Omar', 'Bhatt', 'omar.bhatt66@shop.example.net', '(894) 964-2981', 'Utica', '2024-11-16'),
    (67, 'Dario', 'Jensen', 'dario.jensen67@example.com', '(600) 430-9726', 'Dayton', '2022-05-14'),
    (68, 'Tobias', 'Abara', 'tobias.abara68@example.org', '(584) 824-9324', 'Green Bay', '2021-11-14'),
    (69, 'Felix', 'Okafor', 'felix.okafor69@example.net', '(470) 202-6252', 'Madison', '2022-09-23'),
    (70, 'Priya', 'Haddad', 'priya.haddad70@mail.example.com', '(978) 836-5899', 'Oak Park', '2019-11-06'),
    (71, 'Rosa', 'Weaver', 'rosa.weaver71@corp.example.com', '(444) 825-6077', 'Grand Rapids', '2024-12-30'),
    (72, 'Imani', 'Dvorak', 'imani.dvorak72@shop.example.net', '(393) 439-1060', 'Green Bay', '2023-12-16'),
    (73, 'Oona', 'Hollande', 'oona.hollande73@example.com', '(773) 895-7084', 'South Bend', '2022-08-17'),
    (74, 'Jonas', 'Zieliński', 'jonas.zieliński74@example.org', '(708) 481-1418', 'Jackson', '2021-11-15'),
    (75, 'Halima', 'Haddad', 'halima.haddad75@example.net', NULL, 'Iron Mountain', '2025-02-11'),
    (76, 'Priya', 'Ortega', 'priya.ortega76@mail.example.com', NULL, 'Kalamazoo', '2024-11-16'),
    (77, 'Rashid', 'Gallo', 'rashid.gallo77@corp.example.com', '(243) 647-5119', 'Grand Rapids', '2025-05-26'),
    (78, 'Bianca', 'Petrov', 'bianca.petrov78@shop.example.net', '(964) 516-5137', 'Fort Wayne', '2023-10-18'),
    (79, 'Fiona', 'Thorne', 'fiona.thorne79@example.com', '(345) 442-3780', 'Rockford', '2022-12-23'),
    (80, 'Xiomara', 'Petrov', 'xiomara.petrov80@example.org', '(360) 916-8046', 'Toledo', '2021-08-31'),
    (81, 'Farrah', 'Haddad', 'farrah.haddad81@example.net', '(204) 749-1797', 'Saginaw', '2025-04-28'),
    (82, 'Elena', 'Lindqvist', 'elena.lindqvist82@mail.example.com', '(554) 964-8016', 'Marquette', '2022-10-25'),
    (83, 'Dalia', 'Dvorak', 'dalia.dvorak83@corp.example.com', '(883) 873-5647', 'Flint', '2024-11-16'),
    (84, 'Yara', 'Ulrich', 'yara.ulrich84@shop.example.net', '(279) 978-3855', 'Jackson', '2023-09-25'),
    (85, 'Lars', 'Lindqvist', 'lars.lindqvist85@example.com', '(342) 214-2047', 'Ann Arbor', '2023-01-11'),
    (86, 'Lars', 'Hollande', 'lars.hollande86@example.org', NULL, 'Lansing', '2025-09-27'),
    (87, 'Amara', 'Gallo', 'amara.gallo87@example.net', '(647) 403-2410', 'Oak Park', '2023-08-07'),
    (88, 'Pablo', 'Egwu', 'pablo.egwu88@mail.example.com', '(770) 399-8048', 'Columbus', '2021-12-13'),
    (89, 'Camila', 'Okafor', 'camila.okafor89@corp.example.com', '(952) 761-3858', 'Grand Rapids', '2025-02-11'),
    (90, 'Simone', 'Moreau', 'simone.moreau90@shop.example.net', '(650) 894-6551', 'Joliet', '2025-08-17'),
    (91, 'Kiara', 'Iqbal', 'kiara.iqbal91@example.com', '(977) 919-4778', 'Joliet', '2025-09-30'),
    (92, 'Lucas', 'Ueda', 'lucas.ueda92@example.org', '(907) 760-8811', 'Joliet', '2024-08-21'),
    (93, 'Lars', 'Castillo', 'lars.castillo93@example.net', '(859) 952-6149', 'Indianapolis', '2021-04-26'),
    (94, 'Anton', 'Rasmussen', 'anton.rasmussen94@mail.example.com', '(874) 308-3191', 'Columbus', '2023-07-13'),
    (95, 'Uma', 'Rivas', 'uma.rivas95@corp.example.com', '(368) 745-9869', 'Evanston', '2023-06-05'),
    (96, 'Farrah', 'Ferraro', 'farrah.ferraro96@shop.example.net', '(556) 900-6054', 'Joliet', '2025-01-18'),
    (97, 'Kenji', 'Zieliński', 'kenji.zieliński97@example.com', '(469) 517-1832', 'Warren', '2020-01-15'),
    (98, 'Bianca', 'Thorne', 'bianca.thorne98@example.org', '(627) 216-8252', 'Dayton', '2024-04-26'),
    (99, 'Pablo', 'Lindqvist', 'pablo.lindqvist99@example.net', '(585) 860-1748', 'South Bend', '2024-10-07'),
    (100, 'Felix', 'Ortega', 'felix.ortega100@mail.example.com', NULL, 'Ann Arbor', '2023-11-13'),
    (101, 'Ulises', 'Silva', 'ulises.silva101@corp.example.com', '(725) 984-8562', 'South Bend', '2021-08-01'),
    (102, 'Bianca', 'Yilmaz', 'bianca.yilmaz102@shop.example.net', '(276) 805-9900', 'Novi', '2023-07-26'),
    (103, 'Xiomara', 'Moreau', 'xiomara.moreau103@example.com', '(854) 322-9890', 'Columbus', '2024-04-15'),
    (104, 'Gustav', 'Vasquez', 'gustav.vasquez104@example.org', '(635) 270-2358', 'Utica', '2022-11-01'),
    (105, 'Bodhi', 'Lindqvist', 'bodhi.lindqvist105@example.net', '(887) 218-1560', 'Evanston', '2020-10-21'),
    (106, 'Anton', 'Ulrich', 'anton.ulrich106@mail.example.com', '(576) 268-8091', 'Holland', '2022-01-27'),
    (107, 'Greta', 'Moreau', 'greta.moreau107@corp.example.com', '(466) 654-4036', 'Saginaw', '2024-10-18'),
    (108, 'Hassan', 'Ueda', 'hassan.ueda108@shop.example.net', '(814) 814-5834', 'Columbus', '2023-10-30'),
    (109, 'Yusuf', 'Kowalski', 'yusuf.kowalski109@example.com', '(597) 513-5824', 'Bloomington', '2025-02-02'),
    (110, 'Uma', 'Tanaka', 'uma.tanaka110@example.org', NULL, 'Warren', '2025-08-01'),
    (111, 'Dario', 'Stroud', 'dario.stroud111@example.net', NULL, 'Green Bay', '2025-06-24'),
    (112, 'Rashid', 'Weaver', 'rashid.weaver112@mail.example.com', '(648) 437-7593', 'Utica', '2021-08-31'),
    (113, 'Ines', 'Varga', 'ines.varga113@corp.example.com', '(927) 293-1694', 'Toledo', '2025-11-26'),
    (114, 'Leilani', 'Egwu', 'leilani.egwu114@shop.example.net', '(716) 698-7690', 'Ypsilanti', '2024-08-05'),
    (115, 'Mateo', 'Thorne', 'mateo.thorne115@example.com', '(618) 638-5998', 'Rockford', '2025-03-05'),
    (116, 'Leilani', 'Ferraro', 'leilani.ferraro116@example.org', '(407) 268-8204', 'Wausau', '2025-01-03'),
    (117, 'Gideon', 'Zambrano', 'gideon.zambrano117@example.net', NULL, 'Oak Park', '2019-12-29'),
    (118, 'Ezra', 'Mbeki', 'ezra.mbeki118@mail.example.com', NULL, 'Bloomington', '2024-03-25'),
    (119, 'Cyrus', 'Whitfield', 'cyrus.whitfield119@corp.example.com', '(214) 717-3900', 'Fort Wayne', '2021-07-26'),
    (120, 'Farrah', 'Alvarez', 'farrah.alvarez120@shop.example.net', NULL, 'Holland', '2023-09-03'),
    (121, 'Mira', 'Bhatt', 'mira.bhatt121@example.com', NULL, 'Ypsilanti', '2023-06-30'),
    (122, 'Beatrix', 'Rivas', 'beatrix.rivas122@example.org', '(766) 439-3342', 'Fort Wayne', '2020-04-13'),
    (123, 'Zane', 'Jensen', 'zane.jensen123@example.net', '(859) 543-9933', 'Fort Wayne', '2025-01-15'),
    (124, 'Bianca', 'Bhatt', 'bianca.bhatt124@mail.example.com', NULL, 'Bloomington', '2025-07-16'),
    (125, 'Gideon', 'Chen', 'gideon.chen125@corp.example.com', '(791) 529-4078', 'Petoskey', '2023-10-19'),
    (126, 'Xiomara', 'Egwu', 'xiomara.egwu126@shop.example.net', '(815) 276-6909', 'Fort Wayne', '2024-05-27'),
    (127, 'Omar', 'Alvarez', 'omar.alvarez127@example.com', '(309) 543-5689', 'Traverse City', '2025-04-04'),
    (128, 'Fiona', 'Tanaka', 'fiona.tanaka128@example.org', '(552) 879-6973', 'Bloomington', '2022-12-17'),
    (129, 'Greta', 'Abara', 'greta.abara129@example.net', NULL, 'Owosso', '2022-09-17'),
    (130, 'Halima', 'Bhatt', 'halima.bhatt130@mail.example.com', '(596) 744-4247', 'Green Bay', '2024-10-11'),
    (131, 'Mira', 'Stroud', 'mira.stroud131@corp.example.com', '(666) 305-5086', 'Battle Creek', '2024-07-17'),
    (132, 'Camila', 'Quinones', 'camila.quinones132@shop.example.net', '(724) 606-5013', 'Rockford', '2020-07-22'),
    (133, 'Hanna', 'Eriksen', 'hanna.eriksen133@example.com', '(739) 892-1346', 'East Lansing', '2024-03-06'),
    (134, 'Gustav', 'Haddad', 'gustav.haddad134@example.org', '(839) 343-5404', 'Naperville', '2020-12-30'),
    (135, 'Wei', 'Abara', 'wei.abara135@example.net', '(565) 552-4289', 'Toledo', '2025-03-05'),
    (136, 'Imani', 'Grimaldi', 'imani.grimaldi136@mail.example.com', '(487) 980-9681', 'South Bend', '2023-06-05'),
    (137, 'Lucas', 'Yamada', 'lucas.yamada137@corp.example.com', '(387) 288-9573', 'Kalamazoo', '2023-09-05'),
    (138, 'Vera', 'Okafor', 'vera.okafor138@shop.example.net', '(928) 650-8595', 'Warren', '2022-02-26'),
    (139, 'Dario', 'Vasquez', 'dario.vasquez139@example.com', '(752) 494-3161', 'Flint', '2024-05-18'),
    (140, 'Bianca', 'Weaver', 'bianca.weaver140@example.org', '(488) 289-5981', 'Grand Rapids', '2022-05-29'),
    (141, 'Halima', 'Ishikawa', 'halima.ishikawa141@example.net', '(265) 328-9328', 'Iron Mountain', '2025-10-29'),
    (142, 'Yara', 'Ulrich', 'yara.ulrich142@mail.example.com', '(726) 975-1456', 'Ann Arbor', '2022-01-04'),
    (143, 'Wei', 'Mbeki', 'wei.mbeki143@corp.example.com', '(832) 234-5347', 'Dayton', '2022-06-17'),
    (144, 'Gideon', 'Grimaldi', 'gideon.grimaldi144@shop.example.net', NULL, 'Holland', '2023-11-01'),
    (145, 'Kiara', 'Bhatt', 'kiara.bhatt145@example.com', '(651) 705-2803', 'Naperville', '2023-01-28'),
    (146, 'Josefina', 'Petrov', 'josefina.petrov146@example.org', '(940) 989-9223', 'Jackson', '2022-09-03'),
    (147, 'Yara', 'Okafor', 'yara.okafor147@example.net', NULL, 'Iron Mountain', '2022-08-07'),
    (148, 'Ines', 'Castillo', 'ines.castillo148@mail.example.com', '(729) 664-9271', 'Indianapolis', '2025-05-18'),
    (149, 'Oona', 'Xiong', 'oona.xiong149@corp.example.com', '(280) 857-6775', 'Toledo', '2021-11-19'),
    (150, 'Viktor', 'Ishikawa', 'viktor.ishikawa150@shop.example.net', '(251) 643-8821', 'South Bend', '2025-02-27'),
    (151, 'Cyrus', 'Ortega', 'cyrus.ortega151@example.com', '(687) 582-6145', 'Ypsilanti', '2022-10-27'),
    (152, 'Felix', 'Ueda', 'felix.ueda152@example.org', '(327) 638-3822', 'South Bend', '2025-06-12'),
    (153, 'Dalia', 'Abara', 'dalia.abara153@example.net', '(919) 920-8653', 'Jackson', '2024-11-27'),
    (154, 'Delphine', 'Vasquez', 'delphine.vasquez154@mail.example.com', '(292) 245-1999', 'Indianapolis', '2022-07-03'),
    (155, 'Beatrix', 'Nakamura', 'beatrix.nakamura155@corp.example.com', '(716) 619-3951', 'Lansing', '2024-10-31'),
    (156, 'Cameron', 'Bhatt', 'cameron.bhatt156@shop.example.net', '(707) 321-8288', 'Grand Rapids', '2024-07-07'),
    (157, 'Halima', 'Eriksen', 'halima.eriksen157@example.com', '(521) 277-7320', 'Holland', '2022-02-02'),
    (158, 'Qadira', 'Ortega', 'qadira.ortega158@example.org', NULL, 'Green Bay', '2020-11-08'),
    (159, 'Delphine', 'Petrov', 'delphine.petrov159@example.net', '(310) 598-9038', 'Fort Wayne', '2024-06-15'),
    (160, 'Hassan', 'Ortega', 'hassan.ortega160@mail.example.com', '(711) 888-1929', 'Ann Arbor', '2024-09-21'),
    (161, 'Rosa', 'Hollande', 'rosa.hollande161@corp.example.com', '(876) 540-5548', 'Dearborn', '2021-07-17'),
    (162, 'Wren', 'Varga', 'wren.varga162@shop.example.net', '(942) 880-9678', 'Dayton', '2023-09-04'),
    (163, 'Rashid', 'Grimaldi', 'rashid.grimaldi163@example.com', '(279) 239-1698', 'Oak Park', '2025-08-30'),
    (164, 'Oona', 'Quinones', 'oona.quinones164@example.org', '(383) 495-9569', 'Flint', '2024-06-15'),
    (165, 'Yara', 'Gallo', 'yara.gallo165@example.net', '(945) 879-5379', 'Jackson', '2022-11-26'),
    (166, 'Cyrus', 'Zieliński', 'cyrus.zieliński166@mail.example.com', '(607) 433-6346', 'Madison', '2023-04-10'),
    (167, 'Cameron', 'Ferraro', 'cameron.ferraro167@corp.example.com', '(889) 767-4791', 'East Lansing', '2021-02-28'),
    (168, 'Imani', 'Castillo', 'imani.castillo168@shop.example.net', '(885) 956-2223', 'East Lansing', '2025-07-14'),
    (169, 'Viktor', 'Ishikawa', 'viktor.ishikawa169@example.com', '(484) 434-7828', 'Indianapolis', '2021-10-23'),
    (170, 'Lucas', 'Stroud', 'lucas.stroud170@example.org', '(705) 522-7176', 'South Bend', '2024-01-09'),
    (171, 'Ulises', 'Jokinen', 'ulises.jokinen171@example.net', '(742) 240-5885', 'Toledo', '2020-11-10'),
    (172, 'Junie', 'Tanaka', 'junie.tanaka172@mail.example.com', '(442) 799-6160', 'Warren', '2021-01-24'),
    (173, 'Nikolai', 'Tanaka', 'nikolai.tanaka173@corp.example.com', '(700) 648-7179', 'Battle Creek', '2020-06-29'),
    (174, 'Idris', 'Abara', 'idris.abara174@shop.example.net', '(915) 482-7264', 'Wausau', '2021-03-19'),
    (175, 'Uma', 'Moreau', 'uma.moreau175@example.com', '(527) 872-8316', 'Rochester', '2022-03-23'),
    (176, 'Greta', 'Chen', 'greta.chen176@example.org', '(867) 482-5565', 'Peoria', '2025-10-18'),
    (177, 'Qadira', 'Thorne', 'qadira.thorne177@example.net', '(669) 398-8638', 'Cadillac', '2024-05-18'),
    (178, 'Zofia', 'Quinones', 'zofia.quinones178@mail.example.com', '(933) 615-4079', 'Owosso', '2024-11-24'),
    (179, 'Farrah', 'Haddad', 'farrah.haddad179@corp.example.com', '(762) 723-3255', 'Lansing', '2024-06-11'),
    (180, 'Gideon', 'Kaur', 'gideon.kaur180@shop.example.net', '(363) 243-3222', 'Naperville', '2024-08-23'),
    (181, 'Kenji', 'Weaver', 'kenji.weaver181@example.com', '(270) 269-2065', 'Utica', '2022-12-31'),
    (182, 'Cameron', 'Thorne', 'cameron.thorne182@example.org', '(347) 203-9237', 'Fort Wayne', '2025-06-24'),
    (183, 'Imani', 'Weaver', 'imani.weaver183@example.net', '(636) 329-6152', 'Evanston', '2025-03-25'),
    (184, 'Uma', 'Grimaldi', 'uma.grimaldi184@mail.example.com', '(533) 929-6456', 'Ypsilanti', '2024-01-04'),
    (185, 'Rashid', 'Ishikawa', 'rashid.ishikawa185@corp.example.com', NULL, 'East Lansing', '2024-09-23'),
    (186, 'Mateo', 'Rivas', 'mateo.rivas186@shop.example.net', '(374) 971-3746', 'Oak Park', '2023-06-20'),
    (187, 'Mateo', 'Iqbal', 'mateo.iqbal187@example.com', '(659) 743-4392', 'Owosso', '2024-07-14'),
    (188, 'Ines', 'Rasmussen', 'ines.rasmussen188@example.org', '(766) 839-5385', 'Utica', '2025-06-02'),
    (189, 'Ines', 'Thorne', 'ines.thorne189@example.net', NULL, 'South Bend', '2024-10-03'),
    (190, 'Elena', 'Stroud', 'elena.stroud190@mail.example.com', '(894) 205-5100', 'Evanston', '2023-10-11'),
    (191, 'Viktor', 'Weaver', 'viktor.weaver191@corp.example.com', '(696) 724-2584', 'East Lansing', '2025-10-06'),
    (192, 'Halima', 'Yamada', 'halima.yamada192@shop.example.net', '(611) 691-9988', 'Warren', '2025-01-21'),
    (193, 'Fiona', 'Grimaldi', 'fiona.grimaldi193@example.com', '(989) 845-1560', 'Peoria', '2024-06-26'),
    (194, 'Wren', 'Silva', 'wren.silva194@example.org', '(640) 526-9075', 'Ypsilanti', '2022-07-07'),
    (195, 'Ines', 'Jensen', 'ines.jensen195@example.net', '(615) 934-1972', 'Utica', '2024-10-20'),
    (196, 'Wren', 'Ortega', 'wren.ortega196@mail.example.com', '(908) 737-5440', 'Fort Wayne', '2022-10-20'),
    (197, 'Tessa', 'Ueda', 'tessa.ueda197@corp.example.com', '(512) 474-4543', 'Rockford', '2021-03-18'),
    (198, 'Maya', 'Ferraro', 'maya.ferraro198@shop.example.net', NULL, 'Dayton', '2024-06-16'),
    (199, 'Halima', 'Hollande', 'halima.hollande199@example.com', '(831) 955-9110', 'Dearborn', '2023-02-15'),
    (200, 'Jonas', 'Zambrano', 'jonas.zambrano200@example.org', '(467) 514-7577', 'Green Bay', '2024-08-25');

INSERT INTO `customers` (`customerId`, `firstName`, `lastName`, `email`, `phone`, `city`, `joinDate`) VALUES
    (201, 'Lucas', 'Fontaine', 'lucas.fontaine201@example.net', '(304) 324-3711', 'South Bend', '2024-07-31'),
    (202, 'Viktor', 'Mbeki', 'viktor.mbeki202@mail.example.com', '(497) 391-3779', 'Oak Park', '2020-11-05'),
    (203, 'Qadira', 'Moreau', 'qadira.moreau203@corp.example.com', NULL, 'Dayton', '2025-09-18'),
    (204, 'Quentin', 'Chen', 'quentin.chen204@shop.example.net', '(413) 583-5493', 'Joliet', '2025-03-16'),
    (205, 'Soren', 'Mbeki', 'soren.mbeki205@example.com', '(401) 506-2988', 'Joliet', '2024-05-24'),
    (206, 'Bianca', 'Rivas', 'bianca.rivas206@example.org', '(283) 282-5124', 'Novi', '2024-08-17'),
    (207, 'Kiara', 'Nakamura', 'kiara.nakamura207@example.net', '(721) 799-8966', 'Iron Mountain', '2025-05-17'),
    (208, 'Zane', 'Weaver', 'zane.weaver208@mail.example.com', '(411) 994-8023', 'Wausau', '2025-08-02'),
    (209, 'Elena', 'Thorne', 'elena.thorne209@corp.example.com', '(783) 211-7293', 'Holland', '2025-02-10'),
    (210, 'Bianca', 'Rivas', 'bianca.rivas210@shop.example.net', '(463) 635-8477', 'Toledo', '2023-07-11'),
    (211, 'Bianca', 'Vasquez', 'bianca.vasquez211@example.com', '(817) 422-2225', 'Oak Park', '2024-07-31'),
    (212, 'Anton', 'Moreau', 'anton.moreau212@example.org', '(835) 569-7075', 'Dayton', '2025-07-03'),
    (213, 'Hanna', 'Bhatt', 'hanna.bhatt213@example.net', '(534) 872-7988', 'Saginaw', '2023-06-18'),
    (214, 'Mira', 'Okafor', 'mira.okafor214@mail.example.com', '(665) 934-9679', 'Lansing', '2025-09-08'),
    (215, 'Bodhi', 'Kaur', 'bodhi.kaur215@corp.example.com', NULL, 'Naperville', '2024-04-10'),
    (216, 'Mira', 'Varga', 'mira.varga216@shop.example.net', '(747) 474-4414', 'Madison', '2020-12-13'),
    (217, 'Kwame', 'Castillo', 'kwame.castillo217@example.com', '(717) 825-6834', 'Peoria', '2025-10-14'),
    (218, 'Avery', 'Chen', 'avery.chen218@example.org', '(276) 361-1687', 'Wausau', '2025-08-15'),
    (219, 'Xiomara', 'Thorne', 'xiomara.thorne219@example.net', '(630) 341-9839', 'Iron Mountain', '2024-04-28'),
    (220, 'Beatrix', 'Bhatt', 'beatrix.bhatt220@mail.example.com', '(333) 687-4470', 'Flint', '2024-10-06'),
    (221, 'Josefina', 'Rasmussen', 'josefina.rasmussen221@corp.example.com', '(434) 883-5137', 'Joliet', '2025-01-01'),
    (222, 'Nadia', 'Brennan', 'nadia.brennan222@shop.example.net', '(345) 209-5929', 'Oak Park', '2025-05-29'),
    (223, 'Rosa', 'Pardo', 'rosa.pardo223@example.com', '(561) 380-3115', 'Traverse City', '2021-10-12'),
    (224, 'Avery', 'Chen', 'avery.chen224@example.org', '(365) 689-2229', 'Rockford', '2024-05-16'),
    (225, 'Delphine', 'Xiong', 'delphine.xiong225@example.net', '(797) 965-8111', 'Rochester', '2023-06-30'),
    (226, 'Wren', 'Varga', 'wren.varga226@mail.example.com', '(624) 431-6028', 'South Bend', '2021-01-18'),
    (227, 'Hassan', 'Ortega', 'hassan.ortega227@corp.example.com', '(681) 352-6325', 'Iron Mountain', '2025-06-06'),
    (228, 'Kiara', 'Varga', 'kiara.varga228@shop.example.net', '(966) 896-7011', 'Dayton', '2021-06-22'),
    (229, 'Maya', 'Grimaldi', 'maya.grimaldi229@example.com', '(433) 346-5716', 'Petoskey', '2024-01-03'),
    (230, 'Gideon', 'Bhatt', 'gideon.bhatt230@example.org', NULL, 'Fort Wayne', '2022-08-22'),
    (231, 'Nikolai', 'Zambrano', 'nikolai.zambrano231@example.net', '(941) 572-9376', 'Owosso', '2021-09-16'),
    (232, 'Kwame', 'Pardo', 'kwame.pardo232@mail.example.com', '(404) 697-8704', 'Grand Rapids', '2025-09-23'),
    (233, 'Oona', 'Ulrich', 'oona.ulrich233@corp.example.com', '(551) 729-4514', 'Joliet', '2020-09-25'),
    (234, 'Gideon', 'Hollande', 'gideon.hollande234@shop.example.net', '(749) 889-6501', 'Jackson', '2025-04-25'),
    (235, 'Priya', 'Chen', 'priya.chen235@example.com', '(272) 775-2339', 'Utica', '2025-06-23'),
    (236, 'Uma', 'Vasquez', 'uma.vasquez236@example.org', '(647) 280-7324', 'Warren', '2023-02-12'),
    (237, 'Bianca', 'Varga', 'bianca.varga237@example.net', '(555) 745-3399', 'Ypsilanti', '2024-01-06'),
    (238, 'Bodhi', 'Alvarez', 'bodhi.alvarez238@mail.example.com', '(501) 865-6551', 'Saginaw', '2025-02-22'),
    (239, 'Josefina', 'Haddad', 'josefina.haddad239@corp.example.com', '(890) 488-8667', 'Dayton', '2021-09-22'),
    (240, 'Bodhi', 'Eriksen', 'bodhi.eriksen240@shop.example.net', '(579) 427-9020', 'Dayton', '2025-08-09'),
    (241, 'Junie', 'Alvarez', 'junie.alvarez241@example.com', NULL, 'Cadillac', '2024-07-23'),
    (242, 'Camila', 'Zambrano', 'camila.zambrano242@example.org', '(477) 307-6483', 'Rochester', '2022-05-01'),
    (243, 'Simone', 'Castillo', 'simone.castillo243@example.net', '(360) 929-1632', 'Battle Creek', '2023-12-13'),
    (244, 'Leilani', 'Pardo', 'leilani.pardo244@mail.example.com', '(954) 261-1776', 'Flint', '2021-12-01'),
    (245, 'Leilani', 'Moreau', 'leilani.moreau245@corp.example.com', '(486) 850-3024', 'Evanston', '2024-06-29'),
    (246, 'Hanna', 'Gallo', 'hanna.gallo246@shop.example.net', '(268) 917-5592', 'Fort Wayne', '2024-05-27'),
    (247, 'Priya', 'Stroud', 'priya.stroud247@example.com', '(330) 820-3135', 'South Bend', '2024-06-23'),
    (248, 'Dario', 'Ueda', 'dario.ueda248@example.org', '(541) 701-1153', 'Jackson', '2025-03-04'),
    (249, 'Bodhi', 'Thorne', 'bodhi.thorne249@example.net', '(602) 910-7559', 'Oak Park', '2025-08-23'),
    (250, 'Kwame', 'Vasquez', 'kwame.vasquez250@mail.example.com', '(805) 265-2781', 'Dearborn', '2025-01-06'),
    (251, 'Kiara', 'Varga', 'kiara.varga251@corp.example.com', '(658) 259-5555', 'South Bend', '2025-02-27'),
    (252, 'Dalia', 'Haddad', 'dalia.haddad252@shop.example.net', '(524) 276-1713', 'Saginaw', '2022-05-08'),
    (253, 'Cameron', 'Yilmaz', 'cameron.yilmaz253@example.com', '(285) 334-6613', 'Lansing', '2022-09-18'),
    (254, 'Emeka', 'Whitfield', 'emeka.whitfield254@example.org', '(524) 717-4990', 'Holland', '2024-04-10'),
    (255, 'Greta', 'Kaur', 'greta.kaur255@example.net', '(905) 462-2141', 'Iron Mountain', '2021-04-26'),
    (256, 'Quentin', 'Yamada', 'quentin.yamada256@mail.example.com', '(889) 326-7817', 'Ypsilanti', '2024-05-01'),
    (257, 'Anton', 'Grimaldi', 'anton.grimaldi257@corp.example.com', '(804) 328-8895', 'Iron Mountain', '2025-06-24'),
    (258, 'Lucas', 'Thorne', 'lucas.thorne258@shop.example.net', '(465) 319-7510', 'Wausau', '2021-07-21'),
    (259, 'Imani', 'Ulrich', 'imani.ulrich259@example.com', '(483) 418-7040', 'Peoria', '2025-09-18'),
    (260, 'Dario', 'Alvarez', 'dario.alvarez260@example.org', '(366) 482-7498', 'Grand Rapids', '2025-09-02');

INSERT INTO `services` (`serviceId`, `serviceName`, `standardHours`, `flatRate`) VALUES
    (1, 'Drivetrain Clean', 5.85, 50.33),
    (2, 'Fork Service', 1.07, 332.31),
    (3, 'Wheel Rebuild', 1.55, 89.45),
    (4, 'Tubeless Setup', 4.31, 238.89),
    (5, 'Brake Bleed', 1.38, 336.97),
    (6, 'Wheel True', 5.38, 370.92),
    (7, 'Full Tune Up', 1.67, 336.29),
    (8, 'Chain Replacement', 4.57, 223.6),
    (9, 'Basic Tune Up', 0.47, 285.37),
    (10, 'Brake Pad Replacement', 2.09, 291.14),
    (11, 'Frame Alignment', 4.65, 212.44),
    (12, 'Cable Replacement', 3.95, 276.75);

INSERT INTO `parts` (`partId`, `partName`, `partNumber`, `category`, `unitCost`, `onHandQuantity`) VALUES
    (1, 'Backordered unit', 'EZC-28234', 'Tyres', 8.37, 3),
    (2, 'Priority lot', 'LYH-56601', 'Cockpit', 85.68, 29),
    (3, 'Renewal cycle', 'RGJ-67569', 'Suspension', 44.13, 62),
    (4, 'Limited ticket', 'JDX-11187', 'Frame', 248.2, 0),
    (5, 'Expedited bundle', 'CKU-14094', 'Drivetrain', 6.0, 1),
    (6, 'Limited case', 'WFQ-10238', 'Tyres', 4.02, 9),
    (7, 'Bulk ticket', 'RCL-53800', 'Braking', 8.23, 9),
    (8, 'Flagship bundle', 'HRF-66847', 'Drivetrain', 12.62, 41),
    (9, 'Custom listing', 'TYX-11856', 'Drivetrain', 480.0, 12),
    (10, 'Pilot run', 'PTC-51060', 'Drivetrain', 9.13, 22),
    (11, 'Returned case', 'QMY-22886', 'Drivetrain', 35.02, 124),
    (12, 'Seasonal package', 'CXU-10662', 'Accessories', 74.57, 0),
    (13, 'Pilot ticket', 'YWV-47344', 'Braking', 122.93, 56),
    (14, 'Clearance lot', 'VLK-47224', 'Wheels', 136.94, 62),
    (15, 'Flagship listing', 'SKK-17015', 'Wheels', 68.95, 6),
    (16, 'Returned package', 'LTF-43561', 'Wheels', 54.37, 7),
    (17, 'Backordered package', 'RGS-60848', 'Drivetrain', 22.85, 48),
    (18, 'Regional package', 'ETR-02525', 'Frame', 50.7, 39),
    (19, 'Featured run', 'WAE-88329', 'Drivetrain', 62.35, 18),
    (20, 'Wholesale run', 'QWF-42470', 'Drivetrain', 190.54, 1),
    (21, 'Limited run', 'YSU-25009', 'Frame', 74.61, 14),
    (22, 'Clearance record', 'WUY-89909', 'Frame', 66.47, 1),
    (23, 'Wholesale request', 'TBA-05254', 'Drivetrain', 30.36, 0),
    (24, 'Flagship lot', 'QAN-04416', 'Suspension', 21.55, 78),
    (25, 'Returned bundle', 'HLZ-65875', 'Suspension', 104.45, 6),
    (26, 'Wholesale shipment', 'HYC-60933', 'Braking', 11.78, 1),
    (27, 'Pilot unit', 'PDP-07753', 'Drivetrain', 76.87, 17),
    (28, 'Limited package', 'TGJ-05469', 'Braking', 7.22, 109),
    (29, 'Custom case', 'YEJ-20225', 'Wheels', 70.68, 20),
    (30, 'Legacy unit', 'DXM-02883', 'Frame', 43.33, 8),
    (31, 'Limited cycle', 'XCQ-47593', 'Cockpit', 340.87, 9),
    (32, 'Returned order', 'UBH-21057', 'Tyres', 14.29, 47),
    (33, 'Returned bundle', 'EJW-25306', 'Drivetrain', 28.5, 50),
    (34, 'Featured ticket', 'UJH-74521', 'Suspension', 4.22, 240),
    (35, 'Custom cycle', 'PMR-50420', 'Accessories', 40.56, 18),
    (36, 'Expedited record', 'FWN-72521', 'Drivetrain', 3.93, 29),
    (37, 'Bulk shipment', 'LCH-86988', 'Cockpit', 24.97, 2),
    (38, 'Priority bundle', 'XXU-09720', 'Braking', 79.47, 4),
    (39, 'Bulk batch', 'NDE-73703', 'Accessories', 20.31, 15),
    (40, 'Standard ticket', 'XQX-12790', 'Braking', 89.47, 10),
    (41, 'Backordered order', 'RWV-59418', 'Suspension', 71.32, 5),
    (42, 'Flagship bundle', 'NMA-99107', 'Braking', 44.23, 4),
    (43, 'Regional request', 'BAF-34119', 'Drivetrain', 101.72, 65),
    (44, 'Expedited request', 'FMJ-52044', 'Drivetrain', 100.13, 80),
    (45, 'Priority cycle', 'QQE-96415', 'Drivetrain', 49.48, 13),
    (46, 'Expedited case', 'RSU-65896', 'Suspension', 480.0, 31),
    (47, 'Clearance run', 'PAM-55625', 'Suspension', 6.64, 1),
    (48, 'Legacy ticket', 'WHM-62727', 'Drivetrain', 38.03, 97),
    (49, 'Pilot record', 'YSH-60038', 'Braking', 96.42, 0),
    (50, 'Bulk listing', 'KLP-91559', 'Drivetrain', 50.63, 9),
    (51, 'Seasonal package', 'PUC-17753', 'Wheels', 480.0, 226),
    (52, 'Flagship case', 'FMC-46684', 'Frame', 53.83, 1),
    (53, 'Wholesale batch', 'DLN-45316', 'Suspension', 47.84, 5),
    (54, 'Limited listing', 'WNU-05333', 'Drivetrain', 22.43, 2),
    (55, 'Renewal ticket', 'DZT-64999', 'Wheels', 167.95, 240),
    (56, 'Wholesale case', 'KWA-89973', 'Braking', 107.24, 22),
    (57, 'Clearance request', 'LZE-12751', 'Suspension', 119.79, 20),
    (58, 'Expedited ticket', 'WFM-39806', 'Accessories', 11.11, 8),
    (59, 'Custom bundle', 'WKN-92513', 'Accessories', 35.73, 4),
    (60, 'Flagship cycle', 'QDU-36541', 'Drivetrain', 18.56, 33),
    (61, 'Bulk unit', 'GVE-20847', 'Braking', 27.86, 22),
    (62, 'Standard package', 'ALL-91422', 'Cockpit', 88.56, 2),
    (63, 'Refurbished cycle', 'KZX-41627', 'Accessories', 24.17, 0),
    (64, 'Expedited run', 'UYB-76713', 'Frame', 7.08, 1),
    (65, 'Pilot bundle', 'ZCC-71212', 'Drivetrain', 13.21, 19),
    (66, 'Standard listing', 'WLS-20886', 'Wheels', 105.98, 61),
    (67, 'Flagship run', 'SJS-96463', 'Wheels', 480.0, 1),
    (68, 'Renewal request', 'MDV-84876', 'Drivetrain', 7.0, 2),
    (69, 'Bulk request', 'QZQ-25476', 'Cockpit', 4.37, 11),
    (70, 'Backordered unit', 'CLS-08441', 'Braking', 11.03, 29),
    (71, 'Returned ticket', 'AJV-61622', 'Wheels', 2.51, 17),
    (72, 'Renewal record', 'BTJ-44120', 'Drivetrain', 61.1, 30),
    (73, 'Wholesale unit', 'FKL-37148', 'Cockpit', 4.91, 29),
    (74, 'Standard cycle', 'HXB-21402', 'Drivetrain', 4.06, 1),
    (75, 'Backordered case', 'VBK-00395', 'Drivetrain', 6.98, 24),
    (76, 'Backordered ticket', 'UNY-26024', 'Drivetrain', 9.3, 27),
    (77, 'Standard case', 'HWB-62128', 'Braking', 240.49, 20),
    (78, 'Custom cycle', 'FHN-49622', 'Braking', 23.93, 7),
    (79, 'Returned case', 'FMZ-32086', 'Cockpit', 7.93, 9),
    (80, 'Seasonal cycle', 'XBP-11431', 'Tyres', 10.79, 94),
    (81, 'Pilot batch', 'YFK-24583', 'Accessories', 30.98, 15),
    (82, 'Custom cycle', 'ELQ-25983', 'Tyres', 107.25, 13),
    (83, 'Expedited shipment', 'VSS-25239', 'Braking', 61.18, 4),
    (84, 'Renewal package', 'XLN-52376', 'Frame', 104.29, 14),
    (85, 'Bulk ticket', 'VYJ-94607', 'Drivetrain', 189.73, 22),
    (86, 'Seasonal order', 'RMW-54561', 'Suspension', 41.3, 9),
    (87, 'Standard bundle', 'KKZ-78798', 'Wheels', 20.74, 3),
    (88, 'Clearance lot', 'DAK-74916', 'Frame', 42.49, 3),
    (89, 'Returned run', 'QCL-13096', 'Tyres', 116.66, 14),
    (90, 'Bulk unit', 'NYU-31539', 'Wheels', 81.03, 8),
    (91, 'Bulk lot', 'ZUF-28557', 'Cockpit', 3.83, 50),
    (92, 'Featured lot', 'GQH-01527', 'Suspension', 165.34, 10),
    (93, 'Returned run', 'YBB-19524', 'Drivetrain', 68.88, 15),
    (94, 'Seasonal order', 'BZN-11403', 'Cockpit', 2.66, 2),
    (95, 'Limited run', 'LPY-72174', 'Drivetrain', 49.9, 10),
    (96, 'Priority cycle', 'VXY-22977', 'Drivetrain', 7.5, 8),
    (97, 'Refurbished order', 'HWK-42849', 'Braking', 100.66, 4),
    (98, 'Backordered bundle', 'DBE-94783', 'Accessories', 12.05, 164),
    (99, 'Refurbished lot', 'NHW-75131', 'Tyres', 5.65, 6),
    (100, 'Returned record', 'XXQ-62497', 'Drivetrain', 128.29, 57),
    (101, 'Legacy case', 'LAT-54996', 'Braking', 21.89, 24),
    (102, 'Custom request', 'YCC-35386', 'Cockpit', 37.44, 9),
    (103, 'Refurbished lot', 'XMV-57939', 'Drivetrain', 264.1, 220),
    (104, 'Priority run', 'XGB-39668', 'Tyres', 191.19, 5),
    (105, 'Limited request', 'QJS-12390', 'Braking', 87.59, 8),
    (106, 'Bulk shipment', 'VWF-06290', 'Drivetrain', 3.37, 15),
    (107, 'Regional ticket', 'ZMC-84819', 'Drivetrain', 23.08, 11),
    (108, 'Expedited ticket', 'GNH-56156', 'Wheels', 218.7, 3),
    (109, 'Backordered order', 'ECE-86323', 'Frame', 37.34, 11),
    (110, 'Clearance ticket', 'MQH-92739', 'Wheels', 20.54, 6),
    (111, 'Seasonal cycle', 'VHY-25147', 'Wheels', 17.9, 38),
    (112, 'Expedited run', 'EHP-87620', 'Tyres', 51.38, 214),
    (113, 'Legacy lot', 'RUE-48859', 'Frame', 35.93, 4),
    (114, 'Seasonal unit', 'KYJ-25533', 'Drivetrain', 6.83, 23),
    (115, 'Pilot run', 'ZFP-77419', 'Drivetrain', 54.57, 14),
    (116, 'Pilot lot', 'ETU-00649', 'Frame', 2.76, 76),
    (117, 'Regional ticket', 'KBC-80456', 'Tyres', 35.0, 219),
    (118, 'Priority order', 'ZPJ-13206', 'Suspension', 98.24, 32),
    (119, 'Renewal record', 'HZE-47237', 'Braking', 16.33, 23),
    (120, 'Priority listing', 'HCV-33380', 'Wheels', 4.16, 14),
    (121, 'Priority unit', 'CLN-82034', 'Cockpit', 20.85, 204),
    (122, 'Returned listing', 'MFW-92029', 'Braking', 6.46, 10),
    (123, 'Legacy case', 'AAV-48906', 'Drivetrain', 5.98, 15),
    (124, 'Regional batch', 'DKG-51531', 'Braking', 2.9, 56),
    (125, 'Wholesale lot', 'DRX-17310', 'Drivetrain', 10.35, 1),
    (126, 'Featured record', 'NQY-72356', 'Tyres', 7.73, 28),
    (127, 'Wholesale case', 'LMY-78496', 'Tyres', 5.18, 16),
    (128, 'Limited order', 'FHP-05036', 'Tyres', 14.51, 15),
    (129, 'Legacy ticket', 'SKV-51896', 'Braking', 34.37, 2),
    (130, 'Priority record', 'RUD-91674', 'Tyres', 10.16, 26),
    (131, 'Legacy cycle', 'HBQ-12102', 'Drivetrain', 12.66, 67),
    (132, 'Priority case', 'ZSJ-00085', 'Cockpit', 3.47, 5),
    (133, 'Legacy batch', 'QQS-94327', 'Frame', 43.83, 2),
    (134, 'Featured unit', 'GRT-31776', 'Braking', 18.57, 8),
    (135, 'Standard shipment', 'BUD-81095', 'Tyres', 195.93, 10),
    (136, 'Standard ticket', 'UNG-81834', 'Frame', 205.14, 2),
    (137, 'Seasonal record', 'AMG-91357', 'Suspension', 104.62, 10),
    (138, 'Clearance ticket', 'TEJ-87792', 'Wheels', 27.23, 23),
    (139, 'Wholesale listing', 'DSJ-47564', 'Drivetrain', 44.04, 17),
    (140, 'Flagship cycle', 'TAR-13053', 'Drivetrain', 10.79, 35),
    (141, 'Standard lot', 'ZQS-19302', 'Drivetrain', 116.06, 3),
    (142, 'Custom cycle', 'NRQ-51963', 'Frame', 45.52, 2),
    (143, 'Standard record', 'VGB-78929', 'Suspension', 4.34, 90),
    (144, 'Standard cycle', 'VHR-46436', 'Braking', 480.0, 1),
    (145, 'Seasonal request', 'ZLN-02295', 'Drivetrain', 77.98, 4),
    (146, 'Pilot request', 'YMH-00470', 'Wheels', 7.63, 6),
    (147, 'Clearance request', 'SKZ-77190', 'Wheels', 2.89, 19),
    (148, 'Priority ticket', 'VJT-55088', 'Drivetrain', 205.77, 9),
    (149, 'Refurbished cycle', 'RST-19596', 'Wheels', 62.89, 86),
    (150, 'Seasonal listing', 'VTQ-93563', 'Drivetrain', 10.73, 3),
    (151, 'Standard case', 'LDZ-11054', 'Frame', 10.1, 36),
    (152, 'Backordered bundle', 'YNN-36493', 'Drivetrain', 149.78, 41),
    (153, 'Flagship shipment', 'XPN-39345', 'Drivetrain', 9.97, 9),
    (154, 'Legacy listing', 'VBA-97288', 'Braking', 14.69, 32),
    (155, 'Clearance bundle', 'XQP-89256', 'Braking', 16.21, 5),
    (156, 'Returned order', 'XJP-60726', 'Wheels', 51.33, 78),
    (157, 'Priority lot', 'WPX-97534', 'Tyres', 14.71, 17),
    (158, 'Refurbished bundle', 'XQW-89863', 'Cockpit', 102.51, 34),
    (159, 'Flagship run', 'GVQ-61684', 'Suspension', 11.72, 30),
    (160, 'Wholesale listing', 'NNK-79255', 'Braking', 84.78, 4),
    (161, 'Flagship ticket', 'PEU-37086', 'Braking', 10.73, 66),
    (162, 'Bulk shipment', 'GCV-35938', 'Accessories', 2.8, 6),
    (163, 'Seasonal cycle', 'LKD-98317', 'Braking', 23.25, 35),
    (164, 'Flagship case', 'QDS-18230', 'Drivetrain', 43.42, 240),
    (165, 'Flagship ticket', 'QPG-29495', 'Braking', 20.62, 240),
    (166, 'Renewal record', 'LPA-21748', 'Drivetrain', 22.88, 4),
    (167, 'Legacy package', 'HDM-37821', 'Braking', 17.24, 2),
    (168, 'Backordered cycle', 'RFZ-56133', 'Braking', 50.81, 5),
    (169, 'Standard package', 'GBR-72468', 'Braking', 427.45, 3),
    (170, 'Returned unit', 'PGZ-03683', 'Drivetrain', 111.79, 9),
    (171, 'Legacy cycle', 'ZCA-88151', 'Wheels', 11.47, 4),
    (172, 'Seasonal shipment', 'SHN-86461', 'Drivetrain', 27.57, 22),
    (173, 'Legacy unit', 'JEY-70787', 'Wheels', 15.38, 240),
    (174, 'Renewal request', 'NFN-51550', 'Drivetrain', 475.58, 0),
    (175, 'Wholesale package', 'DPW-28407', 'Braking', 127.64, 6),
    (176, 'Flagship order', 'USY-48079', 'Cockpit', 87.19, 87),
    (177, 'Limited case', 'CSZ-66531', 'Tyres', 36.49, 4),
    (178, 'Standard cycle', 'SJZ-80313', 'Braking', 109.47, 8),
    (179, 'Clearance record', 'YNL-93438', 'Tyres', 392.78, 8),
    (180, 'Renewal cycle', 'PZW-05301', 'Wheels', 8.54, 7),
    (181, 'Priority package', 'ZLE-50435', 'Wheels', 5.1, 40),
    (182, 'Standard batch', 'EFP-01773', 'Drivetrain', 54.51, 65),
    (183, 'Wholesale run', 'PXM-37615', 'Drivetrain', 29.99, 83),
    (184, 'Bulk order', 'PPF-77460', 'Tyres', 74.51, 8),
    (185, 'Custom listing', 'TJP-00055', 'Drivetrain', 20.82, 6),
    (186, 'Featured bundle', 'DCX-29165', 'Drivetrain', 480.0, 1),
    (187, 'Flagship batch', 'KNA-06097', 'Cockpit', 212.55, 37),
    (188, 'Bulk package', 'NAZ-55045', 'Cockpit', 13.67, 23),
    (189, 'Featured record', 'YXG-89156', 'Suspension', 115.41, 29),
    (190, 'Legacy cycle', 'BKK-13690', 'Suspension', 46.47, 3),
    (191, 'Pilot case', 'EXX-78068', 'Suspension', 54.17, 41),
    (192, 'Bulk batch', 'EQV-04997', 'Drivetrain', 35.77, 28),
    (193, 'Featured lot', 'AET-45388', 'Drivetrain', 54.51, 21),
    (194, 'Priority record', 'MSY-54415', 'Braking', 136.01, 9),
    (195, 'Backordered cycle', 'DLJ-47252', 'Wheels', 9.43, 15),
    (196, 'Refurbished request', 'VGN-12449', 'Suspension', 53.31, 7),
    (197, 'Regional cycle', 'ZEX-93871', 'Drivetrain', 6.48, 240),
    (198, 'Clearance record', 'ELH-61762', 'Drivetrain', 128.6, 20),
    (199, 'Priority batch', 'RZN-17964', 'Braking', 29.01, 32),
    (200, 'Seasonal cycle', 'FGG-45109', 'Braking', 30.12, 43);

INSERT INTO `parts` (`partId`, `partName`, `partNumber`, `category`, `unitCost`, `onHandQuantity`) VALUES
    (201, 'Featured run', 'EBW-14920', 'Accessories', 17.7, 7),
    (202, 'Limited package', 'GMV-77672', 'Drivetrain', 49.68, 20),
    (203, 'Bulk run', 'ZJU-85269', 'Tyres', 43.1, 56),
    (204, 'Custom unit', 'VMV-36975', 'Cockpit', 3.95, 25),
    (205, 'Regional shipment', 'DGK-78825', 'Drivetrain', 47.99, 19),
    (206, 'Returned order', 'BGP-24992', 'Drivetrain', 18.73, 73),
    (207, 'Wholesale unit', 'JTX-35820', 'Braking', 14.16, 240),
    (208, 'Standard listing', 'CUS-02077', 'Drivetrain', 16.34, 5),
    (209, 'Priority run', 'FQM-75032', 'Braking', 19.05, 198),
    (210, 'Featured cycle', 'MAZ-28168', 'Cockpit', 11.15, 17),
    (211, 'Pilot ticket', 'FZW-54323', 'Accessories', 6.63, 8),
    (212, 'Backordered ticket', 'DKS-56953', 'Frame', 69.1, 119),
    (213, 'Standard package', 'VMX-81538', 'Braking', 58.45, 36),
    (214, 'Wholesale shipment', 'HNP-27305', 'Cockpit', 40.83, 2),
    (215, 'Pilot package', 'HAP-29620', 'Suspension', 92.54, 14),
    (216, 'Featured case', 'ZWX-85005', 'Braking', 81.59, 21),
    (217, 'Renewal record', 'HAT-78225', 'Drivetrain', 17.32, 6),
    (218, 'Featured ticket', 'KPT-05155', 'Drivetrain', 64.78, 6),
    (219, 'Wholesale listing', 'WJK-03420', 'Braking', 48.82, 5),
    (220, 'Wholesale package', 'SUX-01554', 'Braking', 79.49, 106),
    (221, 'Wholesale record', 'XGB-84357', 'Frame', 4.68, 26),
    (222, 'Clearance case', 'JQP-06067', 'Braking', 49.04, 1),
    (223, 'Seasonal unit', 'ZXU-29864', 'Tyres', 7.97, 34),
    (224, 'Legacy cycle', 'HZR-43941', 'Braking', 480.0, 13),
    (225, 'Refurbished order', 'EDQ-45923', 'Frame', 148.9, 1),
    (226, 'Renewal run', 'FFH-26340', 'Braking', 42.87, 0),
    (227, 'Returned run', 'JVB-34879', 'Drivetrain', 52.82, 15),
    (228, 'Standard unit', 'ZVM-53046', 'Suspension', 30.52, 26),
    (229, 'Limited lot', 'ZYK-57901', 'Tyres', 277.82, 63),
    (230, 'Custom shipment', 'PCY-48635', 'Drivetrain', 12.09, 23),
    (231, 'Expedited case', 'NFL-07709', 'Wheels', 43.64, 9),
    (232, 'Regional bundle', 'NNG-77736', 'Drivetrain', 26.83, 20),
    (233, 'Flagship package', 'GLP-53230', 'Drivetrain', 4.66, 87),
    (234, 'Backordered run', 'VGN-67856', 'Tyres', 64.53, 51),
    (235, 'Refurbished lot', 'GYE-16714', 'Drivetrain', 6.59, 17),
    (236, 'Seasonal batch', 'AZV-59569', 'Braking', 14.66, 19),
    (237, 'Featured request', 'CQV-32098', 'Drivetrain', 17.36, 2),
    (238, 'Bulk package', 'UUN-39376', 'Drivetrain', 38.79, 7),
    (239, 'Expedited record', 'HAD-15652', 'Braking', 26.34, 0),
    (240, 'Returned order', 'ZAK-02648', 'Drivetrain', 480.0, 3),
    (241, 'Bulk package', 'CBR-10271', 'Suspension', 160.24, 1),
    (242, 'Featured package', 'AGS-13281', 'Wheels', 82.69, 240),
    (243, 'Backordered request', 'MNW-06921', 'Frame', 92.06, 38),
    (244, 'Expedited request', 'AAP-43519', 'Frame', 15.99, 87),
    (245, 'Returned listing', 'GZK-56588', 'Drivetrain', 43.22, 13),
    (246, 'Limited request', 'MLM-39073', 'Wheels', 9.85, 33),
    (247, 'Seasonal request', 'JHT-71693', 'Accessories', 47.96, 9),
    (248, 'Seasonal order', 'LVQ-17815', 'Drivetrain', 33.17, 9),
    (249, 'Flagship run', 'MSM-87365', 'Drivetrain', 22.59, 240),
    (250, 'Bulk shipment', 'YTE-81518', 'Braking', 12.04, 6),
    (251, 'Expedited listing', 'MCL-83787', 'Cockpit', 15.43, 240),
    (252, 'Returned package', 'KVY-20644', 'Drivetrain', 4.57, 3),
    (253, 'Backordered lot', 'FGU-02582', 'Cockpit', 480.0, 7),
    (254, 'Backordered shipment', 'QNN-73773', 'Frame', 11.38, 55),
    (255, 'Regional listing', 'ZWR-47434', 'Braking', 79.32, 15),
    (256, 'Priority record', 'SSE-63158', 'Braking', 61.99, 0),
    (257, 'Standard ticket', 'YCA-72578', 'Wheels', 86.47, 33),
    (258, 'Regional listing', 'EJB-99200', 'Braking', 480.0, 6),
    (259, 'Featured run', 'EKA-74003', 'Suspension', 39.82, 27),
    (260, 'Wholesale ticket', 'HUP-72101', 'Braking', 54.72, 25);

INSERT INTO `employees` (`employeeId`, `firstName`, `lastName`, `storeId`, `role`, `hireDate`, `hourlyRate`) VALUES
    (1, 'Gustav', 'Bhatt', 8, 'Sales Associate', '2025-03-13', 32.27),
    (2, 'Dario', 'Moreau', 5, 'Service Manager', '2020-10-10', 31.16),
    (3, 'Josefina', 'Ortega', 9, 'Service Manager', '2020-12-23', 30.68),
    (4, 'Zane', 'Abara', 6, 'Sales Associate', '2016-09-17', 31.04),
    (5, 'Qadira', 'Eriksen', 7, 'Technician', '2023-05-22', 25.96),
    (6, 'Leilani', 'Zambrano', 2, 'Technician', '2025-04-09', 34.07),
    (7, 'Ines', 'Ortega', 5, 'Service Manager', '2023-11-10', 30.08),
    (8, 'Soren', 'Petrov', 1, 'Sales Associate', '2024-08-17', 30.72),
    (9, 'Amara', 'Yilmaz', 9, 'Technician', '2021-03-16', 29.93),
    (10, 'Cameron', 'Okafor', 10, 'Technician', '2022-08-15', 34.25),
    (11, 'Oona', 'Xiong', 6, 'Sales Associate', '2021-02-04', 26.85),
    (12, 'Bodhi', 'Ishikawa', 2, 'Service Manager', '2017-01-29', 27.88),
    (13, 'Bodhi', 'Kowalski', 10, 'Technician', '2020-08-15', 25.85),
    (14, 'Quentin', 'Mbeki', 11, 'Sales Associate', '2024-05-11', 26.02),
    (15, 'Farrah', 'Abara', 10, 'Sales Associate', '2015-09-18', 26.94),
    (16, 'Nikolai', 'Chen', 2, 'Store Manager', '2022-09-15', 25.28),
    (17, 'Greta', 'Abara', 10, 'Service Manager', '2017-10-12', 31.36),
    (18, 'Quentin', 'Kowalski', 3, 'Service Manager', '2021-06-18', 32.86),
    (19, 'Oona', 'Pardo', 3, 'Technician', '2015-02-20', 33.57),
    (20, 'Josefina', 'Weaver', 11, 'Store Manager', '2018-06-26', 31.02),
    (21, 'Zane', 'Grimaldi', 5, 'Sales Associate', '2018-02-20', 25.99),
    (22, 'Amara', 'Rasmussen', 2, 'Technician', '2023-06-22', 38.74),
    (23, 'Viktor', 'Lindqvist', 6, 'Technician', '2021-03-31', 24.61),
    (24, 'Camila', 'Castillo', 4, 'Technician', '2015-04-17', 33.0),
    (25, 'Felix', 'Ferraro', 6, 'Technician', '2021-02-13', 28.0),
    (26, 'Farrah', 'Lindqvist', 1, 'Service Manager', '2020-06-26', 26.27),
    (27, 'Uma', 'Mbeki', 8, 'Technician', '2018-10-18', 26.88),
    (28, 'Bodhi', 'Quinones', 4, 'Sales Associate', '2021-07-20', 25.62),
    (29, 'Cameron', 'Whitfield', 2, 'Sales Associate', '2017-04-08', 27.84),
    (30, 'Ines', 'Thorne', 7, 'Sales Associate', '2017-03-14', 37.05),
    (31, 'Wren', 'Hollande', 6, 'Service Manager', '2015-01-01', 30.74),
    (32, 'Soren', 'Zambrano', 8, 'Technician', '2022-10-22', 26.42),
    (33, 'Ines', 'Grimaldi', 11, 'Store Manager', '2020-02-28', 32.46),
    (34, 'Viktor', 'Silva', 6, 'Service Manager', '2024-06-11', 29.78),
    (35, 'Elena', 'Ortega', 10, 'Technician', '2022-03-06', 36.2),
    (36, 'Idris', 'Thorne', 8, 'Technician', '2022-07-21', 29.05),
    (37, 'Ines', 'Haddad', 12, 'Sales Associate', '2019-07-09', 22.97),
    (38, 'Vera', 'Jokinen', 9, 'Service Manager', '2025-01-14', 27.31),
    (39, 'Amara', 'Novak', 10, 'Service Manager', '2020-05-11', 31.52),
    (40, 'Maya', 'Mbeki', 10, 'Store Manager', '2022-01-23', 34.75),
    (41, 'Tobias', 'Whitfield', 12, 'Technician', '2015-12-18', 33.34),
    (42, 'Omar', 'Ulrich', 6, 'Sales Associate', '2018-08-08', 29.33),
    (43, 'Bianca', 'Egwu', 9, 'Service Manager', '2022-12-12', 28.35),
    (44, 'Junie', 'Delacroix', 2, 'Technician', '2021-03-02', 26.5),
    (45, 'Rosa', 'Ferraro', 7, 'Service Manager', '2024-03-31', 24.8),
    (46, 'Kiara', 'Rivas', 12, 'Technician', '2017-07-24', 28.93),
    (47, 'Quentin', 'Kaur', 6, 'Service Manager', '2020-02-16', 28.1),
    (48, 'Gideon', 'Hollande', 9, 'Technician', '2016-10-17', 28.56),
    (49, 'Dario', 'Rasmussen', 11, 'Sales Associate', '2024-02-03', 33.03),
    (50, 'Ulises', 'Tanaka', 10, 'Service Manager', '2024-10-31', 32.69),
    (51, 'Quentin', 'Delacroix', 2, 'Service Manager', '2024-11-25', 27.43),
    (52, 'Simone', 'Chen', 8, 'Store Manager', '2015-12-18', 35.79),
    (53, 'Yusuf', 'Thorne', 11, 'Sales Associate', '2019-07-27', 32.58),
    (54, 'Gideon', 'Iqbal', 11, 'Technician', '2022-05-31', 31.6),
    (55, 'Rosa', 'Chen', 1, 'Store Manager', '2023-03-03', 39.31),
    (56, 'Maya', 'Kaur', 3, 'Service Manager', '2022-02-19', 27.01),
    (57, 'Elena', 'Whitfield', 7, 'Sales Associate', '2016-11-28', 21.28),
    (58, 'Dario', 'Yamada', 4, 'Technician', '2015-03-20', 28.8),
    (59, 'Anton', 'Ulrich', 4, 'Technician', '2024-05-25', 28.89),
    (60, 'Quentin', 'Hollande', 2, 'Store Manager', '2015-05-08', 35.53),
    (61, 'Mira', 'Vasquez', 9, 'Store Manager', '2021-09-28', 29.58),
    (62, 'Lars', 'Vasquez', 9, 'Store Manager', '2015-04-02', 29.51),
    (63, 'Gideon', 'Dvorak', 1, 'Service Manager', '2018-10-10', 24.13),
    (64, 'Wei', 'Haddad', 8, 'Technician', '2024-11-27', 31.42),
    (65, 'Qadira', 'Thorne', 10, 'Technician', '2017-08-20', 32.1),
    (66, 'Pablo', 'Quinones', 9, 'Sales Associate', '2024-05-21', 30.35),
    (67, 'Mira', 'Quinones', 10, 'Store Manager', '2019-01-28', 33.85),
    (68, 'Ezra', 'Eriksen', 10, 'Technician', '2020-11-23', 28.21),
    (69, 'Viktor', 'Haddad', 3, 'Technician', '2024-12-24', 31.86),
    (70, 'Avery', 'Haddad', 5, 'Sales Associate', '2016-07-18', 34.36),
    (71, 'Josefina', 'Novak', 7, 'Technician', '2018-09-11', 28.7),
    (72, 'Qadira', 'Kaur', 12, 'Sales Associate', '2018-12-15', 27.47),
    (73, 'Kiara', 'Larsen', 12, 'Sales Associate', '2018-09-08', 35.95),
    (74, 'Mira', 'Hollande', 2, 'Technician', '2017-09-07', 26.0),
    (75, 'Mateo', 'Chen', 7, 'Technician', '2020-04-16', 26.81),
    (76, 'Dario', 'Ortega', 12, 'Technician', '2019-01-15', 27.11),
    (77, 'Lars', 'Dvorak', 11, 'Technician', '2022-03-25', 37.52),
    (78, 'Wren', 'Jokinen', 1, 'Technician', '2024-09-28', 27.57),
    (79, 'Lucas', 'Zieliński', 11, 'Technician', '2019-10-29', 27.0),
    (80, 'Simone', 'Eriksen', 8, 'Store Manager', '2017-10-06', 24.87),
    (81, 'Idris', 'Kaur', 2, 'Technician', '2021-10-14', 36.92),
    (82, 'Anton', 'Haddad', 2, 'Technician', '2025-01-29', 30.38),
    (83, 'Kenji', 'Ferraro', 2, 'Service Manager', '2017-04-21', 27.88),
    (84, 'Uma', 'Larsen', 1, 'Service Manager', '2019-07-10', 24.5),
    (85, 'Gustav', 'Quinones', 3, 'Sales Associate', '2019-05-23', 28.2),
    (86, 'Kwame', 'Haddad', 5, 'Technician', '2018-12-28', 26.36),
    (87, 'Imani', 'Alvarez', 4, 'Technician', '2024-06-10', 31.2),
    (88, 'Tobias', 'Egwu', 1, 'Technician', '2017-03-07', 28.9),
    (89, 'Dalia', 'Varga', 7, 'Sales Associate', '2020-02-18', 33.58),
    (90, 'Ulises', 'Dvorak', 10, 'Sales Associate', '2016-06-30', 35.78),
    (91, 'Nadia', 'Bhatt', 9, 'Sales Associate', '2019-02-19', 28.55),
    (92, 'Josefina', 'Zambrano', 11, 'Technician', '2019-01-03', 30.17),
    (93, 'Zofia', 'Ishikawa', 4, 'Sales Associate', '2021-09-27', 26.41),
    (94, 'Qadira', 'Ortega', 10, 'Sales Associate', '2020-05-02', 28.74),
    (95, 'Fiona', 'Egwu', 1, 'Technician', '2024-01-12', 25.55),
    (96, 'Camila', 'Delacroix', 7, 'Sales Associate', '2015-02-22', 35.74),
    (97, 'Greta', 'Kaur', 7, 'Sales Associate', '2024-01-03', 29.09),
    (98, 'Zofia', 'Xiong', 4, 'Technician', '2020-04-28', 28.14),
    (99, 'Nadia', 'Rivas', 5, 'Technician', '2022-01-03', 36.22),
    (100, 'Beatrix', 'Rivas', 2, 'Service Manager', '2020-09-29', 29.0),
    (101, 'Nadia', 'Vasquez', 7, 'Technician', '2025-01-05', 27.67),
    (102, 'Mira', 'Quinones', 9, 'Technician', '2018-06-25', 25.13),
    (103, 'Josefina', 'Kowalski', 10, 'Technician', '2016-04-25', 37.12),
    (104, 'Delphine', 'Stroud', 10, 'Store Manager', '2024-10-06', 28.96),
    (105, 'Lucas', 'Moreau', 9, 'Service Manager', '2020-01-22', 32.35),
    (106, 'Kwame', 'Delacroix', 7, 'Service Manager', '2021-07-28', 27.09),
    (107, 'Elena', 'Xiong', 8, 'Service Manager', '2017-12-19', 33.62),
    (108, 'Yusuf', 'Ulrich', 3, 'Technician', '2022-11-11', 26.11),
    (109, 'Kenji', 'Gallo', 5, 'Sales Associate', '2016-11-13', 29.16),
    (110, 'Greta', 'Thorne', 10, 'Technician', '2019-04-04', 29.43),
    (111, 'Avery', 'Fontaine', 2, 'Technician', '2022-03-04', 23.64),
    (112, 'Oona', 'Brennan', 6, 'Technician', '2019-04-24', 31.88),
    (113, 'Nadia', 'Lindqvist', 7, 'Service Manager', '2017-12-11', 36.71),
    (114, 'Gustav', 'Xiong', 4, 'Technician', '2021-07-18', 29.41),
    (115, 'Wei', 'Delacroix', 5, 'Technician', '2024-06-01', 29.86),
    (116, 'Greta', 'Hollande', 4, 'Technician', '2021-05-26', 27.05),
    (117, 'Ines', 'Yilmaz', 3, 'Technician', '2025-04-04', 26.17),
    (118, 'Uma', 'Kaur', 2, 'Technician', '2025-06-21', 30.9),
    (119, 'Hassan', 'Lindqvist', 6, 'Sales Associate', '2017-05-10', 32.72),
    (120, 'Bodhi', 'Moreau', 8, 'Store Manager', '2019-07-06', 22.61),
    (121, 'Yusuf', 'Ulrich', 4, 'Technician', '2022-03-22', 34.56),
    (122, 'Ulises', 'Okafor', 7, 'Sales Associate', '2021-06-27', 32.71),
    (123, 'Idris', 'Rivas', 4, 'Store Manager', '2015-01-22', 20.76),
    (124, 'Viktor', 'Ishikawa', 11, 'Technician', '2021-11-18', 36.77),
    (125, 'Gustav', 'Ueda', 4, 'Technician', '2020-04-25', 29.94),
    (126, 'Priya', 'Gallo', 2, 'Technician', '2016-04-20', 22.51),
    (127, 'Hanna', 'Ueda', 1, 'Technician', '2015-06-20', 33.38),
    (128, 'Gustav', 'Tanaka', 7, 'Service Manager', '2023-10-29', 25.84),
    (129, 'Emeka', 'Zambrano', 12, 'Service Manager', '2020-06-15', 25.49),
    (130, 'Wren', 'Kowalski', 12, 'Service Manager', '2019-08-08', 35.28),
    (131, 'Gideon', 'Weaver', 3, 'Service Manager', '2016-10-19', 33.58),
    (132, 'Nikolai', 'Castillo', 1, 'Technician', '2017-01-02', 31.88),
    (133, 'Vera', 'Ortega', 10, 'Technician', '2020-05-14', 27.82),
    (134, 'Wren', 'Grimaldi', 12, 'Technician', '2024-10-03', 37.78),
    (135, 'Idris', 'Rivas', 11, 'Sales Associate', '2020-10-05', 28.94),
    (136, 'Josefina', 'Stroud', 3, 'Technician', '2022-07-15', 21.12),
    (137, 'Beatrix', 'Gallo', 4, 'Sales Associate', '2022-08-05', 29.58),
    (138, 'Rosa', 'Delacroix', 4, 'Sales Associate', '2022-09-03', 26.51),
    (139, 'Elena', 'Okafor', 5, 'Store Manager', '2025-06-01', 35.37),
    (140, 'Delphine', 'Bhatt', 5, 'Technician', '2023-04-29', 25.75),
    (141, 'Fiona', 'Mbeki', 9, 'Sales Associate', '2017-06-23', 32.72),
    (142, 'Rosa', 'Brennan', 2, 'Sales Associate', '2021-10-22', 27.55),
    (143, 'Anton', 'Yilmaz', 1, 'Technician', '2024-02-02', 28.19),
    (144, 'Xiomara', 'Brennan', 1, 'Store Manager', '2021-08-14', 34.63),
    (145, 'Tessa', 'Tanaka', 11, 'Sales Associate', '2025-05-13', 26.47),
    (146, 'Kiara', 'Ortega', 4, 'Sales Associate', '2018-12-11', 17.0),
    (147, 'Hanna', 'Grimaldi', 7, 'Technician', '2019-06-03', 27.44),
    (148, 'Ezra', 'Zieliński', 5, 'Service Manager', '2016-04-22', 25.17),
    (149, 'Kiara', 'Ishikawa', 9, 'Technician', '2016-07-18', 35.99),
    (150, 'Elena', 'Eriksen', 9, 'Technician', '2020-12-18', 34.53),
    (151, 'Oona', 'Thorne', 9, 'Technician', '2017-10-12', 27.98),
    (152, 'Gustav', 'Yamada', 3, 'Service Manager', '2024-04-18', 25.84),
    (153, 'Qadira', 'Thorne', 8, 'Sales Associate', '2018-02-14', 35.99),
    (154, 'Ezra', 'Mbeki', 3, 'Technician', '2017-04-17', 21.31),
    (155, 'Felix', 'Abara', 1, 'Service Manager', '2022-08-09', 23.07),
    (156, 'Hanna', 'Eriksen', 11, 'Technician', '2021-06-09', 29.76),
    (157, 'Lars', 'Quinones', 8, 'Store Manager', '2019-12-18', 29.68),
    (158, 'Zane', 'Vasquez', 5, 'Store Manager', '2022-07-05', 25.06),
    (159, 'Maya', 'Yilmaz', 4, 'Technician', '2019-01-25', 31.06),
    (160, 'Farrah', 'Kaur', 6, 'Sales Associate', '2021-04-12', 33.48),
    (161, 'Lars', 'Stroud', 2, 'Technician', '2021-04-23', 29.5),
    (162, 'Simone', 'Whitfield', 11, 'Technician', '2016-01-09', 35.06),
    (163, 'Josefina', 'Brennan', 5, 'Sales Associate', '2022-02-02', 27.82),
    (164, 'Delphine', 'Varga', 11, 'Service Manager', '2015-12-19', 36.94),
    (165, 'Greta', 'Pardo', 5, 'Sales Associate', '2023-11-19', 38.08),
    (166, 'Hassan', 'Quinones', 6, 'Store Manager', '2019-11-22', 28.13),
    (167, 'Jonas', 'Zieliński', 9, 'Technician', '2018-11-28', 25.95),
    (168, 'Lucas', 'Rasmussen', 8, 'Service Manager', '2022-10-19', 21.1),
    (169, 'Dario', 'Eriksen', 10, 'Sales Associate', '2016-01-06', 34.84),
    (170, 'Greta', 'Lindqvist', 12, 'Service Manager', '2024-12-25', 21.66),
    (171, 'Nadia', 'Brennan', 8, 'Sales Associate', '2024-07-02', 33.96),
    (172, 'Maya', 'Yilmaz', 8, 'Sales Associate', '2015-07-25', 28.46),
    (173, 'Rashid', 'Thorne', 5, 'Sales Associate', '2021-09-22', 28.81),
    (174, 'Zane', 'Castillo', 11, 'Technician', '2015-09-30', 28.18),
    (175, 'Yusuf', 'Abara', 6, 'Sales Associate', '2023-07-10', 23.72),
    (176, 'Mateo', 'Pardo', 12, 'Store Manager', '2016-10-02', 31.2),
    (177, 'Maya', 'Alvarez', 10, 'Technician', '2025-04-22', 29.07),
    (178, 'Elena', 'Weaver', 7, 'Technician', '2018-02-13', 29.81),
    (179, 'Tobias', 'Hollande', 2, 'Technician', '2019-04-06', 36.08),
    (180, 'Mira', 'Ishikawa', 6, 'Service Manager', '2024-05-21', 21.08),
    (181, 'Yara', 'Bhatt', 3, 'Service Manager', '2018-09-01', 28.69),
    (182, 'Gustav', 'Moreau', 12, 'Sales Associate', '2021-01-30', 30.77),
    (183, 'Mira', 'Petrov', 12, 'Store Manager', '2020-12-28', 36.31),
    (184, 'Jonas', 'Mbeki', 7, 'Service Manager', '2019-01-30', 39.77),
    (185, 'Cameron', 'Novak', 6, 'Store Manager', '2017-05-22', 28.62),
    (186, 'Ines', 'Pardo', 3, 'Store Manager', '2022-08-10', 37.11),
    (187, 'Jonas', 'Haddad', 8, 'Sales Associate', '2024-11-18', 34.06),
    (188, 'Soren', 'Delacroix', 7, 'Technician', '2019-07-30', 21.23),
    (189, 'Vera', 'Novak', 4, 'Technician', '2024-05-27', 26.1),
    (190, 'Idris', 'Jokinen', 12, 'Technician', '2018-01-28', 33.7),
    (191, 'Halima', 'Grimaldi', 4, 'Sales Associate', '2025-01-26', 33.24),
    (192, 'Qadira', 'Rasmussen', 6, 'Sales Associate', '2017-12-28', 31.49),
    (193, 'Yara', 'Jensen', 2, 'Technician', '2018-07-30', 35.82),
    (194, 'Beatrix', 'Eriksen', 11, 'Service Manager', '2024-01-07', 31.07),
    (195, 'Fiona', 'Yilmaz', 9, 'Technician', '2024-07-04', 34.08),
    (196, 'Delphine', 'Yilmaz', 9, 'Sales Associate', '2020-04-28', 33.81),
    (197, 'Dalia', 'Kowalski', 7, 'Technician', '2022-04-06', 25.15),
    (198, 'Imani', 'Pardo', 10, 'Store Manager', '2016-06-21', 29.93),
    (199, 'Avery', 'Jokinen', 8, 'Service Manager', '2022-10-16', 25.8),
    (200, 'Jonas', 'Alvarez', 7, 'Service Manager', '2020-02-12', 28.4);

INSERT INTO `employees` (`employeeId`, `firstName`, `lastName`, `storeId`, `role`, `hireDate`, `hourlyRate`) VALUES
    (201, 'Mira', 'Lindqvist', 2, 'Technician', '2015-11-26', 26.27),
    (202, 'Ezra', 'Moreau', 11, 'Sales Associate', '2017-08-20', 27.43),
    (203, 'Greta', 'Mbeki', 2, 'Service Manager', '2023-02-25', 29.54),
    (204, 'Kiara', 'Nakamura', 3, 'Store Manager', '2024-04-23', 30.88),
    (205, 'Dario', 'Petrov', 10, 'Technician', '2018-07-13', 26.77),
    (206, 'Delphine', 'Abara', 5, 'Service Manager', '2018-05-27', 23.01),
    (207, 'Oona', 'Stroud', 11, 'Technician', '2018-02-08', 26.78),
    (208, 'Xiomara', 'Haddad', 5, 'Store Manager', '2017-07-15', 28.95),
    (209, 'Emeka', 'Okafor', 7, 'Technician', '2024-06-26', 34.44),
    (210, 'Anton', 'Zambrano', 4, 'Technician', '2018-12-21', 28.22),
    (211, 'Imani', 'Fontaine', 1, 'Store Manager', '2016-01-03', 24.26),
    (212, 'Tobias', 'Iqbal', 4, 'Technician', '2018-06-11', 32.17),
    (213, 'Dalia', 'Alvarez', 1, 'Sales Associate', '2019-03-06', 29.79),
    (214, 'Kwame', 'Hollande', 3, 'Service Manager', '2021-10-28', 29.51),
    (215, 'Wren', 'Pardo', 9, 'Technician', '2015-08-12', 28.41),
    (216, 'Gideon', 'Rasmussen', 12, 'Service Manager', '2017-05-06', 22.3),
    (217, 'Rashid', 'Nakamura', 4, 'Sales Associate', '2015-05-30', 25.8),
    (218, 'Amara', 'Ortega', 11, 'Service Manager', '2022-07-09', 28.44),
    (219, 'Vera', 'Whitfield', 8, 'Service Manager', '2020-01-15', 30.99),
    (220, 'Josefina', 'Pardo', 5, 'Store Manager', '2020-11-07', 28.05),
    (221, 'Nadia', 'Rasmussen', 2, 'Technician', '2023-12-10', 26.49),
    (222, 'Xiomara', 'Brennan', 6, 'Store Manager', '2017-01-29', 22.99),
    (223, 'Quentin', 'Rivas', 2, 'Technician', '2024-09-14', 32.68),
    (224, 'Viktor', 'Iqbal', 11, 'Technician', '2021-01-19', 29.65),
    (225, 'Maya', 'Zieliński', 1, 'Sales Associate', '2019-01-01', 35.29),
    (226, 'Soren', 'Chen', 8, 'Technician', '2016-04-15', 28.44),
    (227, 'Elena', 'Silva', 9, 'Sales Associate', '2022-12-27', 34.77),
    (228, 'Pablo', 'Okafor', 8, 'Technician', '2019-12-04', 22.56),
    (229, 'Oona', 'Whitfield', 1, 'Technician', '2019-08-29', 33.35),
    (230, 'Oona', 'Ortega', 6, 'Technician', '2023-05-07', 22.62),
    (231, 'Bodhi', 'Kaur', 7, 'Store Manager', '2021-04-02', 35.86),
    (232, 'Avery', 'Jensen', 1, 'Sales Associate', '2024-12-09', 23.8),
    (233, 'Gustav', 'Thorne', 2, 'Technician', '2022-03-27', 35.27),
    (234, 'Leilani', 'Weaver', 3, 'Technician', '2024-09-02', 28.84),
    (235, 'Gideon', 'Hollande', 3, 'Technician', '2015-10-28', 26.89),
    (236, 'Omar', 'Xiong', 6, 'Technician', '2025-05-01', 26.92),
    (237, 'Fiona', 'Quinones', 10, 'Technician', '2018-07-26', 31.2),
    (238, 'Omar', 'Chen', 7, 'Service Manager', '2023-05-14', 25.28),
    (239, 'Delphine', 'Zambrano', 11, 'Technician', '2023-07-01', 25.8),
    (240, 'Mateo', 'Nakamura', 11, 'Sales Associate', '2018-03-20', 30.85),
    (241, 'Yara', 'Abara', 4, 'Technician', '2021-09-04', 28.75),
    (242, 'Soren', 'Jensen', 4, 'Technician', '2019-10-29', 28.83),
    (243, 'Zane', 'Pardo', 2, 'Technician', '2022-03-27', 28.17),
    (244, 'Idris', 'Tanaka', 2, 'Service Manager', '2025-01-22', 22.85),
    (245, 'Kwame', 'Okafor', 8, 'Sales Associate', '2024-06-14', 32.42),
    (246, 'Rosa', 'Jokinen', 5, 'Technician', '2021-09-06', 22.8),
    (247, 'Quentin', 'Delacroix', 9, 'Technician', '2016-02-12', 35.57),
    (248, 'Cyrus', 'Eriksen', 11, 'Sales Associate', '2021-11-27', 27.61),
    (249, 'Ulises', 'Stroud', 3, 'Technician', '2019-06-21', 31.18),
    (250, 'Ulises', 'Ishikawa', 10, 'Technician', '2016-10-14', 28.85),
    (251, 'Xiomara', 'Hollande', 7, 'Store Manager', '2019-03-19', 23.94),
    (252, 'Kwame', 'Castillo', 9, 'Technician', '2023-04-18', 32.11),
    (253, 'Kwame', 'Jokinen', 4, 'Technician', '2022-02-02', 28.27),
    (254, 'Bodhi', 'Ulrich', 4, 'Service Manager', '2020-02-10', 27.27),
    (255, 'Ines', 'Abara', 12, 'Technician', '2015-10-04', 27.72),
    (256, 'Cyrus', 'Kowalski', 4, 'Sales Associate', '2021-07-05', 32.71),
    (257, 'Emeka', 'Delacroix', 10, 'Service Manager', '2015-03-29', 36.65),
    (258, 'Avery', 'Rivas', 8, 'Service Manager', '2024-12-16', 27.36),
    (259, 'Hassan', 'Brennan', 9, 'Service Manager', '2021-08-13', 26.89),
    (260, 'Jonas', 'Abara', 12, 'Sales Associate', '2019-03-19', 30.73);

INSERT INTO `bikes` (`bikeId`, `customerId`, `brand`, `model`, `bikeType`, `purchaseYear`, `purchasePrice`) VALUES
    (1, 94, 'Giant', 'RX-8455', 'Mountain', 2016, 498.53),
    (2, 19, 'Trek', 'WM-6332', 'Mountain', 2018, 1031.89),
    (3, 73, 'Specialized', 'UT-3926', 'Hybrid', 2015, 785.82),
    (4, 1, 'Trek', 'AN-3618', 'Mountain', 2025, 376.8),
    (5, 1, 'Specialized', 'WC-5556', 'Road', 2021, 660.29),
    (6, 32, 'Cannondale', 'UA-1042', 'Road', 2025, 602.56),
    (7, 9, 'Cannondale', 'TK-9218', 'Road', 2021, 773.23),
    (8, 4, 'Cannondale', 'GJ-5848', 'Road', 2016, 345.66),
    (9, 3, 'Trek', 'EH-5372', 'Kids', 2020, 1246.5),
    (10, 2, 'Trek', 'BY-1594', 'Road', 2018, 396.63),
    (11, 13, 'Specialized', 'DT-0886', 'Mountain', 2021, 849.54),
    (12, 21, 'Trek', 'AA-9799', 'Gravel', 2018, 1684.4),
    (13, 1, 'Trek', 'PZ-9503', 'Road', 2025, 394.58),
    (14, 18, 'Specialized', 'SL-7058', 'Mountain', 2017, 1366.69),
    (15, 15, 'Bianchi', 'GP-6477', 'Mountain', 2015, 358.39),
    (16, 3, 'Surly', 'QM-1677', 'Road', 2018, 323.17),
    (17, 31, 'Specialized', 'SS-9715', 'Hybrid', 2021, 1609.17),
    (18, 7, 'Bianchi', 'QC-3207', 'Road', 2019, 685.4),
    (19, 6, 'Specialized', 'SY-1208', 'Gravel', 2021, 525.21),
    (20, 176, 'Trek', 'GZ-6948', 'Mountain', 2019, 3071.35),
    (21, 38, 'Trek', 'KY-4225', 'Gravel', 2018, 865.08),
    (22, 1, 'Giant', 'TU-5958', 'Hybrid', 2012, 1069.44),
    (23, 132, 'Specialized', 'XF-8334', 'Mountain', 2022, 1222.59),
    (24, 7, 'Surly', 'VJ-5137', 'Mountain', 2013, 1110.68),
    (25, 67, 'Cannondale', 'SM-7728', 'Hybrid', 2012, 1567.18),
    (26, 78, 'Giant', 'XR-3890', 'Road', 2020, 362.07),
    (27, 1, 'Surly', 'DT-7557', 'Road', 2019, 2123.43),
    (28, 1, 'Trek', 'KX-9943', 'Hybrid', 2016, 1326.75),
    (29, 184, 'Cannondale', 'TR-9622', 'Road', 2023, 397.01),
    (30, 3, 'Giant', 'MY-5642', 'Hybrid', 2023, 406.24),
    (31, 14, 'Specialized', 'UV-7209', 'Mountain', 2023, 1826.83),
    (32, 3, 'Kona', 'HW-0954', 'Mountain', 2020, 5257.31),
    (33, 2, 'Trek', 'JT-6213', 'Gravel', 2024, 908.05),
    (34, 151, 'Surly', 'WW-9007', 'Road', 2024, 5837.18),
    (35, 154, 'Kona', 'RU-3468', 'Road', 2016, 577.95),
    (36, 36, 'Specialized', 'DM-1460', 'Road', 2019, 662.79),
    (37, 1, 'Cannondale', 'EL-0486', 'Hybrid', 2025, 6800.0),
    (38, 19, 'Cannondale', 'AP-6825', 'Hybrid', 2012, 323.75),
    (39, 44, 'Kona', 'MN-5071', 'Road', 2013, 1237.05),
    (40, 202, 'Cannondale', 'LX-5633', 'Road', 2013, 2154.16),
    (41, 3, 'Specialized', 'CG-7585', 'Mountain', 2013, 328.03),
    (42, 120, 'Salsa', 'MX-3223', 'Road', 2021, 542.28),
    (43, 25, 'Trek', 'PQ-3806', 'Kids', 2015, 3559.59),
    (44, 52, 'Cannondale', 'EX-0023', 'Mountain', 2019, 457.6),
    (45, 237, 'Trek', 'GL-7017', 'Mountain', 2014, 712.27),
    (46, 233, 'Cannondale', 'PQ-2942', 'Gravel', 2023, 357.59),
    (47, 36, 'Trek', 'BX-7820', 'Road', 2018, 745.68),
    (48, 4, 'Trek', 'VG-7296', 'Road', 2013, 370.32),
    (49, 11, 'Giant', 'VD-7128', 'Kids', 2024, 887.88),
    (50, 214, 'Bianchi', 'NR-1633', 'Mountain', 2018, 718.9),
    (51, 95, 'Cannondale', 'AH-5417', 'Road', 2019, 400.66),
    (52, 44, 'Specialized', 'KL-5263', 'Mountain', 2024, 633.72),
    (53, 7, 'Specialized', 'XU-2028', 'Road', 2023, 2060.71),
    (54, 14, 'Specialized', 'HH-6598', 'Gravel', 2020, 324.48),
    (55, 15, 'Specialized', 'JG-3731', 'Road', 2022, 614.04),
    (56, 98, 'Specialized', 'EG-3871', 'Mountain', 2024, 821.23),
    (57, 44, 'Specialized', 'LQ-1303', 'Hybrid', 2022, 420.26),
    (58, 6, 'Trek', 'NF-8177', 'Kids', 2021, 954.01),
    (59, 164, 'Specialized', 'JS-9988', 'Kids', 2023, 716.45),
    (60, 39, 'Specialized', 'DA-2702', 'Hybrid', 2019, 1694.67),
    (61, 1, 'Giant', 'CM-4911', 'Hybrid', 2018, 4570.55),
    (62, 32, 'Specialized', 'AT-9047', 'Road', 2014, 1083.7),
    (63, 236, 'Trek', 'AQ-1977', 'Commuter', 2022, 6800.0),
    (64, 22, 'Specialized', 'HB-3693', 'Mountain', 2012, 418.78),
    (65, 17, 'Cannondale', 'WS-4539', 'Road', 2017, 684.55),
    (66, 44, 'Giant', 'CA-4320', 'Hybrid', 2025, 1505.09),
    (67, 57, 'Salsa', 'BJ-5367', 'Gravel', 2021, 1433.1),
    (68, 19, 'Bianchi', 'QH-4611', 'Hybrid', 2019, 988.31),
    (69, 61, 'Cannondale', 'GD-2327', 'Kids', 2013, 2629.65),
    (70, 160, 'Bianchi', 'AF-7506', 'Road', 2013, 2022.48),
    (71, 79, 'Giant', 'NL-2282', 'Hybrid', 2024, 1094.47),
    (72, 16, 'Salsa', 'EF-3478', 'Hybrid', 2012, 6800.0),
    (73, 6, 'Giant', 'CD-0794', 'Road', 2021, 373.02),
    (74, 2, 'Surly', 'BW-6045', 'Gravel', 2018, 6546.99),
    (75, 18, 'Surly', 'RV-3844', 'Road', 2017, 885.63),
    (76, 231, 'Trek', 'TP-0983', 'Mountain', 2012, 815.3),
    (77, 229, 'Specialized', 'GV-9258', 'Road', 2013, 808.8),
    (78, 217, 'Cannondale', 'SU-0130', 'Road', 2021, 1324.63),
    (79, 149, 'Cannondale', 'DF-1835', 'Hybrid', 2019, 485.63),
    (80, 2, 'Salsa', 'KR-0934', 'Road', 2024, 374.7),
    (81, 25, 'Specialized', 'YD-3640', 'Hybrid', 2025, 479.36),
    (82, 7, 'Cannondale', 'HG-1055', 'Mountain', 2019, 433.88),
    (83, 57, 'Bianchi', 'GQ-2772', 'Road', 2014, 427.66),
    (84, 179, 'Specialized', 'FE-6544', 'Mountain', 2023, 388.1),
    (85, 20, 'Giant', 'CA-3784', 'Hybrid', 2019, 752.0),
    (86, 2, 'Salsa', 'HB-4834', 'Mountain', 2019, 331.47),
    (87, 45, 'Trek', 'YC-2149', 'Mountain', 2020, 1125.51),
    (88, 10, 'Cannondale', 'BZ-7259', 'Road', 2012, 2027.73),
    (89, 207, 'Surly', 'GS-7329', 'Mountain', 2024, 854.27),
    (90, 2, 'Specialized', 'KG-8016', 'Mountain', 2022, 404.88),
    (91, 22, 'Bianchi', 'JP-9669', 'Commuter', 2019, 441.49),
    (92, 243, 'Giant', 'AB-1960', 'Commuter', 2021, 457.6),
    (93, 5, 'Giant', 'CR-6613', 'Commuter', 2013, 348.53),
    (94, 11, 'Specialized', 'SN-3902', 'Commuter', 2022, 358.68),
    (95, 149, 'Specialized', 'WZ-7484', 'Mountain', 2020, 6800.0),
    (96, 12, 'Giant', 'QN-5967', 'Mountain', 2015, 456.78),
    (97, 13, 'Surly', 'BM-2626', 'Hybrid', 2021, 971.57),
    (98, 4, 'Surly', 'BQ-2124', 'Road', 2015, 364.99),
    (99, 4, 'Salsa', 'VS-7226', 'Gravel', 2020, 1315.33),
    (100, 4, 'Specialized', 'CT-9949', 'Kids', 2024, 347.24),
    (101, 138, 'Giant', 'GT-8523', 'Kids', 2019, 2403.99),
    (102, 40, 'Specialized', 'LD-3623', 'Gravel', 2019, 1876.27),
    (103, 100, 'Specialized', 'YS-9706', 'Mountain', 2020, 1442.12),
    (104, 165, 'Salsa', 'VM-2787', 'Hybrid', 2025, 645.64),
    (105, 125, 'Trek', 'ZW-2463', 'Hybrid', 2025, 550.32),
    (106, 7, 'Giant', 'WF-4414', 'Mountain', 2022, 883.1),
    (107, 135, 'Cannondale', 'MU-8996', 'Road', 2013, 859.38),
    (108, 218, 'Cannondale', 'DP-8148', 'Mountain', 2015, 558.61),
    (109, 119, 'Bianchi', 'NX-9044', 'Road', 2017, 356.27),
    (110, 19, 'Specialized', 'HQ-9820', 'Road', 2013, 729.89),
    (111, 2, 'Salsa', 'TQ-0525', 'Gravel', 2016, 390.96),
    (112, 74, 'Trek', 'RQ-9555', 'Road', 2023, 424.25),
    (113, 163, 'Surly', 'VY-4066', 'Mountain', 2013, 982.99),
    (114, 10, 'Specialized', 'RV-4725', 'Kids', 2015, 509.96),
    (115, 194, 'Trek', 'PP-9965', 'Mountain', 2019, 409.99),
    (116, 162, 'Trek', 'AS-8376', 'Road', 2015, 644.53),
    (117, 189, 'Bianchi', 'WV-3688', 'Hybrid', 2012, 615.82),
    (118, 31, 'Trek', 'GQ-3643', 'Mountain', 2019, 361.37),
    (119, 81, 'Kona', 'MA-4980', 'Road', 2016, 420.01),
    (120, 221, 'Trek', 'GW-4370', 'Road', 2016, 377.64),
    (121, 1, 'Trek', 'WG-1593', 'Kids', 2012, 527.94),
    (122, 173, 'Cannondale', 'DK-8144', 'Hybrid', 2014, 1313.61),
    (123, 49, 'Trek', 'HQ-9987', 'Mountain', 2015, 2206.36),
    (124, 16, 'Specialized', 'FY-7792', 'Commuter', 2017, 1841.73),
    (125, 9, 'Kona', 'QE-7093', 'Road', 2020, 339.44),
    (126, 54, 'Trek', 'EA-2289', 'Hybrid', 2015, 6800.0),
    (127, 51, 'Giant', 'NK-7577', 'Mountain', 2012, 1506.53),
    (128, 1, 'Kona', 'SB-9384', 'Commuter', 2018, 2492.69),
    (129, 142, 'Specialized', 'TC-6710', 'Mountain', 2024, 454.88),
    (130, 17, 'Giant', 'DC-8219', 'Mountain', 2019, 4038.23),
    (131, 6, 'Specialized', 'ZV-5963', 'Road', 2020, 3113.38),
    (132, 1, 'Trek', 'GF-7527', 'Kids', 2015, 673.54),
    (133, 4, 'Specialized', 'KN-8866', 'Road', 2018, 472.39),
    (134, 149, 'Surly', 'GH-3123', 'Hybrid', 2015, 1777.05),
    (135, 43, 'Salsa', 'HV-1503', 'Commuter', 2019, 1747.22),
    (136, 7, 'Specialized', 'UV-7569', 'Road', 2014, 353.6),
    (137, 2, 'Giant', 'LD-1842', 'Road', 2021, 1008.04),
    (138, 25, 'Trek', 'JC-5142', 'Road', 2012, 1066.85),
    (139, 27, 'Salsa', 'UE-9186', 'Gravel', 2020, 595.03),
    (140, 100, 'Trek', 'JG-9017', 'Kids', 2025, 1557.59),
    (141, 11, 'Giant', 'PU-4928', 'Commuter', 2021, 430.35),
    (142, 17, 'Giant', 'FQ-8295', 'Commuter', 2017, 389.72),
    (143, 3, 'Trek', 'ZP-6240', 'Hybrid', 2019, 764.83),
    (144, 1, 'Specialized', 'DH-4112', 'Mountain', 2023, 347.38),
    (145, 27, 'Specialized', 'JJ-8405', 'Kids', 2020, 939.78),
    (146, 30, 'Trek', 'SN-2008', 'Road', 2023, 766.83),
    (147, 40, 'Specialized', 'XY-1563', 'Road', 2016, 321.58),
    (148, 1, 'Bianchi', 'GT-5805', 'Road', 2013, 344.68),
    (149, 187, 'Cannondale', 'PU-8252', 'Road', 2014, 6800.0),
    (150, 8, 'Specialized', 'QP-5209', 'Road', 2014, 323.08),
    (151, 260, 'Trek', 'CX-9261', 'Road', 2022, 461.74),
    (152, 107, 'Trek', 'YQ-0483', 'Road', 2024, 1678.35),
    (153, 32, 'Specialized', 'JT-7009', 'Road', 2014, 6800.0),
    (154, 81, 'Trek', 'ZG-8257', 'Gravel', 2022, 2188.94),
    (155, 1, 'Trek', 'JW-0358', 'Kids', 2019, 3438.99),
    (156, 58, 'Trek', 'UW-7185', 'Road', 2023, 355.22),
    (157, 110, 'Trek', 'RN-4367', 'Road', 2014, 361.27),
    (158, 18, 'Cannondale', 'GC-9233', 'Hybrid', 2013, 546.03),
    (159, 56, 'Trek', 'JZ-7610', 'Road', 2019, 408.84),
    (160, 73, 'Kona', 'UK-8435', 'Road', 2024, 6800.0),
    (161, 209, 'Kona', 'KF-6764', 'Commuter', 2016, 657.83),
    (162, 28, 'Giant', 'CF-6085', 'Hybrid', 2019, 371.93),
    (163, 146, 'Bianchi', 'DX-1338', 'Kids', 2024, 353.27),
    (164, 86, 'Trek', 'FJ-6178', 'Kids', 2018, 491.11),
    (165, 3, 'Trek', 'KS-2213', 'Mountain', 2017, 738.61),
    (166, 160, 'Trek', 'UN-9028', 'Road', 2020, 596.38),
    (167, 52, 'Salsa', 'CF-0945', 'Gravel', 2013, 5640.51),
    (168, 1, 'Specialized', 'TJ-4232', 'Road', 2015, 1065.83),
    (169, 2, 'Giant', 'MN-5891', 'Commuter', 2020, 376.2),
    (170, 5, 'Surly', 'LU-7156', 'Mountain', 2021, 448.5),
    (171, 3, 'Specialized', 'VB-8019', 'Road', 2016, 359.48),
    (172, 24, 'Specialized', 'VQ-2144', 'Kids', 2023, 583.01),
    (173, 42, 'Kona', 'ZY-0017', 'Hybrid', 2017, 1038.74),
    (174, 5, 'Specialized', 'YN-5166', 'Road', 2023, 444.61),
    (175, 1, 'Bianchi', 'XD-4601', 'Kids', 2020, 354.84),
    (176, 147, 'Trek', 'QQ-9516', 'Hybrid', 2023, 2032.32),
    (177, 192, 'Trek', 'CS-0002', 'Road', 2020, 701.02),
    (178, 1, 'Trek', 'PK-8090', 'Road', 2012, 871.58),
    (179, 3, 'Trek', 'AV-0713', 'Mountain', 2022, 4080.17),
    (180, 60, 'Trek', 'JB-8830', 'Commuter', 2013, 687.55),
    (181, 193, 'Surly', 'CH-4837', 'Commuter', 2013, 728.87),
    (182, 135, 'Kona', 'XE-0586', 'Road', 2023, 712.06),
    (183, 28, 'Giant', 'FX-4341', 'Gravel', 2022, 468.03),
    (184, 5, 'Trek', 'VX-2006', 'Gravel', 2015, 602.46),
    (185, 70, 'Trek', 'EQ-1216', 'Kids', 2017, 420.05),
    (186, 128, 'Kona', 'VS-6384', 'Road', 2015, 372.82),
    (187, 223, 'Salsa', 'TW-3893', 'Road', 2024, 647.79),
    (188, 1, 'Trek', 'KG-6503', 'Hybrid', 2014, 350.69),
    (189, 9, 'Kona', 'FC-1338', 'Mountain', 2016, 666.03),
    (190, 32, 'Salsa', 'VH-9976', 'Mountain', 2017, 441.75),
    (191, 79, 'Specialized', 'FV-8708', 'Road', 2024, 2291.37),
    (192, 230, 'Specialized', 'PZ-2250', 'Kids', 2025, 826.36),
    (193, 3, 'Bianchi', 'YJ-9085', 'Gravel', 2020, 565.72),
    (194, 38, 'Trek', 'KF-8154', 'Kids', 2018, 485.73),
    (195, 23, 'Giant', 'MW-8807', 'Road', 2018, 692.24),
    (196, 141, 'Trek', 'AT-4345', 'Mountain', 2014, 1095.82),
    (197, 8, 'Trek', 'XU-1963', 'Gravel', 2023, 3037.9),
    (198, 123, 'Trek', 'SD-4894', 'Road', 2020, 413.65),
    (199, 69, 'Trek', 'DR-1889', 'Kids', 2017, 1658.08),
    (200, 1, 'Specialized', 'HA-6358', 'Kids', 2013, 4090.93);

INSERT INTO `bikes` (`bikeId`, `customerId`, `brand`, `model`, `bikeType`, `purchaseYear`, `purchasePrice`) VALUES
    (201, 133, 'Giant', 'GF-8780', 'Gravel', 2020, 1470.23),
    (202, 55, 'Specialized', 'WN-8834', 'Commuter', 2015, 942.11),
    (203, 20, 'Bianchi', 'LE-3815', 'Gravel', 2014, 6800.0),
    (204, 6, 'Kona', 'SK-2001', 'Commuter', 2019, 726.82),
    (205, 201, 'Bianchi', 'YF-8984', 'Gravel', 2012, 323.59),
    (206, 21, 'Trek', 'QT-3140', 'Road', 2021, 612.16),
    (207, 166, 'Trek', 'WE-5220', 'Kids', 2020, 970.61),
    (208, 3, 'Trek', 'JV-9618', 'Mountain', 2021, 447.38),
    (209, 152, 'Giant', 'WL-7227', 'Road', 2016, 467.25),
    (210, 151, 'Trek', 'LK-2393', 'Mountain', 2019, 406.63),
    (211, 7, 'Cannondale', 'PS-4966', 'Mountain', 2017, 796.4),
    (212, 184, 'Giant', 'LH-6535', 'Hybrid', 2021, 2275.02),
    (213, 89, 'Cannondale', 'VK-6574', 'Mountain', 2024, 600.51),
    (214, 5, 'Cannondale', 'DJ-2353', 'Kids', 2024, 598.1),
    (215, 5, 'Specialized', 'SR-0804', 'Kids', 2023, 626.96),
    (216, 71, 'Trek', 'EU-5028', 'Mountain', 2022, 793.1),
    (217, 86, 'Salsa', 'GN-9790', 'Mountain', 2024, 900.21),
    (218, 1, 'Trek', 'BD-9570', 'Kids', 2012, 1095.61),
    (219, 112, 'Surly', 'JK-7835', 'Mountain', 2018, 1462.78),
    (220, 9, 'Surly', 'EK-1402', 'Road', 2018, 508.73),
    (221, 110, 'Specialized', 'TR-2038', 'Hybrid', 2019, 527.01),
    (222, 6, 'Giant', 'MN-3752', 'Kids', 2014, 688.96),
    (223, 11, 'Trek', 'KM-7778', 'Road', 2018, 568.27),
    (224, 75, 'Specialized', 'AV-9611', 'Hybrid', 2013, 6800.0),
    (225, 10, 'Trek', 'HE-3449', 'Commuter', 2021, 1729.14),
    (226, 20, 'Bianchi', 'VA-7885', 'Mountain', 2014, 2040.11),
    (227, 11, 'Trek', 'VW-2277', 'Commuter', 2016, 580.2),
    (228, 7, 'Kona', 'AC-0771', 'Hybrid', 2021, 864.72),
    (229, 41, 'Kona', 'SC-1625', 'Hybrid', 2012, 363.82),
    (230, 5, 'Giant', 'YN-9308', 'Gravel', 2012, 6800.0),
    (231, 82, 'Trek', 'AH-3347', 'Gravel', 2020, 3273.72),
    (232, 142, 'Specialized', 'VQ-4225', 'Gravel', 2018, 546.87),
    (233, 84, 'Kona', 'NW-0946', 'Gravel', 2025, 1155.83),
    (234, 8, 'Giant', 'UH-5309', 'Mountain', 2014, 6800.0),
    (235, 4, 'Specialized', 'QW-7000', 'Hybrid', 2017, 1298.79),
    (236, 2, 'Cannondale', 'ZB-4917', 'Road', 2019, 557.35),
    (237, 61, 'Cannondale', 'UB-9587', 'Mountain', 2014, 796.45),
    (238, 198, 'Trek', 'KD-1637', 'Commuter', 2012, 1311.37),
    (239, 88, 'Trek', 'PG-9809', 'Hybrid', 2021, 638.27),
    (240, 102, 'Trek', 'JT-7046', 'Commuter', 2024, 1314.07),
    (241, 95, 'Salsa', 'SQ-8785', 'Gravel', 2023, 5653.21),
    (242, 97, 'Cannondale', 'JH-3090', 'Road', 2017, 631.49),
    (243, 2, 'Specialized', 'SJ-0732', 'Hybrid', 2021, 6800.0),
    (244, 5, 'Trek', 'NH-6948', 'Commuter', 2019, 521.29),
    (245, 98, 'Specialized', 'YD-4797', 'Road', 2019, 1681.16),
    (246, 1, 'Specialized', 'RR-0205', 'Mountain', 2024, 3505.55),
    (247, 217, 'Specialized', 'UK-8501', 'Road', 2013, 524.53),
    (248, 92, 'Trek', 'VD-4819', 'Road', 2014, 341.19),
    (249, 3, 'Cannondale', 'UX-6083', 'Commuter', 2013, 601.17),
    (250, 5, 'Giant', 'FQ-2368', 'Road', 2019, 696.22),
    (251, 11, 'Salsa', 'MQ-3177', 'Kids', 2019, 597.51),
    (252, 33, 'Trek', 'HH-2227', 'Mountain', 2022, 1429.45),
    (253, 2, 'Specialized', 'VG-4268', 'Hybrid', 2021, 936.55),
    (254, 1, 'Trek', 'AP-4212', 'Hybrid', 2012, 511.71),
    (255, 79, 'Kona', 'LU-0432', 'Mountain', 2013, 564.42),
    (256, 72, 'Specialized', 'LV-6513', 'Mountain', 2013, 394.75),
    (257, 41, 'Trek', 'AK-0019', 'Commuter', 2019, 1966.76),
    (258, 22, 'Salsa', 'HF-9404', 'Gravel', 2024, 554.45),
    (259, 4, 'Surly', 'MJ-7269', 'Road', 2020, 615.24),
    (260, 29, 'Giant', 'NX-3220', 'Mountain', 2019, 543.41);

INSERT INTO `repairOrders` (`repairOrderId`, `bikeId`, `employeeId`, `storeId`, `dropOffDate`, `status`, `laborHours`) VALUES
    (1, 1, 70, 2, '2025-03-05', 'Completed', 1.09),
    (2, 1, 15, 8, '2025-09-24', 'Waiting On Parts', 0.4),
    (3, 215, 12, 1, '2024-11-17', 'In Progress', 3.11),
    (4, 14, 4, 3, '2024-09-26', 'Completed', 3.43),
    (5, 4, 2, 11, '2024-06-22', 'Ready For Pickup', 0.58),
    (6, 6, 7, 9, '2025-05-05', 'Completed', 1.06),
    (7, 160, 45, 9, '2024-12-09', 'Completed', 1.28),
    (8, 14, 15, 1, '2025-04-14', 'Completed', 6.17),
    (9, 53, 122, 7, '2025-10-02', 'Completed', 1.46),
    (10, 1, 255, 5, '2024-11-01', 'Cancelled', 0.8),
    (11, 3, 13, 2, '2024-04-05', 'Ready For Pickup', 0.28),
    (12, 47, 1, 5, '2024-04-16', 'Cancelled', 0.5),
    (13, 63, 79, 7, '2024-05-29', 'In Progress', 0.48),
    (14, 8, 88, 1, '2025-08-05', 'Completed', 0.54),
    (15, 6, 15, 10, '2024-12-28', 'Completed', 2.25),
    (16, 222, 22, 12, '2025-12-08', 'Ready For Pickup', 2.19),
    (17, 1, 4, 11, '2025-05-09', 'Completed', 0.49),
    (18, 160, 141, 2, '2025-11-08', 'Completed', 0.46),
    (19, 1, 1, 11, '2025-11-02', 'Completed', 4.8),
    (20, 182, 1, 1, '2025-10-26', 'In Progress', 11.0),
    (21, 90, 46, 3, '2024-12-23', 'In Progress', 3.16),
    (22, 94, 31, 3, '2024-12-21', 'Ready For Pickup', 0.47),
    (23, 7, 16, 9, '2025-05-05', 'Completed', 0.79),
    (24, 1, 133, 8, '2024-02-19', 'Ready For Pickup', 0.53),
    (25, 119, 59, 3, '2024-10-30', 'Ready For Pickup', 1.57),
    (26, 135, 55, 4, '2025-09-21', 'Completed', 0.25),
    (27, 98, 131, 9, '2024-11-18', 'In Progress', 0.92),
    (28, 3, 10, 2, '2024-04-06', 'Completed', 0.85),
    (29, 94, 222, 8, '2025-09-29', 'In Progress', 2.2),
    (30, 25, 130, 7, '2025-08-25', 'Waiting On Parts', 0.89),
    (31, 10, 1, 3, '2025-03-11', 'Ready For Pickup', 4.68),
    (32, 190, 19, 2, '2024-06-11', 'Completed', 1.18),
    (33, 31, 25, 6, '2024-06-01', 'Completed', 11.0),
    (34, 86, 74, 3, '2025-10-15', 'Cancelled', 0.54),
    (35, 7, 2, 1, '2025-06-25', 'Completed', 0.87),
    (36, 18, 202, 7, '2024-12-28', 'Ready For Pickup', 1.61),
    (37, 178, 15, 12, '2024-03-26', 'Completed', 0.46),
    (38, 1, 249, 8, '2025-07-26', 'Completed', 0.56),
    (39, 3, 115, 1, '2024-07-19', 'Completed', 0.26),
    (40, 6, 2, 2, '2025-11-20', 'Completed', 1.08),
    (41, 141, 26, 11, '2025-08-14', 'In Progress', 2.78),
    (42, 34, 3, 11, '2024-08-17', 'In Progress', 5.58),
    (43, 232, 111, 10, '2024-01-27', 'Waiting On Parts', 0.91),
    (44, 17, 7, 7, '2025-04-15', 'Completed', 0.75),
    (45, 2, 100, 3, '2024-05-12', 'Completed', 4.39),
    (46, 2, 1, 5, '2025-10-04', 'Completed', 0.67),
    (47, 12, 114, 1, '2024-10-19', 'Completed', 1.52),
    (48, 6, 111, 2, '2024-09-26', 'Cancelled', 0.3),
    (49, 27, 8, 11, '2025-05-29', 'Ready For Pickup', 1.18),
    (50, 21, 10, 12, '2025-11-18', 'Completed', 0.78),
    (51, 39, 55, 11, '2024-01-24', 'Cancelled', 1.14),
    (52, 166, 6, 10, '2024-10-26', 'In Progress', 1.16),
    (53, 10, 111, 2, '2025-10-11', 'In Progress', 0.63),
    (54, 22, 56, 2, '2024-03-24', 'Ready For Pickup', 0.86),
    (55, 130, 152, 9, '2025-01-12', 'Cancelled', 2.27),
    (56, 48, 21, 8, '2025-11-17', 'Waiting On Parts', 0.44),
    (57, 1, 89, 3, '2024-01-26', 'Completed', 1.76),
    (58, 1, 86, 2, '2024-11-12', 'In Progress', 5.39),
    (59, 21, 1, 10, '2025-01-19', 'Completed', 4.48),
    (60, 71, 114, 2, '2025-07-14', 'Ready For Pickup', 3.06),
    (61, 49, 154, 3, '2024-01-04', 'Waiting On Parts', 2.78),
    (62, 26, 8, 6, '2025-11-28', 'In Progress', 0.72),
    (63, 76, 44, 4, '2025-09-15', 'Ready For Pickup', 3.29),
    (64, 3, 40, 7, '2024-06-15', 'Completed', 0.4),
    (65, 92, 3, 9, '2025-08-30', 'Waiting On Parts', 5.62),
    (66, 105, 254, 12, '2024-11-01', 'In Progress', 1.36),
    (67, 14, 14, 9, '2024-08-07', 'Completed', 0.29),
    (68, 233, 25, 11, '2025-12-05', 'Waiting On Parts', 1.39),
    (69, 240, 1, 3, '2025-04-17', 'In Progress', 0.75),
    (70, 100, 4, 8, '2025-06-18', 'In Progress', 0.52),
    (71, 1, 222, 7, '2025-05-31', 'In Progress', 0.63),
    (72, 5, 174, 4, '2024-12-25', 'Waiting On Parts', 1.2),
    (73, 80, 119, 10, '2025-11-19', 'In Progress', 3.68),
    (74, 201, 43, 9, '2024-12-10', 'In Progress', 0.57),
    (75, 1, 24, 11, '2025-12-09', 'Completed', 0.61),
    (76, 2, 177, 1, '2025-09-01', 'In Progress', 1.06),
    (77, 198, 1, 7, '2025-10-13', 'Ready For Pickup', 4.46),
    (78, 75, 1, 5, '2025-11-19', 'Completed', 0.79),
    (79, 1, 246, 11, '2025-03-03', 'Waiting On Parts', 0.31),
    (80, 96, 8, 6, '2025-01-01', 'Waiting On Parts', 0.31),
    (81, 55, 80, 10, '2025-12-03', 'Cancelled', 5.39),
    (82, 28, 52, 4, '2024-02-05', 'Completed', 0.31),
    (83, 1, 51, 2, '2024-04-18', 'Ready For Pickup', 3.47),
    (84, 246, 26, 10, '2024-03-08', 'In Progress', 2.09),
    (85, 27, 58, 7, '2024-04-20', 'Completed', 0.29),
    (86, 79, 1, 9, '2024-05-09', 'In Progress', 0.59),
    (87, 22, 5, 10, '2024-11-20', 'In Progress', 2.22),
    (88, 36, 11, 5, '2025-09-22', 'Cancelled', 4.35),
    (89, 38, 53, 11, '2025-09-21', 'In Progress', 2.06),
    (90, 75, 1, 12, '2025-11-01', 'In Progress', 0.37),
    (91, 5, 11, 5, '2025-07-21', 'In Progress', 1.57),
    (92, 4, 5, 11, '2024-12-16', 'In Progress', 0.33),
    (93, 18, 79, 8, '2025-11-03', 'Ready For Pickup', 0.51),
    (94, 7, 1, 6, '2024-08-16', 'Cancelled', 2.95),
    (95, 7, 260, 5, '2024-11-27', 'Completed', 2.85),
    (96, 52, 1, 3, '2025-09-25', 'Completed', 1.15),
    (97, 229, 29, 5, '2024-09-17', 'Waiting On Parts', 0.5),
    (98, 68, 91, 1, '2024-09-07', 'Completed', 0.32),
    (99, 79, 9, 2, '2024-06-28', 'Waiting On Parts', 1.08),
    (100, 136, 153, 12, '2025-09-21', 'Completed', 0.74),
    (101, 1, 240, 7, '2025-07-31', 'Ready For Pickup', 0.84),
    (102, 18, 184, 10, '2024-11-08', 'Completed', 1.81),
    (103, 6, 4, 6, '2024-09-24', 'Ready For Pickup', 1.91),
    (104, 165, 102, 7, '2024-09-19', 'Ready For Pickup', 0.4),
    (105, 216, 245, 11, '2025-06-15', 'Cancelled', 1.36),
    (106, 9, 1, 12, '2024-05-05', 'Ready For Pickup', 0.75),
    (107, 46, 77, 2, '2025-10-16', 'Waiting On Parts', 0.78),
    (108, 15, 153, 1, '2024-08-09', 'Completed', 0.25),
    (109, 85, 46, 9, '2024-02-03', 'Cancelled', 4.05),
    (110, 17, 50, 9, '2024-08-19', 'Completed', 0.61),
    (111, 21, 1, 5, '2025-09-11', 'Waiting On Parts', 3.41),
    (112, 11, 36, 10, '2025-08-25', 'Ready For Pickup', 0.87),
    (113, 3, 53, 10, '2024-12-25', 'Completed', 0.35),
    (114, 19, 18, 5, '2024-10-31', 'In Progress', 0.27),
    (115, 112, 184, 7, '2025-09-27', 'Completed', 0.54),
    (116, 5, 34, 10, '2024-04-29', 'Cancelled', 0.35),
    (117, 80, 254, 12, '2025-09-12', 'Cancelled', 0.94),
    (118, 3, 28, 6, '2024-06-07', 'In Progress', 1.94),
    (119, 98, 12, 3, '2024-09-13', 'Waiting On Parts', 0.28),
    (120, 118, 36, 2, '2024-10-15', 'Completed', 7.23),
    (121, 132, 88, 12, '2025-05-21', 'Completed', 0.46),
    (122, 98, 56, 11, '2024-09-01', 'Completed', 0.47),
    (123, 1, 21, 10, '2024-10-03', 'Ready For Pickup', 0.6),
    (124, 11, 220, 5, '2025-11-02', 'Completed', 0.62),
    (125, 28, 31, 6, '2024-06-25', 'Waiting On Parts', 2.46),
    (126, 105, 164, 7, '2025-09-07', 'In Progress', 1.82),
    (127, 58, 27, 9, '2025-05-15', 'Waiting On Parts', 1.24),
    (128, 1, 80, 7, '2025-11-01', 'Ready For Pickup', 0.39),
    (129, 33, 1, 3, '2025-11-30', 'Ready For Pickup', 1.43),
    (130, 65, 24, 1, '2025-01-24', 'Completed', 1.35),
    (131, 9, 2, 6, '2024-01-05', 'Completed', 3.61),
    (132, 2, 108, 5, '2025-06-13', 'In Progress', 0.7),
    (133, 39, 23, 11, '2024-03-11', 'In Progress', 2.28),
    (134, 6, 18, 7, '2024-11-07', 'Waiting On Parts', 0.89),
    (135, 1, 34, 2, '2024-12-16', 'Completed', 0.33),
    (136, 2, 105, 2, '2025-05-24', 'Waiting On Parts', 0.9),
    (137, 109, 79, 10, '2025-09-04', 'Cancelled', 0.47),
    (138, 149, 3, 1, '2024-12-19', 'In Progress', 11.0),
    (139, 2, 164, 10, '2024-07-23', 'In Progress', 1.6),
    (140, 130, 46, 12, '2024-11-14', 'In Progress', 0.8),
    (141, 8, 106, 12, '2024-07-15', 'Completed', 0.41),
    (142, 4, 63, 1, '2025-05-15', 'Waiting On Parts', 2.51),
    (143, 160, 10, 4, '2025-09-13', 'Completed', 0.65),
    (144, 12, 46, 9, '2024-12-11', 'Completed', 1.09),
    (145, 64, 5, 6, '2025-07-09', 'Completed', 1.92),
    (146, 124, 212, 2, '2025-09-25', 'Cancelled', 1.55),
    (147, 4, 66, 5, '2025-04-01', 'Waiting On Parts', 0.34),
    (148, 70, 167, 8, '2025-04-02', 'In Progress', 0.57),
    (149, 33, 1, 2, '2024-07-14', 'Ready For Pickup', 0.62),
    (150, 12, 14, 7, '2025-07-31', 'Waiting On Parts', 8.2),
    (151, 77, 8, 8, '2025-04-07', 'Cancelled', 0.57),
    (152, 100, 31, 7, '2025-08-10', 'In Progress', 0.48),
    (153, 7, 13, 11, '2024-03-16', 'Completed', 0.35),
    (154, 61, 116, 1, '2024-03-05', 'In Progress', 2.25),
    (155, 1, 26, 5, '2025-10-05', 'Waiting On Parts', 11.0),
    (156, 4, 1, 3, '2025-04-08', 'Cancelled', 2.07),
    (157, 79, 170, 12, '2025-12-07', 'Completed', 0.3),
    (158, 3, 1, 8, '2024-04-27', 'Ready For Pickup', 1.45),
    (159, 6, 6, 6, '2024-02-24', 'Cancelled', 0.9),
    (160, 7, 179, 2, '2024-06-13', 'Completed', 0.55),
    (161, 57, 14, 12, '2024-07-12', 'In Progress', 0.54),
    (162, 2, 167, 8, '2024-12-07', 'Completed', 1.39),
    (163, 2, 251, 1, '2024-06-24', 'In Progress', 11.0),
    (164, 14, 8, 4, '2024-08-22', 'Ready For Pickup', 0.93),
    (165, 6, 146, 1, '2025-02-10', 'Completed', 3.49),
    (166, 168, 31, 3, '2024-08-16', 'Ready For Pickup', 3.13),
    (167, 4, 102, 8, '2025-10-18', 'Completed', 3.07),
    (168, 149, 86, 7, '2025-10-04', 'Completed', 8.0),
    (169, 9, 58, 9, '2024-09-27', 'Ready For Pickup', 0.41),
    (170, 54, 242, 9, '2024-02-11', 'Completed', 1.92),
    (171, 85, 181, 5, '2025-12-11', 'In Progress', 0.67),
    (172, 125, 24, 10, '2025-05-30', 'Completed', 3.71),
    (173, 9, 8, 12, '2024-12-11', 'Cancelled', 0.97),
    (174, 96, 6, 6, '2025-10-22', 'In Progress', 1.48),
    (175, 230, 63, 4, '2024-08-13', 'Completed', 0.91),
    (176, 2, 66, 2, '2025-10-27', 'Completed', 0.86),
    (177, 100, 176, 12, '2025-08-31', 'In Progress', 1.19),
    (178, 62, 6, 5, '2025-04-14', 'Completed', 1.47),
    (179, 1, 2, 5, '2024-10-30', 'Completed', 2.13),
    (180, 3, 255, 3, '2024-12-05', 'Completed', 0.73),
    (181, 16, 16, 1, '2024-09-03', 'Waiting On Parts', 0.94),
    (182, 213, 4, 9, '2024-11-25', 'Completed', 1.04),
    (183, 209, 1, 1, '2025-09-11', 'Completed', 4.63),
    (184, 50, 63, 3, '2024-01-06', 'Ready For Pickup', 0.82),
    (185, 206, 9, 2, '2024-08-12', 'In Progress', 2.64),
    (186, 2, 106, 8, '2025-04-23', 'Completed', 0.71),
    (187, 6, 31, 10, '2025-05-17', 'Completed', 0.79),
    (188, 90, 89, 6, '2025-09-26', 'In Progress', 2.2),
    (189, 122, 3, 4, '2025-08-26', 'Completed', 0.33),
    (190, 124, 4, 4, '2024-09-05', 'Completed', 1.67),
    (191, 132, 180, 3, '2025-11-02', 'Ready For Pickup', 2.47),
    (192, 205, 68, 11, '2024-10-02', 'Cancelled', 0.48),
    (193, 9, 228, 3, '2025-09-07', 'In Progress', 0.68),
    (194, 130, 96, 1, '2024-11-10', 'Completed', 0.69),
    (195, 49, 59, 1, '2024-09-19', 'Completed', 7.33),
    (196, 173, 14, 5, '2025-08-14', 'Completed', 1.54),
    (197, 90, 182, 9, '2024-05-06', 'Cancelled', 1.41),
    (198, 65, 2, 2, '2024-07-26', 'Cancelled', 0.26),
    (199, 2, 11, 2, '2025-10-12', 'Ready For Pickup', 11.0),
    (200, 1, 117, 8, '2025-12-04', 'Completed', 4.11);

INSERT INTO `repairOrders` (`repairOrderId`, `bikeId`, `employeeId`, `storeId`, `dropOffDate`, `status`, `laborHours`) VALUES
    (201, 165, 21, 12, '2024-05-30', 'Completed', 4.77),
    (202, 178, 175, 5, '2024-09-11', 'Waiting On Parts', 0.36),
    (203, 10, 57, 5, '2024-11-03', 'Completed', 0.36),
    (204, 3, 5, 4, '2024-12-12', 'In Progress', 1.14),
    (205, 21, 33, 8, '2025-07-30', 'In Progress', 0.58),
    (206, 14, 13, 7, '2024-09-29', 'Waiting On Parts', 8.03),
    (207, 13, 49, 9, '2025-07-28', 'Cancelled', 0.81),
    (208, 31, 3, 8, '2024-09-23', 'Ready For Pickup', 1.04),
    (209, 6, 52, 12, '2024-11-04', 'In Progress', 1.2),
    (210, 165, 109, 9, '2025-07-02', 'Waiting On Parts', 1.93),
    (211, 1, 156, 1, '2025-12-12', 'Completed', 0.25),
    (212, 4, 39, 12, '2025-09-23', 'Completed', 2.7),
    (213, 147, 259, 2, '2024-07-14', 'Waiting On Parts', 0.27),
    (214, 91, 3, 11, '2025-11-26', 'Completed', 0.42),
    (215, 231, 108, 12, '2025-09-03', 'Completed', 0.45),
    (216, 35, 2, 3, '2024-12-14', 'Completed', 0.73),
    (217, 49, 36, 5, '2025-09-15', 'In Progress', 0.89),
    (218, 25, 214, 4, '2024-05-28', 'Waiting On Parts', 0.88),
    (219, 34, 41, 1, '2024-12-30', 'Cancelled', 2.55),
    (220, 2, 82, 7, '2024-02-19', 'In Progress', 0.79),
    (221, 123, 13, 2, '2025-04-18', 'Ready For Pickup', 0.59),
    (222, 84, 100, 12, '2025-10-14', 'In Progress', 0.76),
    (223, 19, 14, 3, '2024-05-04', 'Waiting On Parts', 2.08),
    (224, 1, 197, 1, '2024-01-30', 'Completed', 4.85),
    (225, 8, 4, 1, '2024-01-27', 'Waiting On Parts', 4.81),
    (226, 27, 5, 3, '2024-06-08', 'Ready For Pickup', 1.93),
    (227, 111, 26, 7, '2024-12-05', 'Waiting On Parts', 2.1),
    (228, 47, 6, 12, '2025-10-13', 'Cancelled', 1.16),
    (229, 32, 98, 3, '2025-08-14', 'Cancelled', 0.55),
    (230, 28, 27, 3, '2024-10-29', 'Ready For Pickup', 2.07),
    (231, 43, 3, 8, '2025-02-26', 'Completed', 0.31),
    (232, 56, 7, 7, '2025-08-29', 'In Progress', 1.19),
    (233, 12, 37, 9, '2025-12-03', 'Waiting On Parts', 5.04),
    (234, 9, 1, 5, '2024-12-25', 'In Progress', 0.48),
    (235, 6, 83, 3, '2024-03-09', 'Completed', 10.02),
    (236, 2, 5, 6, '2025-04-22', 'Cancelled', 1.29),
    (237, 257, 39, 3, '2024-12-15', 'Completed', 4.15),
    (238, 59, 1, 4, '2024-07-01', 'Completed', 3.35),
    (239, 44, 220, 1, '2025-04-23', 'Completed', 0.61),
    (240, 132, 117, 11, '2024-04-30', 'Cancelled', 0.51),
    (241, 1, 30, 11, '2024-05-20', 'Waiting On Parts', 0.28),
    (242, 5, 1, 1, '2024-07-14', 'In Progress', 0.44),
    (243, 21, 102, 9, '2024-02-02', 'Waiting On Parts', 1.01),
    (244, 55, 130, 11, '2024-03-15', 'In Progress', 1.12),
    (245, 1, 143, 1, '2024-11-07', 'Completed', 3.25),
    (246, 33, 3, 9, '2024-08-18', 'Waiting On Parts', 0.92),
    (247, 143, 1, 6, '2025-03-26', 'Waiting On Parts', 0.42),
    (248, 239, 69, 6, '2025-04-14', 'Ready For Pickup', 2.48),
    (249, 7, 9, 6, '2025-07-19', 'In Progress', 0.37),
    (250, 8, 30, 12, '2024-04-05', 'Waiting On Parts', 0.48),
    (251, 1, 2, 6, '2025-12-01', 'Completed', 0.53),
    (252, 1, 19, 10, '2024-08-10', 'In Progress', 0.36),
    (253, 32, 18, 3, '2025-06-08', 'Completed', 0.73),
    (254, 34, 62, 4, '2025-12-08', 'Completed', 2.29),
    (255, 158, 203, 12, '2024-11-22', 'Completed', 1.11),
    (256, 7, 124, 5, '2024-10-04', 'Completed', 0.57),
    (257, 75, 3, 3, '2024-12-02', 'Waiting On Parts', 0.56),
    (258, 129, 249, 2, '2024-07-30', 'Waiting On Parts', 0.49),
    (259, 48, 10, 1, '2025-11-01', 'Waiting On Parts', 0.39),
    (260, 74, 10, 1, '2025-11-08', 'In Progress', 0.82),
    (261, 19, 15, 1, '2025-11-23', 'Completed', 4.38),
    (262, 2, 209, 6, '2025-01-22', 'Completed', 0.29),
    (263, 72, 19, 4, '2025-04-01', 'Waiting On Parts', 2.93),
    (264, 158, 5, 8, '2025-01-13', 'In Progress', 0.36),
    (265, 47, 18, 12, '2024-10-23', 'Completed', 0.3),
    (266, 4, 17, 3, '2024-01-05', 'Completed', 0.78),
    (267, 7, 149, 12, '2025-11-16', 'Ready For Pickup', 0.4),
    (268, 100, 58, 10, '2025-11-23', 'Completed', 1.0),
    (269, 7, 4, 12, '2024-10-09', 'Ready For Pickup', 0.29),
    (270, 31, 90, 2, '2025-11-15', 'In Progress', 2.44),
    (271, 201, 51, 2, '2025-10-05', 'Waiting On Parts', 1.61),
    (272, 42, 87, 3, '2025-11-01', 'Completed', 0.46),
    (273, 7, 4, 11, '2025-04-05', 'In Progress', 1.43),
    (274, 3, 89, 4, '2024-09-17', 'Completed', 9.72),
    (275, 15, 12, 5, '2025-09-21', 'Completed', 2.71),
    (276, 113, 102, 3, '2025-10-23', 'Completed', 0.52),
    (277, 91, 1, 5, '2024-01-04', 'Completed', 2.25),
    (278, 3, 8, 5, '2024-09-04', 'Waiting On Parts', 0.72),
    (279, 199, 34, 3, '2024-12-21', 'In Progress', 0.8),
    (280, 3, 242, 2, '2024-01-06', 'Completed', 0.29),
    (281, 77, 206, 7, '2025-11-22', 'Completed', 0.79),
    (282, 50, 86, 5, '2024-08-07', 'Completed', 0.52),
    (283, 2, 2, 2, '2024-05-12', 'Completed', 0.6),
    (284, 132, 1, 6, '2024-09-07', 'Completed', 0.91),
    (285, 173, 126, 2, '2025-04-16', 'Waiting On Parts', 2.82),
    (286, 26, 118, 7, '2025-05-18', 'Completed', 0.52),
    (287, 7, 202, 9, '2025-02-26', 'Ready For Pickup', 0.58),
    (288, 4, 2, 10, '2025-01-11', 'In Progress', 0.81),
    (289, 3, 3, 10, '2025-05-23', 'Waiting On Parts', 0.69),
    (290, 39, 54, 3, '2024-11-14', 'In Progress', 0.49),
    (291, 26, 6, 10, '2024-10-15', 'Waiting On Parts', 2.08),
    (292, 44, 1, 11, '2025-09-12', 'Cancelled', 9.06),
    (293, 47, 2, 6, '2025-07-21', 'Completed', 1.78),
    (294, 104, 22, 3, '2025-12-11', 'Cancelled', 0.51),
    (295, 1, 2, 9, '2025-12-05', 'Waiting On Parts', 0.33),
    (296, 1, 2, 2, '2024-10-29', 'Ready For Pickup', 0.49),
    (297, 80, 142, 5, '2025-11-06', 'Waiting On Parts', 4.26),
    (298, 225, 49, 4, '2024-04-05', 'Cancelled', 3.0),
    (299, 4, 4, 5, '2024-07-02', 'Completed', 11.0),
    (300, 26, 45, 10, '2025-05-21', 'Waiting On Parts', 0.94),
    (301, 6, 2, 8, '2025-11-28', 'Completed', 3.53),
    (302, 10, 145, 3, '2024-12-22', 'In Progress', 2.43),
    (303, 83, 195, 7, '2025-03-19', 'Waiting On Parts', 2.18),
    (304, 150, 175, 2, '2024-09-11', 'Waiting On Parts', 0.84),
    (305, 5, 103, 5, '2025-05-16', 'Ready For Pickup', 0.47),
    (306, 1, 93, 3, '2024-07-29', 'Completed', 1.39),
    (307, 204, 15, 1, '2024-07-04', 'Ready For Pickup', 0.77),
    (308, 205, 114, 8, '2024-11-16', 'Ready For Pickup', 1.79),
    (309, 108, 195, 8, '2024-06-19', 'Waiting On Parts', 2.98),
    (310, 124, 24, 2, '2024-06-17', 'Completed', 4.04),
    (311, 59, 21, 8, '2025-09-10', 'In Progress', 0.27),
    (312, 5, 4, 12, '2025-10-11', 'Completed', 0.58),
    (313, 60, 39, 3, '2024-12-14', 'Completed', 0.75),
    (314, 30, 32, 8, '2024-09-01', 'Completed', 1.16),
    (315, 28, 8, 12, '2024-08-09', 'Completed', 0.64),
    (316, 52, 60, 11, '2025-03-22', 'Completed', 1.27),
    (317, 1, 30, 4, '2024-08-07', 'In Progress', 1.33),
    (318, 186, 181, 12, '2025-11-29', 'Completed', 0.92),
    (319, 33, 4, 9, '2024-07-24', 'In Progress', 1.04),
    (320, 67, 244, 8, '2025-11-27', 'Waiting On Parts', 10.03),
    (321, 12, 5, 8, '2025-11-06', 'Completed', 1.18),
    (322, 3, 1, 7, '2025-01-03', 'Completed', 0.38),
    (323, 221, 7, 3, '2024-02-04', 'Ready For Pickup', 4.61),
    (324, 53, 51, 5, '2025-04-25', 'Waiting On Parts', 1.31),
    (325, 2, 146, 1, '2024-09-29', 'In Progress', 0.4),
    (326, 29, 6, 2, '2024-09-25', 'Ready For Pickup', 0.37),
    (327, 11, 148, 4, '2024-11-29', 'Waiting On Parts', 2.37),
    (328, 3, 23, 11, '2024-09-07', 'Waiting On Parts', 3.15),
    (329, 5, 3, 12, '2025-11-06', 'Cancelled', 0.39),
    (330, 5, 5, 6, '2025-04-05', 'In Progress', 1.31),
    (331, 84, 27, 10, '2024-05-14', 'Completed', 0.79),
    (332, 52, 200, 7, '2024-12-18', 'Completed', 2.44),
    (333, 12, 146, 10, '2024-09-10', 'Waiting On Parts', 0.26),
    (334, 1, 3, 3, '2025-11-28', 'Completed', 1.31),
    (335, 180, 192, 2, '2025-08-13', 'Completed', 6.07),
    (336, 1, 1, 9, '2024-07-05', 'Completed', 1.76),
    (337, 193, 97, 2, '2024-01-29', 'Completed', 0.49),
    (338, 62, 2, 2, '2025-05-29', 'Completed', 0.3),
    (339, 3, 2, 1, '2024-05-02', 'Completed', 0.33),
    (340, 32, 1, 11, '2024-05-13', 'Completed', 0.29),
    (341, 37, 26, 11, '2025-01-09', 'In Progress', 0.98),
    (342, 189, 1, 5, '2025-02-20', 'Completed', 0.57),
    (343, 105, 10, 1, '2025-04-07', 'Waiting On Parts', 0.94),
    (344, 20, 36, 10, '2024-01-10', 'Cancelled', 0.84),
    (345, 174, 112, 9, '2024-04-28', 'Ready For Pickup', 0.42),
    (346, 4, 42, 11, '2025-05-19', 'In Progress', 0.34),
    (347, 130, 91, 9, '2025-08-29', 'In Progress', 11.0),
    (348, 8, 108, 3, '2024-10-26', 'In Progress', 2.9),
    (349, 103, 16, 11, '2025-06-10', 'Completed', 0.38),
    (350, 34, 107, 10, '2024-12-24', 'Completed', 10.08),
    (351, 232, 5, 12, '2024-12-29', 'Cancelled', 0.49),
    (352, 26, 1, 4, '2025-11-24', 'In Progress', 5.1),
    (353, 6, 52, 5, '2025-03-10', 'Waiting On Parts', 0.39),
    (354, 74, 5, 12, '2024-07-08', 'Completed', 0.45),
    (355, 86, 76, 2, '2025-12-06', 'Completed', 1.5),
    (356, 42, 251, 3, '2024-05-08', 'Completed', 0.32),
    (357, 1, 10, 8, '2024-11-26', 'Waiting On Parts', 6.77),
    (358, 17, 245, 1, '2025-09-12', 'In Progress', 0.28),
    (359, 9, 9, 5, '2024-11-12', 'Completed', 0.49),
    (360, 109, 209, 9, '2025-06-11', 'Waiting On Parts', 0.29),
    (361, 46, 171, 12, '2024-11-19', 'In Progress', 0.36),
    (362, 18, 18, 1, '2024-04-02', 'Waiting On Parts', 0.84),
    (363, 40, 165, 3, '2024-12-07', 'Waiting On Parts', 0.47),
    (364, 1, 11, 6, '2025-03-14', 'Cancelled', 0.5),
    (365, 41, 185, 2, '2024-05-18', 'Cancelled', 0.27),
    (366, 40, 136, 10, '2025-12-03', 'In Progress', 1.81),
    (367, 1, 88, 1, '2024-07-14', 'Completed', 0.4),
    (368, 3, 22, 11, '2024-06-13', 'Completed', 0.96),
    (369, 45, 67, 12, '2025-05-01', 'Completed', 1.56),
    (370, 1, 110, 11, '2024-11-09', 'Ready For Pickup', 0.81),
    (371, 18, 108, 1, '2025-08-03', 'Waiting On Parts', 1.09),
    (372, 9, 15, 11, '2025-08-29', 'Completed', 1.63),
    (373, 132, 1, 8, '2024-09-23', 'Waiting On Parts', 1.17),
    (374, 111, 72, 7, '2025-12-10', 'In Progress', 2.18),
    (375, 22, 6, 1, '2025-10-09', 'Completed', 11.0),
    (376, 4, 240, 3, '2025-06-03', 'In Progress', 1.05),
    (377, 93, 5, 7, '2025-03-20', 'Ready For Pickup', 7.83),
    (378, 105, 2, 12, '2024-12-17', 'In Progress', 1.13),
    (379, 4, 21, 4, '2024-07-07', 'Completed', 11.0),
    (380, 102, 2, 8, '2025-12-12', 'In Progress', 0.34),
    (381, 212, 2, 11, '2024-09-24', 'Waiting On Parts', 0.81),
    (382, 95, 1, 8, '2024-11-30', 'Waiting On Parts', 0.32),
    (383, 186, 111, 3, '2025-06-02', 'Cancelled', 0.4),
    (384, 8, 201, 5, '2024-05-22', 'Completed', 1.57),
    (385, 9, 1, 8, '2025-11-28', 'Completed', 0.47),
    (386, 111, 171, 8, '2025-11-19', 'In Progress', 0.36),
    (387, 7, 221, 3, '2024-06-14', 'In Progress', 1.67),
    (388, 44, 176, 3, '2025-05-07', 'Completed', 0.32),
    (389, 1, 19, 4, '2025-04-16', 'Waiting On Parts', 2.85),
    (390, 86, 21, 2, '2025-06-05', 'In Progress', 7.81),
    (391, 1, 11, 6, '2024-01-28', 'Ready For Pickup', 0.36),
    (392, 107, 78, 11, '2024-11-13', 'Completed', 0.26),
    (393, 104, 106, 6, '2024-05-11', 'Waiting On Parts', 0.33),
    (394, 3, 163, 3, '2025-11-04', 'Completed', 3.04),
    (395, 42, 201, 5, '2025-09-11', 'Completed', 6.31),
    (396, 109, 142, 6, '2024-06-28', 'Completed', 3.6),
    (397, 27, 166, 11, '2024-07-08', 'In Progress', 1.46),
    (398, 2, 171, 2, '2024-04-21', 'In Progress', 0.52),
    (399, 1, 200, 11, '2024-10-02', 'In Progress', 1.57),
    (400, 19, 129, 10, '2024-12-25', 'Waiting On Parts', 4.28);

INSERT INTO `repairOrders` (`repairOrderId`, `bikeId`, `employeeId`, `storeId`, `dropOffDate`, `status`, `laborHours`) VALUES
    (401, 1, 34, 3, '2025-09-10', 'In Progress', 3.97),
    (402, 2, 21, 10, '2025-11-04', 'Completed', 0.33),
    (403, 28, 2, 6, '2025-08-20', 'Ready For Pickup', 2.93),
    (404, 3, 40, 1, '2024-02-05', 'Completed', 1.02),
    (405, 55, 88, 8, '2025-11-14', 'Waiting On Parts', 1.92),
    (406, 63, 33, 5, '2025-06-14', 'Ready For Pickup', 0.26),
    (407, 1, 165, 6, '2024-06-25', 'Waiting On Parts', 0.49),
    (408, 5, 65, 3, '2024-07-14', 'Completed', 0.87),
    (409, 94, 81, 6, '2025-04-04', 'Completed', 0.46),
    (410, 33, 48, 9, '2024-02-11', 'Completed', 1.66),
    (411, 2, 81, 6, '2024-11-03', 'Completed', 0.37),
    (412, 15, 22, 4, '2024-11-04', 'Completed', 1.93),
    (413, 2, 1, 11, '2024-10-23', 'Waiting On Parts', 1.82),
    (414, 2, 1, 12, '2024-10-17', 'Completed', 0.65),
    (415, 221, 8, 3, '2024-05-21', 'In Progress', 0.56),
    (416, 162, 2, 4, '2024-01-16', 'Completed', 1.63),
    (417, 250, 84, 2, '2025-09-27', 'Completed', 1.02),
    (418, 197, 14, 7, '2024-09-09', 'Waiting On Parts', 0.77),
    (419, 115, 5, 3, '2025-06-20', 'Completed', 0.38),
    (420, 209, 103, 4, '2025-07-05', 'Completed', 0.29),
    (421, 2, 140, 10, '2025-02-05', 'Cancelled', 3.27),
    (422, 124, 205, 4, '2025-11-14', 'Cancelled', 1.09),
    (423, 1, 55, 7, '2025-09-22', 'Cancelled', 2.0),
    (424, 39, 85, 5, '2024-08-21', 'Waiting On Parts', 1.5),
    (425, 22, 68, 5, '2024-05-07', 'Ready For Pickup', 0.36),
    (426, 21, 26, 3, '2025-08-20', 'Completed', 0.42),
    (427, 128, 12, 3, '2024-04-23', 'Completed', 0.89),
    (428, 205, 2, 9, '2024-05-14', 'Waiting On Parts', 3.93),
    (429, 2, 30, 5, '2024-03-08', 'Completed', 1.21),
    (430, 101, 238, 7, '2025-11-17', 'In Progress', 0.3),
    (431, 7, 2, 11, '2024-10-25', 'Ready For Pickup', 0.75),
    (432, 52, 15, 5, '2025-09-04', 'Ready For Pickup', 3.21),
    (433, 181, 11, 6, '2024-06-16', 'Completed', 1.26),
    (434, 5, 229, 8, '2024-10-12', 'Cancelled', 0.3),
    (435, 4, 61, 1, '2025-05-17', 'Ready For Pickup', 0.62),
    (436, 76, 44, 12, '2024-11-05', 'Waiting On Parts', 3.06),
    (437, 20, 39, 12, '2024-10-16', 'Completed', 1.87),
    (438, 1, 70, 6, '2024-12-29', 'In Progress', 0.9),
    (439, 18, 195, 8, '2025-12-11', 'In Progress', 1.37),
    (440, 1, 6, 8, '2025-06-15', 'Ready For Pickup', 11.0),
    (441, 70, 133, 5, '2025-03-11', 'Waiting On Parts', 0.63),
    (442, 83, 1, 7, '2024-05-03', 'Completed', 11.0),
    (443, 169, 7, 4, '2025-07-17', 'In Progress', 0.36),
    (444, 1, 38, 2, '2024-08-30', 'In Progress', 0.49),
    (445, 205, 155, 1, '2025-11-01', 'Waiting On Parts', 0.38),
    (446, 126, 56, 9, '2025-04-22', 'Waiting On Parts', 0.39),
    (447, 1, 11, 12, '2025-03-19', 'Completed', 1.68),
    (448, 23, 103, 12, '2025-06-05', 'In Progress', 1.34),
    (449, 148, 5, 9, '2025-03-31', 'Waiting On Parts', 0.48),
    (450, 35, 140, 11, '2024-10-16', 'Completed', 1.38),
    (451, 2, 82, 6, '2025-04-22', 'In Progress', 0.66),
    (452, 6, 36, 10, '2024-09-27', 'In Progress', 0.85),
    (453, 7, 8, 5, '2025-07-30', 'In Progress', 2.64),
    (454, 127, 176, 10, '2024-06-12', 'Ready For Pickup', 10.93),
    (455, 1, 1, 1, '2024-03-23', 'Cancelled', 0.6),
    (456, 1, 49, 12, '2024-08-19', 'In Progress', 0.33),
    (457, 30, 3, 10, '2025-09-12', 'Waiting On Parts', 3.25),
    (458, 19, 13, 10, '2024-11-20', 'Ready For Pickup', 1.08),
    (459, 1, 63, 12, '2025-12-13', 'Waiting On Parts', 2.68),
    (460, 45, 1, 6, '2025-06-01', 'Ready For Pickup', 0.98),
    (461, 59, 37, 11, '2025-10-07', 'Cancelled', 2.36),
    (462, 237, 18, 12, '2025-11-22', 'Waiting On Parts', 1.61),
    (463, 55, 184, 8, '2025-07-19', 'Completed', 0.53),
    (464, 137, 215, 5, '2024-08-24', 'Cancelled', 0.61),
    (465, 85, 85, 1, '2025-12-09', 'In Progress', 0.87),
    (466, 174, 120, 8, '2025-02-09', 'In Progress', 0.34),
    (467, 108, 26, 11, '2025-09-17', 'Cancelled', 0.69),
    (468, 1, 41, 5, '2024-05-14', 'Waiting On Parts', 0.25),
    (469, 10, 95, 10, '2024-03-20', 'Waiting On Parts', 6.65),
    (470, 1, 2, 1, '2024-10-31', 'Ready For Pickup', 0.44),
    (471, 154, 49, 4, '2024-03-02', 'Cancelled', 1.07),
    (472, 2, 123, 3, '2025-09-25', 'Completed', 0.63),
    (473, 55, 182, 11, '2025-05-07', 'Completed', 0.45),
    (474, 6, 29, 11, '2025-08-11', 'Waiting On Parts', 11.0),
    (475, 104, 143, 2, '2025-01-15', 'Completed', 1.2),
    (476, 6, 1, 4, '2024-02-20', 'In Progress', 2.01),
    (477, 49, 3, 1, '2024-02-22', 'Completed', 0.49),
    (478, 256, 78, 5, '2024-03-30', 'In Progress', 0.48),
    (479, 1, 2, 11, '2024-08-04', 'In Progress', 0.6),
    (480, 238, 104, 6, '2025-05-11', 'Completed', 1.21),
    (481, 1, 152, 5, '2025-07-19', 'In Progress', 11.0),
    (482, 84, 17, 11, '2025-11-13', 'In Progress', 0.44),
    (483, 20, 57, 10, '2025-08-19', 'Waiting On Parts', 0.82),
    (484, 7, 2, 9, '2025-05-13', 'In Progress', 10.45),
    (485, 19, 5, 11, '2025-10-05', 'Waiting On Parts', 0.67),
    (486, 128, 24, 7, '2025-08-08', 'Completed', 0.34),
    (487, 36, 87, 11, '2024-05-12', 'Ready For Pickup', 0.78),
    (488, 207, 15, 9, '2025-06-29', 'Completed', 1.43),
    (489, 19, 4, 7, '2024-06-11', 'Waiting On Parts', 4.7),
    (490, 244, 11, 8, '2024-09-13', 'Ready For Pickup', 1.69),
    (491, 128, 22, 12, '2024-03-20', 'Cancelled', 5.99),
    (492, 49, 184, 4, '2024-05-30', 'In Progress', 2.3),
    (493, 114, 60, 6, '2024-12-18', 'Waiting On Parts', 0.29),
    (494, 13, 41, 12, '2025-11-14', 'In Progress', 0.99),
    (495, 177, 24, 10, '2024-12-14', 'Completed', 1.4),
    (496, 6, 19, 5, '2024-09-07', 'Completed', 3.19),
    (497, 3, 15, 9, '2024-02-23', 'Completed', 1.66),
    (498, 22, 5, 7, '2024-08-04', 'Completed', 1.66),
    (499, 51, 77, 9, '2024-02-10', 'Completed', 0.79),
    (500, 218, 1, 6, '2025-07-31', 'In Progress', 0.7),
    (501, 46, 3, 9, '2024-10-29', 'Ready For Pickup', 1.77),
    (502, 3, 46, 4, '2024-11-25', 'In Progress', 2.33),
    (503, 110, 233, 3, '2024-11-15', 'In Progress', 1.34),
    (504, 61, 63, 3, '2024-08-04', 'Completed', 2.75),
    (505, 13, 118, 2, '2024-06-25', 'Ready For Pickup', 0.25),
    (506, 5, 21, 3, '2025-04-30', 'Ready For Pickup', 1.29),
    (507, 175, 2, 6, '2024-06-09', 'In Progress', 9.79),
    (508, 7, 200, 9, '2024-05-19', 'Completed', 0.48),
    (509, 164, 96, 12, '2024-05-14', 'In Progress', 1.58),
    (510, 1, 1, 6, '2024-04-07', 'In Progress', 0.37),
    (511, 8, 46, 10, '2024-12-16', 'Waiting On Parts', 0.39),
    (512, 10, 186, 2, '2024-03-07', 'Ready For Pickup', 4.79),
    (513, 33, 207, 1, '2024-05-31', 'Cancelled', 0.33),
    (514, 7, 6, 11, '2025-08-22', 'Completed', 0.62),
    (515, 7, 258, 12, '2025-01-17', 'In Progress', 0.34),
    (516, 5, 9, 8, '2024-10-16', 'Completed', 1.67),
    (517, 18, 181, 2, '2024-02-10', 'Completed', 0.54),
    (518, 9, 18, 1, '2025-05-07', 'In Progress', 1.44),
    (519, 4, 26, 5, '2025-10-05', 'Completed', 1.93),
    (520, 1, 4, 3, '2024-09-19', 'In Progress', 0.59),
    (521, 10, 153, 12, '2024-12-16', 'Completed', 0.59),
    (522, 73, 34, 3, '2024-10-04', 'Completed', 1.45),
    (523, 5, 107, 1, '2024-08-23', 'Completed', 2.7),
    (524, 29, 121, 6, '2024-06-12', 'In Progress', 8.71),
    (525, 44, 2, 7, '2025-06-28', 'Waiting On Parts', 0.54),
    (526, 3, 21, 2, '2024-03-04', 'Completed', 0.71),
    (527, 60, 16, 9, '2025-07-18', 'Completed', 0.57),
    (528, 6, 11, 11, '2025-12-03', 'Completed', 0.71),
    (529, 19, 9, 5, '2024-07-01', 'Completed', 0.48),
    (530, 42, 6, 7, '2025-11-01', 'In Progress', 11.0),
    (531, 157, 141, 10, '2024-03-19', 'In Progress', 0.39),
    (532, 5, 11, 3, '2025-12-09', 'Ready For Pickup', 0.75),
    (533, 6, 22, 5, '2024-05-06', 'Ready For Pickup', 1.84),
    (534, 46, 20, 8, '2025-06-30', 'Completed', 1.05),
    (535, 2, 206, 10, '2025-06-19', 'Waiting On Parts', 1.41),
    (536, 165, 42, 1, '2025-12-15', 'Waiting On Parts', 0.76),
    (537, 141, 73, 11, '2025-07-23', 'Waiting On Parts', 0.39),
    (538, 24, 233, 2, '2024-09-19', 'Completed', 1.18),
    (539, 2, 83, 4, '2025-11-19', 'Completed', 1.15),
    (540, 51, 11, 10, '2024-12-01', 'Ready For Pickup', 0.62),
    (541, 11, 60, 8, '2025-01-28', 'Completed', 0.88),
    (542, 2, 36, 6, '2025-11-01', 'Completed', 0.84),
    (543, 6, 44, 3, '2025-07-21', 'Completed', 1.28),
    (544, 89, 181, 8, '2024-12-09', 'Completed', 0.38),
    (545, 2, 4, 10, '2025-04-07', 'Ready For Pickup', 1.67),
    (546, 10, 187, 4, '2024-08-08', 'Waiting On Parts', 11.0),
    (547, 167, 194, 12, '2025-11-13', 'In Progress', 0.32),
    (548, 3, 90, 3, '2024-11-18', 'Ready For Pickup', 0.41),
    (549, 27, 18, 1, '2024-05-23', 'In Progress', 1.19),
    (550, 157, 99, 2, '2024-12-25', 'In Progress', 1.81),
    (551, 28, 258, 2, '2025-08-30', 'Waiting On Parts', 0.88),
    (552, 4, 2, 10, '2025-01-12', 'Waiting On Parts', 0.51),
    (553, 10, 53, 4, '2025-11-18', 'In Progress', 3.24),
    (554, 2, 199, 8, '2025-09-28', 'Cancelled', 0.48),
    (555, 88, 15, 7, '2024-08-12', 'Waiting On Parts', 0.76),
    (556, 12, 120, 12, '2025-08-24', 'Ready For Pickup', 0.54),
    (557, 193, 231, 10, '2025-07-07', 'Waiting On Parts', 1.86),
    (558, 142, 1, 3, '2024-11-14', 'Cancelled', 0.32),
    (559, 6, 33, 1, '2025-03-04', 'Ready For Pickup', 0.62),
    (560, 3, 10, 4, '2024-06-29', 'Completed', 1.76),
    (561, 239, 10, 7, '2025-08-23', 'Waiting On Parts', 0.75),
    (562, 6, 33, 7, '2024-11-17', 'In Progress', 1.18),
    (563, 122, 24, 3, '2024-10-25', 'In Progress', 3.39),
    (564, 57, 107, 10, '2025-12-10', 'Completed', 2.75),
    (565, 13, 4, 8, '2024-04-18', 'Completed', 0.61),
    (566, 1, 71, 9, '2025-05-04', 'Completed', 0.38),
    (567, 177, 85, 2, '2024-08-09', 'Ready For Pickup', 0.47),
    (568, 26, 4, 5, '2025-06-07', 'Cancelled', 5.36),
    (569, 41, 3, 10, '2025-11-10', 'Ready For Pickup', 10.39),
    (570, 118, 82, 2, '2024-10-06', 'Waiting On Parts', 0.53),
    (571, 216, 92, 9, '2024-06-02', 'Cancelled', 1.2),
    (572, 208, 1, 4, '2025-09-04', 'Completed', 1.23),
    (573, 2, 10, 9, '2024-03-13', 'In Progress', 11.0),
    (574, 1, 160, 1, '2025-11-02', 'Completed', 0.46),
    (575, 2, 3, 8, '2025-10-13', 'Completed', 0.57),
    (576, 15, 26, 5, '2024-03-11', 'Completed', 0.26),
    (577, 12, 42, 4, '2024-06-05', 'Completed', 5.8),
    (578, 2, 28, 5, '2025-08-22', 'In Progress', 0.33),
    (579, 20, 104, 5, '2024-04-21', 'Completed', 0.9),
    (580, 11, 2, 2, '2024-09-18', 'In Progress', 3.1),
    (581, 53, 10, 8, '2025-07-03', 'Cancelled', 0.38),
    (582, 215, 120, 6, '2025-11-11', 'Completed', 2.53),
    (583, 1, 12, 1, '2024-11-15', 'In Progress', 2.63),
    (584, 7, 53, 12, '2025-11-17', 'Ready For Pickup', 0.6),
    (585, 1, 4, 7, '2025-09-27', 'In Progress', 1.07),
    (586, 70, 24, 12, '2024-06-02', 'Completed', 2.2),
    (587, 69, 1, 12, '2025-03-20', 'Completed', 1.7),
    (588, 6, 5, 6, '2025-10-04', 'Completed', 2.67),
    (589, 30, 171, 9, '2025-03-21', 'Completed', 0.35),
    (590, 77, 17, 1, '2025-12-07', 'Waiting On Parts', 1.37),
    (591, 10, 240, 2, '2025-01-18', 'Completed', 1.23),
    (592, 97, 43, 1, '2024-06-19', 'Completed', 0.44),
    (593, 50, 41, 5, '2024-06-07', 'In Progress', 2.26),
    (594, 1, 2, 6, '2025-07-19', 'Ready For Pickup', 0.52),
    (595, 10, 84, 7, '2025-09-13', 'Completed', 0.8),
    (596, 3, 95, 6, '2024-08-23', 'Waiting On Parts', 0.32),
    (597, 15, 9, 4, '2024-02-09', 'In Progress', 3.32),
    (598, 48, 3, 1, '2025-09-29', 'Completed', 0.7),
    (599, 41, 112, 9, '2025-09-18', 'Completed', 0.75),
    (600, 8, 2, 7, '2025-10-02', 'In Progress', 1.65);

INSERT INTO `repairOrders` (`repairOrderId`, `bikeId`, `employeeId`, `storeId`, `dropOffDate`, `status`, `laborHours`) VALUES
    (601, 5, 87, 10, '2024-09-11', 'Completed', 0.91),
    (602, 1, 70, 4, '2025-07-16', 'Waiting On Parts', 2.21),
    (603, 79, 2, 10, '2024-09-09', 'In Progress', 2.94),
    (604, 166, 56, 6, '2025-07-23', 'Completed', 1.22),
    (605, 66, 103, 6, '2025-07-19', 'Waiting On Parts', 0.37),
    (606, 69, 253, 8, '2025-08-21', 'Completed', 0.5),
    (607, 36, 21, 4, '2025-12-07', 'Cancelled', 0.6),
    (608, 1, 1, 1, '2024-05-05', 'Cancelled', 1.12),
    (609, 63, 11, 5, '2025-03-08', 'In Progress', 0.95),
    (610, 32, 3, 8, '2024-08-15', 'Completed', 0.31),
    (611, 24, 145, 4, '2025-04-27', 'Completed', 1.35),
    (612, 68, 9, 5, '2024-02-22', 'Completed', 3.2),
    (613, 16, 83, 7, '2024-09-07', 'Cancelled', 0.78),
    (614, 53, 129, 10, '2024-06-01', 'Waiting On Parts', 2.49),
    (615, 42, 7, 3, '2024-07-22', 'Completed', 2.43),
    (616, 35, 21, 11, '2024-11-20', 'Completed', 0.39),
    (617, 193, 106, 6, '2025-05-04', 'Ready For Pickup', 3.23),
    (618, 5, 1, 5, '2025-11-27', 'Completed', 1.26),
    (619, 2, 13, 10, '2024-05-14', 'Completed', 0.77),
    (620, 117, 39, 7, '2025-06-27', 'Cancelled', 0.51),
    (621, 43, 171, 12, '2025-09-07', 'In Progress', 1.94),
    (622, 18, 8, 8, '2024-04-01', 'Completed', 1.6),
    (623, 24, 2, 3, '2024-11-12', 'Completed', 1.4),
    (624, 7, 3, 12, '2024-06-08', 'Waiting On Parts', 0.8),
    (625, 63, 218, 4, '2024-12-19', 'Waiting On Parts', 1.11),
    (626, 216, 144, 10, '2024-03-01', 'Cancelled', 6.75),
    (627, 1, 3, 12, '2025-05-08', 'Completed', 0.67),
    (628, 2, 49, 1, '2025-03-23', 'Completed', 0.28),
    (629, 46, 1, 10, '2025-11-04', 'Completed', 0.63),
    (630, 1, 15, 7, '2024-08-03', 'Completed', 1.36),
    (631, 259, 1, 3, '2025-02-23', 'Completed', 3.8),
    (632, 44, 1, 10, '2024-12-28', 'Ready For Pickup', 0.98),
    (633, 139, 131, 7, '2025-11-24', 'Completed', 2.95),
    (634, 41, 20, 8, '2025-12-15', 'Completed', 2.87),
    (635, 47, 23, 12, '2024-12-09', 'Ready For Pickup', 0.28),
    (636, 38, 6, 7, '2024-07-29', 'In Progress', 1.61),
    (637, 197, 205, 10, '2024-06-04', 'Completed', 0.6),
    (638, 5, 2, 2, '2025-03-15', 'Completed', 0.55),
    (639, 1, 28, 8, '2024-05-11', 'Ready For Pickup', 0.26),
    (640, 2, 229, 12, '2025-04-27', 'Completed', 0.81),
    (641, 1, 210, 12, '2025-10-12', 'In Progress', 2.66),
    (642, 1, 36, 2, '2024-08-04', 'Completed', 4.98),
    (643, 98, 15, 11, '2025-03-30', 'Waiting On Parts', 2.29),
    (644, 49, 90, 3, '2025-03-30', 'Completed', 1.96),
    (645, 31, 47, 10, '2024-03-28', 'Waiting On Parts', 1.4),
    (646, 111, 3, 4, '2025-06-27', 'In Progress', 0.59),
    (647, 4, 2, 10, '2025-05-03', 'Ready For Pickup', 0.77),
    (648, 1, 201, 12, '2024-06-02', 'Ready For Pickup', 5.1),
    (649, 7, 202, 10, '2024-06-06', 'Completed', 0.59),
    (650, 208, 108, 5, '2025-12-07', 'In Progress', 0.47),
    (651, 1, 144, 1, '2024-07-03', 'Completed', 0.88),
    (652, 1, 3, 12, '2024-06-06', 'Completed', 0.4),
    (653, 1, 98, 6, '2024-05-06', 'Cancelled', 1.53),
    (654, 8, 11, 3, '2025-06-10', 'Cancelled', 11.0),
    (655, 67, 39, 3, '2024-11-16', 'In Progress', 0.7),
    (656, 112, 161, 5, '2025-05-27', 'Ready For Pickup', 2.5),
    (657, 15, 33, 5, '2024-09-29', 'Ready For Pickup', 2.15),
    (658, 3, 5, 6, '2024-03-01', 'Completed', 0.85),
    (659, 160, 256, 1, '2024-12-09', 'Completed', 0.43),
    (660, 9, 140, 6, '2024-06-02', 'Completed', 0.39),
    (661, 150, 49, 4, '2025-06-24', 'Completed', 0.39),
    (662, 246, 6, 7, '2025-11-11', 'Cancelled', 0.3),
    (663, 187, 11, 4, '2024-08-07', 'Completed', 1.1),
    (664, 3, 214, 12, '2024-11-28', 'Completed', 1.62),
    (665, 30, 83, 11, '2025-08-29', 'Completed', 1.27),
    (666, 10, 20, 5, '2025-02-23', 'Ready For Pickup', 1.03),
    (667, 76, 191, 7, '2025-10-23', 'Completed', 1.76),
    (668, 132, 39, 3, '2024-10-19', 'Completed', 0.45),
    (669, 61, 178, 6, '2024-06-24', 'Waiting On Parts', 0.64),
    (670, 168, 10, 7, '2025-06-17', 'Completed', 3.19),
    (671, 5, 5, 10, '2024-04-05', 'Completed', 1.5),
    (672, 24, 8, 12, '2024-09-06', 'Completed', 3.6),
    (673, 27, 45, 8, '2025-04-19', 'In Progress', 0.41),
    (674, 60, 80, 1, '2024-11-29', 'Waiting On Parts', 1.17),
    (675, 2, 9, 1, '2024-11-16', 'In Progress', 0.49),
    (676, 1, 77, 12, '2024-12-15', 'Waiting On Parts', 1.16),
    (677, 11, 146, 3, '2024-09-28', 'Completed', 2.01),
    (678, 224, 203, 1, '2024-09-03', 'Completed', 0.51),
    (679, 24, 254, 5, '2025-06-13', 'Completed', 0.61),
    (680, 82, 35, 9, '2024-10-08', 'Completed', 1.78),
    (681, 70, 7, 7, '2025-12-09', 'Completed', 1.9),
    (682, 185, 15, 2, '2024-12-04', 'Waiting On Parts', 1.42),
    (683, 2, 53, 6, '2024-12-22', 'In Progress', 1.01),
    (684, 2, 200, 9, '2024-04-15', 'Completed', 0.75),
    (685, 13, 4, 11, '2025-11-02', 'In Progress', 1.56),
    (686, 64, 28, 4, '2025-02-25', 'Completed', 0.65),
    (687, 7, 200, 1, '2025-11-21', 'Ready For Pickup', 0.59),
    (688, 203, 18, 9, '2025-11-30', 'Completed', 1.54),
    (689, 16, 11, 7, '2025-07-05', 'Completed', 0.94),
    (690, 176, 16, 8, '2024-03-26', 'Completed', 1.0),
    (691, 227, 82, 4, '2024-03-20', 'Cancelled', 5.3),
    (692, 26, 146, 6, '2024-09-29', 'Waiting On Parts', 3.25),
    (693, 2, 96, 2, '2025-07-22', 'Completed', 2.28),
    (694, 7, 94, 9, '2025-08-27', 'Ready For Pickup', 0.62),
    (695, 62, 29, 10, '2024-05-24', 'Ready For Pickup', 1.77),
    (696, 37, 82, 3, '2025-03-16', 'Waiting On Parts', 2.55),
    (697, 63, 192, 9, '2025-01-28', 'Ready For Pickup', 1.93),
    (698, 102, 1, 10, '2024-06-03', 'In Progress', 0.92),
    (699, 136, 200, 12, '2025-07-13', 'Completed', 1.76),
    (700, 52, 5, 12, '2024-10-10', 'In Progress', 0.81),
    (701, 1, 20, 9, '2024-04-18', 'Completed', 0.79),
    (702, 50, 3, 2, '2025-04-15', 'Completed', 0.45),
    (703, 202, 118, 2, '2024-05-05', 'Waiting On Parts', 0.27),
    (704, 40, 20, 5, '2025-05-06', 'Ready For Pickup', 0.53),
    (705, 12, 138, 1, '2024-09-22', 'Completed', 1.29),
    (706, 12, 220, 3, '2024-08-02', 'In Progress', 2.56),
    (707, 79, 6, 8, '2025-03-22', 'Completed', 0.4),
    (708, 168, 78, 5, '2024-11-24', 'Completed', 0.28),
    (709, 17, 5, 4, '2024-03-30', 'Completed', 1.19),
    (710, 32, 126, 12, '2024-03-03', 'Cancelled', 1.02),
    (711, 4, 180, 9, '2024-09-14', 'Completed', 1.48),
    (712, 193, 137, 1, '2024-07-10', 'Ready For Pickup', 1.03),
    (713, 68, 57, 3, '2024-07-07', 'Ready For Pickup', 0.33),
    (714, 28, 5, 6, '2025-06-08', 'Completed', 0.74),
    (715, 3, 13, 11, '2025-05-07', 'Completed', 3.26),
    (716, 3, 1, 9, '2024-11-03', 'Completed', 1.07),
    (717, 41, 30, 11, '2025-10-30', 'Waiting On Parts', 0.29),
    (718, 18, 46, 7, '2024-12-15', 'Waiting On Parts', 0.77),
    (719, 44, 17, 4, '2025-04-17', 'Completed', 0.81),
    (720, 90, 53, 12, '2025-03-02', 'Waiting On Parts', 0.48),
    (721, 66, 5, 7, '2024-03-12', 'Cancelled', 2.67),
    (722, 60, 26, 5, '2024-03-21', 'Completed', 1.77),
    (723, 234, 77, 4, '2025-04-06', 'Ready For Pickup', 0.72),
    (724, 24, 183, 5, '2024-10-26', 'Completed', 0.35),
    (725, 47, 87, 4, '2025-11-10', 'Completed', 0.99),
    (726, 21, 28, 2, '2024-08-17', 'Completed', 0.32),
    (727, 204, 17, 5, '2025-09-16', 'Completed', 3.08),
    (728, 113, 135, 4, '2025-11-25', 'Cancelled', 1.75),
    (729, 125, 152, 6, '2024-07-26', 'In Progress', 0.27),
    (730, 209, 47, 7, '2024-05-04', 'Ready For Pickup', 1.32),
    (731, 4, 1, 1, '2024-03-02', 'Completed', 1.5),
    (732, 23, 10, 2, '2024-06-04', 'In Progress', 2.33),
    (733, 170, 10, 11, '2024-06-13', 'Completed', 0.33),
    (734, 3, 27, 4, '2025-03-05', 'Waiting On Parts', 0.94),
    (735, 1, 1, 5, '2024-12-09', 'Completed', 1.97),
    (736, 186, 166, 11, '2024-08-27', 'Ready For Pickup', 0.55),
    (737, 1, 1, 9, '2025-12-11', 'Completed', 0.73),
    (738, 132, 94, 2, '2025-08-29', 'Completed', 0.33),
    (739, 3, 61, 4, '2025-10-18', 'Ready For Pickup', 1.03),
    (740, 174, 1, 4, '2025-06-05', 'Ready For Pickup', 1.62),
    (741, 191, 13, 2, '2025-11-19', 'Completed', 0.35),
    (742, 237, 65, 3, '2025-09-29', 'Cancelled', 0.26),
    (743, 64, 223, 7, '2025-04-11', 'Ready For Pickup', 0.45),
    (744, 8, 3, 8, '2025-08-26', 'In Progress', 3.04),
    (745, 92, 105, 6, '2025-11-07', 'Waiting On Parts', 0.28),
    (746, 98, 60, 11, '2025-12-11', 'Ready For Pickup', 0.29),
    (747, 1, 17, 6, '2025-12-04', 'Completed', 0.39),
    (748, 22, 20, 7, '2025-08-25', 'Completed', 2.02),
    (749, 80, 41, 4, '2025-04-12', 'Completed', 0.47),
    (750, 24, 217, 3, '2025-11-19', 'In Progress', 11.0),
    (751, 27, 9, 7, '2025-08-30', 'In Progress', 0.54),
    (752, 54, 3, 10, '2024-07-24', 'Completed', 0.47),
    (753, 14, 182, 6, '2025-04-07', 'Ready For Pickup', 3.32),
    (754, 15, 163, 10, '2024-05-14', 'In Progress', 5.78),
    (755, 52, 56, 10, '2025-05-22', 'Completed', 1.38),
    (756, 7, 82, 12, '2024-06-25', 'Completed', 2.37),
    (757, 13, 10, 6, '2025-12-11', 'Waiting On Parts', 2.07),
    (758, 83, 2, 9, '2024-06-29', 'Completed', 0.49),
    (759, 116, 30, 3, '2025-01-22', 'Completed', 2.99),
    (760, 99, 203, 9, '2025-05-24', 'Completed', 0.5),
    (761, 1, 6, 1, '2024-10-27', 'In Progress', 0.84),
    (762, 99, 163, 11, '2024-12-27', 'Waiting On Parts', 0.68),
    (763, 2, 7, 4, '2024-11-21', 'Cancelled', 0.67),
    (764, 2, 13, 12, '2024-03-18', 'Completed', 0.62),
    (765, 136, 79, 4, '2025-12-06', 'In Progress', 6.56),
    (766, 2, 3, 9, '2024-10-31', 'Completed', 0.3),
    (767, 91, 10, 2, '2024-11-15', 'Cancelled', 0.82),
    (768, 236, 9, 12, '2024-02-10', 'Cancelled', 0.3),
    (769, 140, 136, 3, '2025-03-24', 'Completed', 1.4),
    (770, 8, 46, 7, '2025-05-12', 'In Progress', 0.96),
    (771, 6, 161, 4, '2024-01-06', 'Waiting On Parts', 0.31),
    (772, 60, 55, 2, '2025-05-22', 'In Progress', 0.32),
    (773, 1, 177, 8, '2024-08-28', 'Ready For Pickup', 0.81),
    (774, 205, 123, 7, '2025-08-15', 'Waiting On Parts', 2.93),
    (775, 97, 45, 12, '2025-06-20', 'Waiting On Parts', 1.58),
    (776, 42, 114, 4, '2024-03-05', 'Completed', 0.32),
    (777, 45, 2, 1, '2024-08-09', 'Ready For Pickup', 0.72),
    (778, 2, 3, 4, '2024-12-06', 'Completed', 0.6),
    (779, 99, 118, 6, '2024-09-11', 'Completed', 0.43),
    (780, 1, 2, 11, '2025-02-04', 'Cancelled', 0.66),
    (781, 38, 115, 4, '2025-02-07', 'In Progress', 0.68),
    (782, 1, 3, 1, '2024-08-17', 'Completed', 4.17),
    (783, 102, 83, 5, '2024-07-30', 'In Progress', 0.82),
    (784, 260, 115, 12, '2024-03-01', 'Completed', 9.88),
    (785, 1, 3, 10, '2025-12-02', 'Cancelled', 0.57),
    (786, 2, 82, 6, '2024-02-04', 'In Progress', 0.31),
    (787, 1, 257, 3, '2024-01-17', 'In Progress', 11.0),
    (788, 29, 113, 1, '2024-10-23', 'Ready For Pickup', 0.46),
    (789, 7, 10, 2, '2024-06-14', 'Waiting On Parts', 2.53),
    (790, 2, 71, 5, '2024-06-03', 'Ready For Pickup', 0.68),
    (791, 2, 6, 10, '2025-06-15', 'Cancelled', 1.02),
    (792, 30, 60, 11, '2025-08-02', 'Cancelled', 0.99),
    (793, 243, 13, 4, '2025-09-25', 'Completed', 0.6),
    (794, 229, 257, 7, '2024-08-09', 'Cancelled', 0.27),
    (795, 3, 2, 9, '2024-04-01', 'Waiting On Parts', 1.7),
    (796, 249, 36, 3, '2024-03-25', 'In Progress', 0.76),
    (797, 26, 1, 6, '2024-09-17', 'Completed', 0.34),
    (798, 115, 5, 10, '2024-12-09', 'Waiting On Parts', 1.4),
    (799, 202, 212, 10, '2025-08-14', 'Completed', 1.68),
    (800, 9, 47, 3, '2024-05-08', 'Waiting On Parts', 1.5);

INSERT INTO `repairOrders` (`repairOrderId`, `bikeId`, `employeeId`, `storeId`, `dropOffDate`, `status`, `laborHours`) VALUES
    (801, 1, 46, 4, '2025-08-11', 'Waiting On Parts', 1.52),
    (802, 4, 46, 1, '2025-07-07', 'Ready For Pickup', 0.46),
    (803, 58, 126, 11, '2024-12-22', 'Completed', 1.26),
    (804, 5, 4, 11, '2024-05-17', 'Waiting On Parts', 0.79),
    (805, 176, 8, 5, '2024-10-13', 'Completed', 1.28),
    (806, 57, 14, 6, '2025-12-08', 'Ready For Pickup', 0.73),
    (807, 5, 46, 10, '2024-02-25', 'Waiting On Parts', 1.47),
    (808, 21, 11, 9, '2024-06-22', 'Completed', 1.46),
    (809, 5, 98, 4, '2024-05-12', 'Cancelled', 0.31),
    (810, 148, 121, 7, '2025-08-05', 'Completed', 2.77),
    (811, 65, 15, 9, '2024-10-22', 'In Progress', 2.2),
    (812, 98, 2, 5, '2025-08-24', 'In Progress', 2.03),
    (813, 5, 147, 11, '2025-07-16', 'In Progress', 0.36),
    (814, 24, 20, 1, '2024-02-28', 'Cancelled', 0.48),
    (815, 25, 53, 11, '2024-12-09', 'Cancelled', 0.3),
    (816, 162, 9, 12, '2025-07-31', 'Completed', 1.19),
    (817, 41, 24, 5, '2024-08-28', 'Completed', 0.98),
    (818, 88, 253, 5, '2024-06-27', 'In Progress', 0.46),
    (819, 8, 144, 11, '2024-06-21', 'Waiting On Parts', 1.56),
    (820, 214, 1, 8, '2024-05-23', 'Cancelled', 11.0),
    (821, 200, 1, 2, '2024-11-24', 'In Progress', 0.48),
    (822, 165, 69, 3, '2025-12-08', 'In Progress', 0.7),
    (823, 1, 143, 11, '2025-05-18', 'Completed', 2.08),
    (824, 11, 185, 10, '2024-06-02', 'Waiting On Parts', 1.65),
    (825, 5, 3, 11, '2025-11-03', 'Completed', 0.52),
    (826, 122, 109, 5, '2024-12-25', 'Completed', 3.79),
    (827, 62, 37, 10, '2024-06-15', 'Waiting On Parts', 1.36),
    (828, 29, 123, 9, '2025-10-21', 'Waiting On Parts', 0.55),
    (829, 179, 126, 12, '2024-08-28', 'Completed', 0.82),
    (830, 13, 18, 2, '2025-10-03', 'Cancelled', 0.74),
    (831, 4, 4, 7, '2025-04-03', 'Waiting On Parts', 5.63),
    (832, 3, 62, 11, '2025-01-14', 'In Progress', 0.7),
    (833, 50, 35, 10, '2025-11-13', 'Cancelled', 1.38),
    (834, 13, 1, 7, '2025-08-13', 'Waiting On Parts', 0.27),
    (835, 159, 3, 7, '2024-11-06', 'Cancelled', 1.46),
    (836, 43, 2, 7, '2024-07-26', 'In Progress', 0.48),
    (837, 164, 38, 4, '2024-08-20', 'Ready For Pickup', 0.41),
    (838, 47, 3, 6, '2025-09-21', 'Ready For Pickup', 1.32),
    (839, 26, 79, 5, '2024-12-08', 'Completed', 0.69),
    (840, 180, 89, 2, '2024-05-15', 'Completed', 0.46),
    (841, 48, 156, 2, '2024-10-23', 'Ready For Pickup', 0.38),
    (842, 2, 66, 4, '2025-07-21', 'Ready For Pickup', 2.08),
    (843, 38, 3, 3, '2025-06-30', 'Waiting On Parts', 0.36),
    (844, 26, 1, 7, '2025-02-22', 'Completed', 3.01),
    (845, 64, 205, 6, '2025-12-15', 'In Progress', 0.69),
    (846, 34, 2, 3, '2024-06-19', 'In Progress', 11.0),
    (847, 103, 34, 12, '2025-03-17', 'Completed', 0.98),
    (848, 66, 4, 6, '2024-04-03', 'Completed', 1.63),
    (849, 16, 1, 10, '2024-09-05', 'Completed', 0.82),
    (850, 3, 2, 2, '2025-10-29', 'Ready For Pickup', 0.35),
    (851, 2, 21, 7, '2025-10-20', 'Waiting On Parts', 1.58),
    (852, 4, 169, 10, '2025-06-23', 'In Progress', 6.66),
    (853, 1, 140, 9, '2025-06-08', 'Waiting On Parts', 2.02),
    (854, 112, 14, 9, '2024-04-22', 'Completed', 1.37),
    (855, 9, 3, 5, '2024-06-13', 'Waiting On Parts', 0.31),
    (856, 2, 15, 6, '2024-05-01', 'In Progress', 1.07),
    (857, 49, 18, 11, '2024-02-05', 'Completed', 0.53),
    (858, 132, 23, 7, '2025-09-15', 'Cancelled', 0.73),
    (859, 2, 14, 4, '2024-12-22', 'Waiting On Parts', 0.46),
    (860, 20, 3, 8, '2024-12-15', 'Ready For Pickup', 0.56),
    (861, 53, 6, 1, '2024-09-07', 'Cancelled', 0.8),
    (862, 113, 46, 8, '2024-01-14', 'In Progress', 11.0),
    (863, 27, 1, 11, '2024-05-03', 'Ready For Pickup', 2.36),
    (864, 141, 39, 11, '2024-03-31', 'In Progress', 0.42),
    (865, 59, 3, 6, '2024-12-02', 'Completed', 1.98),
    (866, 91, 11, 3, '2024-05-03', 'Completed', 0.37),
    (867, 2, 57, 4, '2025-10-27', 'Completed', 0.5),
    (868, 125, 58, 10, '2025-04-13', 'Cancelled', 1.49),
    (869, 39, 231, 3, '2024-04-18', 'Ready For Pickup', 11.0),
    (870, 111, 107, 9, '2024-11-20', 'Completed', 1.1),
    (871, 1, 27, 4, '2024-02-08', 'Completed', 1.63),
    (872, 15, 55, 4, '2025-07-10', 'Completed', 5.11),
    (873, 2, 168, 7, '2025-12-10', 'Cancelled', 3.24),
    (874, 30, 12, 9, '2024-08-11', 'In Progress', 0.66),
    (875, 197, 138, 1, '2024-10-26', 'Waiting On Parts', 0.39),
    (876, 7, 56, 7, '2024-12-06', 'In Progress', 0.76),
    (877, 19, 9, 11, '2024-12-27', 'In Progress', 0.51),
    (878, 70, 61, 2, '2024-10-05', 'Cancelled', 3.72),
    (879, 133, 250, 12, '2024-08-13', 'Completed', 1.95),
    (880, 49, 15, 4, '2024-11-19', 'In Progress', 1.43),
    (881, 21, 166, 6, '2025-10-07', 'Waiting On Parts', 0.5),
    (882, 1, 86, 6, '2024-11-19', 'Cancelled', 0.86),
    (883, 239, 202, 11, '2025-03-03', 'Completed', 0.71),
    (884, 61, 20, 8, '2025-07-05', 'Completed', 2.69),
    (885, 228, 7, 3, '2025-07-22', 'Cancelled', 1.14),
    (886, 2, 3, 5, '2024-02-23', 'Completed', 0.34),
    (887, 4, 139, 9, '2024-11-13', 'Completed', 6.13),
    (888, 61, 38, 2, '2024-10-31', 'Completed', 0.3),
    (889, 36, 38, 11, '2024-09-21', 'Completed', 0.33),
    (890, 1, 15, 5, '2025-10-06', 'Cancelled', 11.0),
    (891, 101, 23, 12, '2025-03-29', 'Completed', 2.65),
    (892, 2, 54, 4, '2024-12-16', 'Ready For Pickup', 0.89),
    (893, 77, 249, 7, '2025-11-03', 'Cancelled', 0.74),
    (894, 1, 3, 3, '2024-05-24', 'Waiting On Parts', 2.47),
    (895, 17, 134, 12, '2024-07-11', 'In Progress', 0.61),
    (896, 90, 232, 7, '2024-10-29', 'Waiting On Parts', 0.37),
    (897, 75, 25, 2, '2025-03-10', 'Completed', 0.37),
    (898, 25, 6, 3, '2024-12-15', 'Completed', 1.34),
    (899, 177, 1, 12, '2025-08-10', 'In Progress', 1.71),
    (900, 30, 141, 10, '2024-10-15', 'Completed', 0.87),
    (901, 1, 224, 5, '2025-06-16', 'Ready For Pickup', 0.49),
    (902, 219, 6, 11, '2024-05-08', 'Completed', 2.17),
    (903, 2, 103, 6, '2024-12-02', 'In Progress', 4.33),
    (904, 48, 227, 8, '2025-07-06', 'Completed', 0.7),
    (905, 44, 49, 12, '2025-03-13', 'Completed', 0.87),
    (906, 1, 174, 4, '2024-11-12', 'Ready For Pickup', 0.5),
    (907, 95, 77, 8, '2024-01-16', 'Completed', 11.0),
    (908, 10, 182, 10, '2025-12-10', 'In Progress', 1.56),
    (909, 1, 3, 5, '2024-05-29', 'In Progress', 2.04),
    (910, 2, 2, 10, '2025-01-13', 'Completed', 1.59),
    (911, 1, 216, 1, '2025-07-17', 'Cancelled', 1.24),
    (912, 69, 27, 9, '2025-11-15', 'In Progress', 0.51),
    (913, 5, 11, 1, '2024-11-24', 'Waiting On Parts', 1.15),
    (914, 206, 96, 3, '2024-05-26', 'Completed', 0.99),
    (915, 161, 130, 10, '2024-04-15', 'Waiting On Parts', 0.32),
    (916, 212, 61, 1, '2025-11-29', 'Waiting On Parts', 2.28),
    (917, 245, 39, 6, '2024-02-18', 'In Progress', 1.0),
    (918, 14, 155, 8, '2025-05-05', 'Completed', 1.14),
    (919, 123, 19, 9, '2024-12-14', 'In Progress', 3.08),
    (920, 19, 84, 2, '2025-09-22', 'Completed', 0.36),
    (921, 25, 52, 8, '2025-08-25', 'Cancelled', 0.46),
    (922, 8, 7, 5, '2025-08-15', 'Completed', 1.27),
    (923, 10, 92, 12, '2025-01-11', 'Completed', 5.05),
    (924, 19, 47, 2, '2024-10-31', 'Completed', 1.76),
    (925, 16, 159, 2, '2025-08-21', 'Waiting On Parts', 0.44),
    (926, 25, 31, 10, '2024-10-17', 'Completed', 0.61),
    (927, 3, 86, 1, '2024-08-11', 'Completed', 0.8),
    (928, 89, 3, 8, '2025-10-26', 'In Progress', 1.59),
    (929, 9, 62, 10, '2024-11-29', 'Ready For Pickup', 4.93),
    (930, 247, 28, 3, '2025-09-10', 'Completed', 0.73),
    (931, 48, 135, 5, '2024-07-28', 'Ready For Pickup', 0.42),
    (932, 172, 19, 1, '2024-11-22', 'Completed', 0.33),
    (933, 137, 74, 12, '2024-05-20', 'In Progress', 3.34),
    (934, 14, 11, 3, '2025-09-21', 'Completed', 1.41),
    (935, 21, 245, 4, '2024-04-01', 'Waiting On Parts', 0.38),
    (936, 5, 224, 3, '2024-12-19', 'Completed', 9.13),
    (937, 1, 66, 7, '2024-07-29', 'Completed', 1.44),
    (938, 2, 28, 9, '2025-03-21', 'In Progress', 0.49),
    (939, 7, 37, 12, '2025-05-07', 'Completed', 0.73),
    (940, 126, 42, 11, '2025-06-14', 'Ready For Pickup', 0.64),
    (941, 74, 5, 9, '2024-10-07', 'Completed', 1.81),
    (942, 152, 50, 7, '2024-09-03', 'Completed', 0.32),
    (943, 86, 5, 6, '2024-07-06', 'Ready For Pickup', 3.52),
    (944, 74, 20, 3, '2024-11-20', 'In Progress', 0.38),
    (945, 4, 1, 7, '2024-10-03', 'Completed', 1.58),
    (946, 172, 11, 7, '2025-09-29', 'Waiting On Parts', 4.08),
    (947, 208, 4, 3, '2025-10-21', 'Waiting On Parts', 4.77),
    (948, 4, 36, 1, '2025-11-22', 'In Progress', 2.0),
    (949, 92, 225, 9, '2024-06-08', 'Completed', 1.2),
    (950, 47, 114, 4, '2025-06-06', 'Completed', 0.75),
    (951, 14, 238, 10, '2024-07-18', 'Completed', 3.03),
    (952, 32, 8, 2, '2024-05-19', 'In Progress', 9.26),
    (953, 225, 18, 7, '2024-04-11', 'Completed', 6.97),
    (954, 53, 74, 12, '2025-06-08', 'In Progress', 1.75),
    (955, 16, 17, 11, '2024-07-09', 'Completed', 0.99),
    (956, 85, 6, 3, '2025-07-09', 'Cancelled', 1.08),
    (957, 71, 255, 9, '2024-06-11', 'Completed', 2.01),
    (958, 34, 1, 10, '2024-11-12', 'Ready For Pickup', 0.4),
    (959, 2, 7, 11, '2025-02-02', 'Cancelled', 0.28),
    (960, 217, 54, 2, '2025-09-23', 'Waiting On Parts', 0.83),
    (961, 1, 27, 10, '2024-05-21', 'In Progress', 0.3),
    (962, 38, 101, 1, '2025-07-03', 'Completed', 0.33),
    (963, 1, 151, 3, '2025-06-08', 'Waiting On Parts', 1.83),
    (964, 10, 29, 9, '2024-10-01', 'In Progress', 0.61),
    (965, 10, 34, 3, '2025-06-27', 'Waiting On Parts', 1.73),
    (966, 91, 9, 2, '2025-10-18', 'Waiting On Parts', 1.11),
    (967, 83, 34, 7, '2025-11-06', 'Completed', 0.44),
    (968, 142, 88, 2, '2024-08-14', 'Completed', 1.22),
    (969, 1, 177, 3, '2024-08-19', 'Completed', 2.28),
    (970, 101, 60, 9, '2025-10-29', 'Completed', 11.0),
    (971, 187, 64, 2, '2024-04-09', 'Completed', 0.25),
    (972, 107, 188, 11, '2025-08-23', 'In Progress', 5.19),
    (973, 3, 243, 9, '2024-04-07', 'Completed', 1.75),
    (974, 85, 53, 6, '2025-08-09', 'Waiting On Parts', 2.1),
    (975, 55, 160, 7, '2025-10-25', 'Completed', 8.53),
    (976, 134, 58, 4, '2025-03-20', 'Completed', 0.33),
    (977, 1, 41, 11, '2024-10-04', 'Completed', 0.4),
    (978, 5, 243, 12, '2025-01-24', 'Cancelled', 1.24),
    (979, 22, 8, 3, '2025-07-13', 'Waiting On Parts', 0.82),
    (980, 158, 232, 1, '2024-12-06', 'Completed', 0.59),
    (981, 1, 17, 5, '2024-02-11', 'In Progress', 0.31),
    (982, 50, 214, 11, '2025-10-27', 'Cancelled', 1.73),
    (983, 10, 9, 2, '2024-06-06', 'Waiting On Parts', 1.06),
    (984, 11, 13, 12, '2025-05-15', 'Waiting On Parts', 0.33),
    (985, 24, 65, 11, '2024-12-21', 'Completed', 0.3),
    (986, 7, 11, 9, '2024-06-30', 'Completed', 0.51),
    (987, 116, 5, 3, '2024-09-23', 'Ready For Pickup', 0.39),
    (988, 19, 1, 8, '2024-10-12', 'In Progress', 0.37),
    (989, 194, 223, 3, '2024-03-12', 'In Progress', 0.61),
    (990, 12, 197, 3, '2025-01-08', 'Waiting On Parts', 0.52),
    (991, 6, 3, 4, '2024-10-17', 'Waiting On Parts', 2.94),
    (992, 22, 64, 8, '2024-05-09', 'Waiting On Parts', 0.42),
    (993, 2, 175, 6, '2024-04-22', 'Completed', 3.2),
    (994, 58, 6, 12, '2024-12-09', 'Completed', 0.79),
    (995, 122, 12, 3, '2025-07-13', 'Waiting On Parts', 0.35),
    (996, 21, 15, 7, '2025-11-04', 'Waiting On Parts', 1.11),
    (997, 150, 185, 7, '2025-03-02', 'Completed', 11.0),
    (998, 3, 66, 6, '2025-07-27', 'Waiting On Parts', 0.32),
    (999, 47, 44, 5, '2025-07-17', 'Ready For Pickup', 0.89),
    (1000, 25, 43, 1, '2025-12-14', 'Waiting On Parts', 2.35);

INSERT INTO `repairOrders` (`repairOrderId`, `bikeId`, `employeeId`, `storeId`, `dropOffDate`, `status`, `laborHours`) VALUES
    (1001, 2, 7, 4, '2024-03-11', 'Completed', 2.69),
    (1002, 7, 4, 5, '2024-08-25', 'Cancelled', 0.68),
    (1003, 50, 63, 9, '2024-07-24', 'Completed', 3.31),
    (1004, 1, 21, 12, '2025-09-30', 'Waiting On Parts', 0.56),
    (1005, 10, 84, 12, '2024-05-23', 'In Progress', 1.69),
    (1006, 150, 23, 3, '2025-01-20', 'Ready For Pickup', 1.54),
    (1007, 26, 3, 3, '2024-06-05', 'In Progress', 1.31),
    (1008, 67, 65, 11, '2025-10-29', 'Waiting On Parts', 1.04),
    (1009, 1, 112, 2, '2024-08-19', 'Waiting On Parts', 1.2),
    (1010, 1, 152, 10, '2025-05-02', 'Completed', 0.4),
    (1011, 40, 9, 2, '2024-12-05', 'Completed', 4.71),
    (1012, 9, 8, 12, '2024-01-14', 'In Progress', 0.86),
    (1013, 3, 219, 3, '2024-11-25', 'In Progress', 2.06),
    (1014, 201, 6, 6, '2024-02-07', 'Cancelled', 1.24),
    (1015, 103, 4, 6, '2025-08-03', 'In Progress', 1.12),
    (1016, 26, 26, 12, '2025-03-24', 'In Progress', 0.4),
    (1017, 75, 1, 11, '2025-12-07', 'Waiting On Parts', 2.84),
    (1018, 35, 1, 7, '2025-12-11', 'Cancelled', 2.2),
    (1019, 1, 214, 12, '2024-05-07', 'Completed', 0.46),
    (1020, 31, 22, 5, '2024-06-28', 'Completed', 0.89),
    (1021, 124, 43, 11, '2025-12-03', 'In Progress', 3.52),
    (1022, 2, 76, 7, '2024-09-29', 'Completed', 4.05),
    (1023, 26, 18, 5, '2024-07-08', 'Waiting On Parts', 0.43),
    (1024, 90, 7, 5, '2024-12-25', 'Waiting On Parts', 0.28),
    (1025, 1, 68, 3, '2025-10-18', 'Waiting On Parts', 2.18),
    (1026, 2, 134, 6, '2024-10-12', 'Cancelled', 0.25),
    (1027, 66, 39, 6, '2024-12-30', 'Cancelled', 0.84),
    (1028, 230, 5, 2, '2024-07-08', 'Cancelled', 0.41),
    (1029, 95, 2, 7, '2024-12-08', 'Completed', 0.28),
    (1030, 222, 10, 5, '2025-05-16', 'Completed', 0.44),
    (1031, 16, 127, 8, '2024-05-27', 'Waiting On Parts', 1.04),
    (1032, 198, 208, 3, '2025-08-17', 'Completed', 3.04),
    (1033, 1, 85, 9, '2024-12-23', 'Completed', 0.34),
    (1034, 138, 72, 3, '2025-01-18', 'Completed', 0.53),
    (1035, 102, 17, 2, '2025-05-06', 'Completed', 0.85),
    (1036, 69, 104, 9, '2025-03-01', 'In Progress', 0.77),
    (1037, 232, 17, 11, '2024-09-22', 'Ready For Pickup', 0.25),
    (1038, 1, 49, 8, '2025-05-19', 'Completed', 1.05),
    (1039, 16, 1, 9, '2025-10-05', 'Waiting On Parts', 0.49),
    (1040, 12, 4, 5, '2024-09-13', 'Completed', 1.12),
    (1041, 17, 2, 2, '2025-12-01', 'Waiting On Parts', 0.53),
    (1042, 60, 46, 6, '2024-05-29', 'In Progress', 1.17),
    (1043, 34, 41, 12, '2025-04-02', 'Cancelled', 1.48),
    (1044, 148, 57, 3, '2025-05-06', 'Completed', 0.81),
    (1045, 9, 27, 4, '2025-06-22', 'Waiting On Parts', 0.31),
    (1046, 3, 219, 3, '2025-11-23', 'Completed', 0.45),
    (1047, 255, 27, 11, '2024-12-15', 'Completed', 0.73),
    (1048, 83, 197, 9, '2024-04-30', 'Ready For Pickup', 0.56),
    (1049, 5, 100, 3, '2025-08-23', 'In Progress', 0.37),
    (1050, 7, 191, 9, '2024-07-18', 'Waiting On Parts', 1.41),
    (1051, 18, 237, 4, '2025-02-28', 'Cancelled', 0.26),
    (1052, 3, 238, 10, '2024-11-02', 'Completed', 2.62),
    (1053, 22, 79, 1, '2025-05-15', 'In Progress', 0.28),
    (1054, 42, 3, 6, '2024-10-30', 'Completed', 1.46),
    (1055, 227, 12, 6, '2025-08-21', 'Completed', 1.21),
    (1056, 152, 222, 5, '2024-04-27', 'Cancelled', 0.34),
    (1057, 24, 20, 2, '2025-03-20', 'Ready For Pickup', 3.16),
    (1058, 125, 31, 5, '2024-10-29', 'Completed', 1.63),
    (1059, 19, 85, 12, '2025-09-04', 'Waiting On Parts', 0.58),
    (1060, 40, 240, 12, '2025-11-17', 'Waiting On Parts', 0.76),
    (1061, 2, 6, 4, '2025-06-06', 'Ready For Pickup', 0.58),
    (1062, 14, 11, 7, '2024-06-08', 'Completed', 0.31),
    (1063, 50, 9, 10, '2024-06-10', 'Cancelled', 0.59),
    (1064, 251, 97, 2, '2025-08-30', 'Waiting On Parts', 1.16),
    (1065, 20, 13, 3, '2024-02-28', 'Completed', 2.08),
    (1066, 60, 1, 2, '2024-06-05', 'Completed', 3.2),
    (1067, 1, 27, 3, '2024-12-04', 'Ready For Pickup', 0.48),
    (1068, 122, 25, 7, '2025-06-03', 'Completed', 0.83),
    (1069, 132, 203, 1, '2024-05-30', 'Completed', 2.95),
    (1070, 1, 3, 11, '2024-11-17', 'Waiting On Parts', 1.4),
    (1071, 91, 184, 8, '2025-06-26', 'Completed', 11.0),
    (1072, 1, 45, 11, '2024-11-01', 'Waiting On Parts', 0.71),
    (1073, 203, 171, 3, '2024-06-18', 'Completed', 2.09),
    (1074, 2, 20, 5, '2025-08-01', 'In Progress', 3.79),
    (1075, 243, 1, 3, '2025-07-16', 'In Progress', 1.42),
    (1076, 55, 169, 11, '2025-06-17', 'Completed', 0.27),
    (1077, 5, 10, 10, '2025-10-07', 'Waiting On Parts', 0.46),
    (1078, 47, 126, 10, '2025-05-18', 'Waiting On Parts', 0.45),
    (1079, 152, 5, 5, '2025-09-02', 'Waiting On Parts', 0.49),
    (1080, 96, 1, 3, '2024-05-16', 'In Progress', 0.47),
    (1081, 5, 21, 1, '2024-04-02', 'In Progress', 11.0),
    (1082, 84, 28, 4, '2024-12-27', 'Completed', 0.43),
    (1083, 14, 122, 6, '2024-04-20', 'Completed', 0.43),
    (1084, 117, 69, 5, '2024-08-26', 'In Progress', 0.27),
    (1085, 7, 6, 3, '2025-12-08', 'Cancelled', 1.41),
    (1086, 9, 90, 1, '2025-03-24', 'Completed', 0.4),
    (1087, 17, 232, 1, '2025-07-14', 'Completed', 1.03),
    (1088, 8, 8, 12, '2025-09-20', 'In Progress', 0.54),
    (1089, 18, 1, 1, '2025-08-19', 'In Progress', 0.58),
    (1090, 54, 19, 11, '2025-05-28', 'Waiting On Parts', 2.11),
    (1091, 78, 47, 9, '2024-12-17', 'Completed', 1.86),
    (1092, 148, 34, 1, '2025-06-27', 'In Progress', 0.47),
    (1093, 172, 89, 3, '2024-06-26', 'Waiting On Parts', 0.62),
    (1094, 2, 48, 5, '2024-05-09', 'Waiting On Parts', 3.47),
    (1095, 27, 20, 9, '2024-10-12', 'Completed', 0.63),
    (1096, 126, 78, 11, '2024-11-19', 'In Progress', 1.2),
    (1097, 5, 124, 7, '2024-09-25', 'Completed', 11.0),
    (1098, 90, 25, 4, '2024-12-02', 'Ready For Pickup', 6.98),
    (1099, 54, 38, 3, '2024-07-25', 'Waiting On Parts', 0.69),
    (1100, 31, 1, 8, '2024-07-04', 'In Progress', 0.9),
    (1101, 1, 2, 4, '2025-11-12', 'Cancelled', 0.57),
    (1102, 6, 36, 10, '2024-12-02', 'In Progress', 1.17),
    (1103, 9, 1, 9, '2024-12-25', 'Completed', 0.35),
    (1104, 4, 1, 2, '2024-10-25', 'Cancelled', 0.52),
    (1105, 99, 13, 1, '2024-11-29', 'Cancelled', 0.31),
    (1106, 1, 242, 7, '2024-11-19', 'Waiting On Parts', 2.43),
    (1107, 125, 112, 9, '2025-11-30', 'Completed', 0.48),
    (1108, 7, 209, 8, '2024-05-08', 'In Progress', 1.96),
    (1109, 161, 20, 6, '2024-12-27', 'In Progress', 11.0),
    (1110, 22, 87, 12, '2025-01-21', 'Ready For Pickup', 0.84),
    (1111, 14, 8, 7, '2025-02-06', 'Completed', 0.33),
    (1112, 162, 148, 3, '2025-06-16', 'Completed', 2.56),
    (1113, 104, 22, 12, '2024-10-08', 'Completed', 0.55),
    (1114, 250, 10, 1, '2024-06-16', 'Completed', 1.13),
    (1115, 122, 42, 7, '2025-06-29', 'In Progress', 2.22),
    (1116, 67, 1, 11, '2024-04-19', 'Ready For Pickup', 4.22),
    (1117, 26, 41, 5, '2025-04-15', 'In Progress', 0.67),
    (1118, 103, 38, 9, '2025-08-10', 'Completed', 0.3),
    (1119, 11, 187, 11, '2024-02-21', 'In Progress', 1.9),
    (1120, 5, 1, 1, '2025-12-08', 'In Progress', 2.2),
    (1121, 4, 97, 7, '2025-06-21', 'Completed', 0.3),
    (1122, 119, 193, 4, '2025-07-01', 'Cancelled', 0.37),
    (1123, 96, 174, 8, '2024-04-01', 'Waiting On Parts', 3.33),
    (1124, 21, 26, 7, '2024-06-06', 'Ready For Pickup', 0.27),
    (1125, 87, 14, 7, '2025-04-25', 'In Progress', 0.56),
    (1126, 3, 18, 11, '2024-03-31', 'Waiting On Parts', 0.46),
    (1127, 14, 7, 7, '2025-02-21', 'Completed', 6.91),
    (1128, 48, 15, 5, '2024-11-11', 'Completed', 0.78),
    (1129, 24, 58, 6, '2025-07-02', 'Completed', 0.44),
    (1130, 93, 4, 10, '2025-08-08', 'Cancelled', 1.89),
    (1131, 1, 4, 6, '2025-01-06', 'Waiting On Parts', 0.59),
    (1132, 5, 176, 4, '2024-05-16', 'Completed', 4.42),
    (1133, 48, 11, 11, '2025-11-14', 'Completed', 0.31),
    (1134, 80, 2, 7, '2024-04-15', 'In Progress', 0.73),
    (1135, 93, 21, 4, '2025-07-22', 'Completed', 1.44),
    (1136, 58, 4, 1, '2025-10-22', 'Waiting On Parts', 0.33),
    (1137, 158, 34, 6, '2024-06-24', 'Waiting On Parts', 0.37),
    (1138, 82, 158, 3, '2025-08-27', 'Completed', 0.39),
    (1139, 18, 45, 3, '2024-09-07', 'Completed', 1.0),
    (1140, 250, 142, 2, '2024-06-29', 'In Progress', 0.55),
    (1141, 69, 20, 1, '2024-10-08', 'Ready For Pickup', 0.66),
    (1142, 1, 3, 5, '2025-07-27', 'Waiting On Parts', 0.52),
    (1143, 73, 28, 8, '2024-11-21', 'In Progress', 0.34),
    (1144, 3, 160, 9, '2024-10-23', 'Waiting On Parts', 0.5),
    (1145, 1, 47, 5, '2024-03-01', 'Completed', 0.27),
    (1146, 5, 41, 11, '2024-05-24', 'Cancelled', 5.16),
    (1147, 116, 82, 5, '2024-10-17', 'Completed', 11.0),
    (1148, 4, 196, 10, '2025-04-02', 'In Progress', 0.28),
    (1149, 99, 10, 1, '2025-05-27', 'Waiting On Parts', 1.32),
    (1150, 168, 6, 7, '2025-03-20', 'In Progress', 3.39),
    (1151, 90, 203, 7, '2025-09-16', 'In Progress', 1.26),
    (1152, 205, 2, 12, '2025-03-25', 'In Progress', 6.32),
    (1153, 34, 6, 2, '2024-01-29', 'In Progress', 0.41),
    (1154, 153, 17, 4, '2024-09-28', 'In Progress', 0.53),
    (1155, 2, 106, 12, '2025-11-03', 'Completed', 0.51),
    (1156, 53, 10, 10, '2024-11-03', 'Completed', 0.98),
    (1157, 63, 1, 6, '2024-12-06', 'Waiting On Parts', 2.24),
    (1158, 1, 194, 6, '2024-01-03', 'Waiting On Parts', 2.17),
    (1159, 52, 3, 7, '2024-08-31', 'Completed', 0.25),
    (1160, 41, 14, 6, '2024-10-10', 'Completed', 4.19),
    (1161, 19, 28, 2, '2024-07-29', 'In Progress', 0.98),
    (1162, 17, 83, 8, '2024-07-03', 'Completed', 0.36),
    (1163, 2, 18, 3, '2025-12-04', 'Completed', 0.31),
    (1164, 74, 48, 12, '2024-03-22', 'In Progress', 1.02),
    (1165, 97, 54, 5, '2024-05-14', 'Waiting On Parts', 0.41),
    (1166, 14, 132, 6, '2025-03-13', 'Completed', 11.0),
    (1167, 1, 4, 9, '2025-10-01', 'In Progress', 1.01),
    (1168, 18, 160, 7, '2025-11-26', 'Ready For Pickup', 0.96),
    (1169, 97, 3, 11, '2024-10-05', 'In Progress', 0.34),
    (1170, 204, 179, 6, '2025-07-05', 'Completed', 1.17),
    (1171, 23, 8, 5, '2025-01-02', 'Completed', 1.0),
    (1172, 2, 18, 5, '2024-09-05', 'Completed', 1.25),
    (1173, 31, 1, 12, '2025-09-30', 'Ready For Pickup', 1.08),
    (1174, 7, 8, 1, '2025-04-07', 'Completed', 1.2),
    (1175, 105, 18, 8, '2025-09-17', 'Completed', 2.8),
    (1176, 1, 26, 5, '2025-12-07', 'Waiting On Parts', 1.84),
    (1177, 1, 139, 2, '2024-06-08', 'Completed', 1.62),
    (1178, 4, 75, 6, '2024-12-09', 'Completed', 1.37),
    (1179, 21, 28, 8, '2025-12-02', 'Completed', 6.79),
    (1180, 181, 76, 4, '2024-04-19', 'Completed', 0.43),
    (1181, 8, 4, 7, '2024-06-09', 'Ready For Pickup', 1.31),
    (1182, 53, 1, 1, '2025-12-14', 'Ready For Pickup', 0.58),
    (1183, 5, 17, 5, '2025-03-15', 'Waiting On Parts', 0.7),
    (1184, 15, 63, 9, '2025-07-29', 'Completed', 1.15),
    (1185, 7, 4, 5, '2025-10-13', 'Cancelled', 1.32),
    (1186, 4, 7, 7, '2025-12-12', 'Completed', 0.51),
    (1187, 205, 15, 4, '2025-02-25', 'Completed', 1.17),
    (1188, 19, 120, 2, '2024-05-23', 'Waiting On Parts', 0.77),
    (1189, 72, 1, 1, '2024-03-20', 'Cancelled', 0.99),
    (1190, 21, 15, 6, '2025-07-27', 'Completed', 0.29),
    (1191, 6, 204, 11, '2024-01-06', 'Ready For Pickup', 0.6),
    (1192, 39, 2, 5, '2024-12-12', 'Completed', 0.5),
    (1193, 47, 179, 1, '2025-03-24', 'Completed', 0.3),
    (1194, 200, 92, 4, '2025-11-18', 'In Progress', 0.54),
    (1195, 104, 113, 10, '2024-10-07', 'In Progress', 0.37),
    (1196, 56, 49, 11, '2024-04-27', 'Cancelled', 1.54),
    (1197, 52, 36, 7, '2024-07-27', 'Completed', 1.7),
    (1198, 73, 14, 8, '2025-04-01', 'In Progress', 5.67),
    (1199, 12, 19, 8, '2025-10-07', 'Completed', 1.94),
    (1200, 214, 42, 2, '2025-11-01', 'Ready For Pickup', 1.78);

INSERT INTO `repairItems` (`repairItemId`, `repairOrderId`, `serviceId`, `quantity`, `itemCost`, `lineTotal`) VALUES
    (1, 1111, 4, 1, 76.8, 76.8),
    (2, 766, 5, 1, 14.2, 14.2),
    (3, 118, 2, 2, 73.26, 146.52),
    (4, 181, 3, 1, 104.87, 104.87),
    (5, 1036, 3, 2, 18.64, 37.28),
    (6, 916, 6, 1, 14.22, 14.22),
    (7, 104, 12, 1, 13.49, 13.49),
    (8, 1120, 11, 1, 24.77, 24.77),
    (9, 899, 1, 3, 97.36, 292.08),
    (10, 56, 7, 1, 16.77, 16.77),
    (11, 1077, 2, 1, 137.12, 137.12),
    (12, 703, 4, 1, 23.18, 23.18),
    (13, 727, 2, 2, 93.31, 186.62),
    (14, 837, 1, 1, 23.13, 23.13),
    (15, 53, 1, 1, 35.96, 35.96),
    (16, 501, 1, 4, 30.21, 120.84),
    (17, 855, 11, 1, 23.33, 23.33),
    (18, 144, 3, 1, 69.02, 69.02),
    (19, 261, 1, 1, 16.54, 16.54),
    (20, 766, 7, 1, 76.89, 76.89),
    (21, 1021, 10, 1, 37.17, 37.17),
    (22, 594, 7, 1, 15.8, 15.8),
    (23, 423, 6, 1, 42.67, 42.67),
    (24, 199, 10, 2, 40.28, 80.56),
    (25, 152, 2, 1, 157.97, 157.97),
    (26, 208, 4, 1, 20.49, 20.49),
    (27, 1034, 1, 2, 25.27, 50.54),
    (28, 869, 1, 1, 91.01, 91.01),
    (29, 994, 8, 1, 13.81, 13.81),
    (30, 436, 4, 1, 127.74, 127.74),
    (31, 355, 1, 1, 22.83, 22.83),
    (32, 200, 8, 4, 15.54, 62.16),
    (33, 415, 4, 1, 96.02, 96.02),
    (34, 426, 9, 3, 30.78, 92.34),
    (35, 845, 7, 1, 69.19, 69.19),
    (36, 229, 2, 1, 43.28, 43.28),
    (37, 1018, 5, 1, 35.16, 35.16),
    (38, 597, 1, 2, 17.89, 35.78),
    (39, 1087, 4, 2, 14.23, 28.46),
    (40, 730, 1, 1, 24.99, 24.99),
    (41, 817, 3, 4, 34.68, 138.72),
    (42, 136, 1, 2, 37.83, 75.66),
    (43, 916, 9, 1, 18.31, 18.31),
    (44, 1076, 1, 1, 57.4, 57.4),
    (45, 933, 1, 1, 40.57, 40.57),
    (46, 37, 1, 1, 68.18, 68.18),
    (47, 1165, 10, 1, 130.0, 130.0),
    (48, 904, 8, 1, 52.61, 52.61),
    (49, 1183, 2, 1, 78.17, 78.17),
    (50, 1075, 5, 1, 26.05, 26.05),
    (51, 735, 1, 1, 420.0, 420.0),
    (52, 141, 8, 1, 119.24, 119.24),
    (53, 218, 3, 2, 420.0, 840.0),
    (54, 1079, 11, 1, 43.17, 43.17),
    (55, 683, 4, 2, 54.46, 108.92),
    (56, 1112, 3, 2, 23.31, 46.62),
    (57, 81, 5, 1, 12.46, 12.46),
    (58, 275, 11, 1, 12.67, 12.67),
    (59, 46, 2, 1, 53.54, 53.54),
    (60, 489, 5, 2, 54.06, 108.12),
    (61, 918, 4, 1, 15.02, 15.02),
    (62, 474, 2, 1, 60.89, 60.89),
    (63, 853, 11, 1, 22.19, 22.19),
    (64, 28, 1, 1, 50.34, 50.34),
    (65, 439, 2, 1, 420.0, 420.0),
    (66, 244, 11, 4, 14.99, 59.96),
    (67, 52, 4, 1, 15.06, 15.06),
    (68, 495, 1, 1, 29.84, 29.84),
    (69, 509, 1, 1, 72.9, 72.9),
    (70, 464, 9, 1, 18.77, 18.77),
    (71, 299, 6, 1, 25.62, 25.62),
    (72, 547, 2, 1, 209.69, 209.69),
    (73, 854, 6, 1, 39.34, 39.34),
    (74, 201, 2, 2, 69.73, 139.46),
    (75, 353, 2, 1, 19.75, 19.75),
    (76, 150, 11, 1, 193.86, 193.86),
    (77, 904, 1, 1, 36.13, 36.13),
    (78, 362, 4, 4, 25.65, 102.6),
    (79, 470, 3, 2, 15.41, 30.82),
    (80, 988, 6, 2, 150.09, 300.18),
    (81, 1132, 12, 1, 14.71, 14.71),
    (82, 1087, 5, 1, 101.99, 101.99),
    (83, 933, 4, 1, 77.64, 77.64),
    (84, 88, 10, 1, 19.49, 19.49),
    (85, 489, 2, 2, 15.89, 31.78),
    (86, 633, 1, 2, 12.98, 25.96),
    (87, 874, 3, 2, 202.88, 405.76),
    (88, 1164, 8, 1, 12.95, 12.95),
    (89, 52, 1, 1, 161.13, 161.13),
    (90, 195, 1, 2, 47.63, 95.26),
    (91, 801, 3, 1, 178.8, 178.8),
    (92, 480, 4, 1, 30.98, 30.98),
    (93, 492, 12, 1, 38.39, 38.39),
    (94, 85, 1, 1, 15.69, 15.69),
    (95, 237, 4, 2, 114.0, 228.0),
    (96, 1172, 2, 1, 23.76, 23.76),
    (97, 293, 1, 1, 46.68, 46.68),
    (98, 792, 7, 2, 43.43, 86.86),
    (99, 1129, 4, 3, 12.41, 37.23),
    (100, 240, 1, 3, 20.03, 60.09),
    (101, 213, 5, 1, 39.78, 39.78),
    (102, 1126, 1, 2, 45.47, 90.94),
    (103, 47, 1, 2, 62.23, 124.46),
    (104, 631, 8, 1, 41.87, 41.87),
    (105, 808, 3, 1, 65.08, 65.08),
    (106, 952, 2, 1, 167.71, 167.71),
    (107, 38, 10, 1, 40.28, 40.28),
    (108, 759, 2, 1, 41.24, 41.24),
    (109, 322, 2, 1, 94.61, 94.61),
    (110, 186, 4, 1, 43.7, 43.7),
    (111, 636, 1, 1, 35.79, 35.79),
    (112, 573, 1, 1, 32.11, 32.11),
    (113, 460, 12, 1, 20.47, 20.47),
    (114, 361, 2, 1, 98.42, 98.42),
    (115, 706, 1, 1, 350.51, 350.51),
    (116, 285, 2, 1, 59.72, 59.72),
    (117, 1065, 6, 1, 12.11, 12.11),
    (118, 729, 2, 1, 64.83, 64.83),
    (119, 119, 1, 1, 26.87, 26.87),
    (120, 282, 8, 1, 18.15, 18.15),
    (121, 495, 4, 1, 88.13, 88.13),
    (122, 875, 11, 1, 79.4, 79.4),
    (123, 407, 5, 1, 95.28, 95.28),
    (124, 830, 9, 1, 73.22, 73.22),
    (125, 951, 1, 1, 23.66, 23.66),
    (126, 707, 1, 1, 420.0, 420.0),
    (127, 1003, 1, 1, 148.95, 148.95),
    (128, 46, 7, 1, 17.14, 17.14),
    (129, 284, 3, 4, 54.26, 217.04),
    (130, 397, 2, 3, 36.87, 110.61),
    (131, 1085, 12, 2, 12.44, 24.88),
    (132, 570, 6, 1, 420.0, 420.0),
    (133, 1022, 3, 1, 15.4, 15.4),
    (134, 610, 1, 1, 136.7, 136.7),
    (135, 709, 1, 1, 17.58, 17.58),
    (136, 79, 1, 1, 22.03, 22.03),
    (137, 41, 2, 1, 80.47, 80.47),
    (138, 587, 1, 1, 25.76, 25.76),
    (139, 284, 5, 1, 77.48, 77.48),
    (140, 1101, 2, 1, 20.09, 20.09),
    (141, 97, 1, 1, 40.88, 40.88),
    (142, 936, 4, 1, 16.65, 16.65),
    (143, 783, 3, 1, 52.68, 52.68),
    (144, 1090, 1, 1, 21.06, 21.06),
    (145, 779, 6, 2, 24.79, 49.58),
    (146, 407, 3, 1, 32.34, 32.34),
    (147, 882, 12, 2, 67.42, 134.84),
    (148, 1140, 11, 1, 16.02, 16.02),
    (149, 1119, 11, 1, 309.86, 309.86),
    (150, 1026, 12, 1, 49.71, 49.71),
    (151, 697, 11, 1, 89.02, 89.02),
    (152, 666, 4, 1, 224.81, 224.81),
    (153, 63, 10, 1, 20.44, 20.44),
    (154, 204, 3, 1, 16.91, 16.91),
    (155, 992, 10, 1, 29.3, 29.3),
    (156, 1179, 6, 2, 243.51, 487.02),
    (157, 350, 10, 2, 79.15, 158.3),
    (158, 325, 7, 1, 105.42, 105.42),
    (159, 1079, 2, 1, 23.65, 23.65),
    (160, 520, 2, 1, 118.13, 118.13),
    (161, 376, 1, 2, 17.18, 34.36),
    (162, 114, 12, 2, 16.36, 32.72),
    (163, 141, 1, 1, 121.61, 121.61),
    (164, 828, 1, 1, 30.54, 30.54),
    (165, 1005, 4, 1, 21.26, 21.26),
    (166, 1033, 1, 1, 17.64, 17.64),
    (167, 220, 10, 1, 28.51, 28.51),
    (168, 939, 2, 1, 50.99, 50.99),
    (169, 1054, 11, 1, 30.69, 30.69),
    (170, 552, 11, 2, 14.65, 29.3),
    (171, 573, 2, 2, 78.8, 157.6),
    (172, 356, 5, 1, 13.19, 13.19),
    (173, 349, 2, 4, 33.68, 134.72),
    (174, 442, 2, 2, 45.09, 90.18),
    (175, 171, 1, 4, 48.57, 194.28),
    (176, 928, 12, 1, 33.66, 33.66),
    (177, 942, 8, 1, 42.87, 42.87),
    (178, 173, 5, 1, 15.18, 15.18),
    (179, 597, 1, 1, 106.31, 106.31),
    (180, 38, 2, 1, 354.55, 354.55),
    (181, 1182, 1, 1, 20.1, 20.1),
    (182, 965, 2, 1, 71.66, 71.66),
    (183, 698, 5, 1, 65.21, 65.21),
    (184, 582, 2, 1, 19.7, 19.7),
    (185, 537, 2, 1, 31.53, 31.53),
    (186, 609, 8, 1, 19.98, 19.98),
    (187, 1046, 1, 1, 19.16, 19.16),
    (188, 420, 8, 1, 58.19, 58.19),
    (189, 520, 1, 1, 49.09, 49.09),
    (190, 730, 7, 1, 25.89, 25.89),
    (191, 1168, 1, 1, 15.99, 15.99),
    (192, 550, 1, 1, 13.77, 13.77),
    (193, 194, 4, 2, 27.16, 54.32),
    (194, 186, 11, 1, 25.66, 25.66),
    (195, 486, 1, 1, 22.77, 22.77),
    (196, 823, 3, 1, 22.85, 22.85),
    (197, 896, 5, 1, 18.68, 18.68),
    (198, 934, 6, 1, 150.39, 150.39),
    (199, 342, 1, 1, 18.78, 18.78),
    (200, 39, 3, 1, 18.65, 18.65);

INSERT INTO `repairItems` (`repairItemId`, `repairOrderId`, `serviceId`, `quantity`, `itemCost`, `lineTotal`) VALUES
    (201, 509, 1, 2, 49.67, 99.34),
    (202, 468, 10, 1, 81.66, 81.66),
    (203, 98, 2, 2, 23.35, 46.7),
    (204, 764, 4, 1, 16.96, 16.96),
    (205, 736, 1, 1, 32.43, 32.43),
    (206, 936, 2, 1, 45.45, 45.45),
    (207, 846, 1, 1, 17.27, 17.27),
    (208, 894, 4, 1, 16.07, 16.07),
    (209, 479, 2, 1, 61.63, 61.63),
    (210, 53, 12, 1, 15.28, 15.28),
    (211, 785, 3, 1, 57.72, 57.72),
    (212, 1126, 8, 1, 25.2, 25.2),
    (213, 922, 5, 1, 51.18, 51.18),
    (214, 121, 10, 1, 24.04, 24.04),
    (215, 48, 8, 2, 67.7, 135.4),
    (216, 121, 1, 2, 45.54, 91.08),
    (217, 634, 2, 2, 49.49, 98.98),
    (218, 135, 3, 4, 28.28, 113.12),
    (219, 821, 3, 2, 80.63, 161.26),
    (220, 93, 3, 2, 21.87, 43.74),
    (221, 296, 3, 1, 72.29, 72.29),
    (222, 815, 9, 2, 43.26, 86.52),
    (223, 1143, 4, 2, 104.4, 208.8),
    (224, 353, 3, 1, 27.91, 27.91),
    (225, 427, 1, 1, 94.84, 94.84),
    (226, 616, 4, 2, 169.0, 338.0),
    (227, 254, 1, 1, 17.49, 17.49),
    (228, 185, 8, 1, 54.98, 54.98),
    (229, 48, 2, 1, 14.18, 14.18),
    (230, 779, 4, 2, 27.73, 55.46),
    (231, 257, 11, 1, 94.16, 94.16),
    (232, 40, 9, 1, 75.3, 75.3),
    (233, 830, 2, 4, 67.25, 269.0),
    (234, 1150, 2, 3, 21.35, 64.05),
    (235, 419, 12, 2, 72.36, 144.72),
    (236, 1093, 7, 1, 79.37, 79.37),
    (237, 359, 7, 1, 14.46, 14.46),
    (238, 1158, 7, 1, 26.59, 26.59),
    (239, 435, 6, 1, 24.05, 24.05),
    (240, 349, 2, 1, 351.43, 351.43),
    (241, 739, 4, 1, 59.03, 59.03),
    (242, 762, 1, 1, 14.71, 14.71),
    (243, 104, 2, 1, 46.8, 46.8),
    (244, 867, 9, 1, 31.44, 31.44),
    (245, 609, 7, 1, 49.0, 49.0),
    (246, 795, 11, 1, 22.33, 22.33),
    (247, 351, 10, 1, 123.12, 123.12),
    (248, 215, 1, 4, 13.06, 52.24),
    (249, 167, 1, 1, 16.38, 16.38),
    (250, 489, 3, 2, 77.84, 155.68),
    (251, 575, 9, 1, 21.28, 21.28),
    (252, 1044, 6, 1, 28.34, 28.34),
    (253, 519, 11, 2, 65.63, 131.26),
    (254, 693, 3, 1, 16.62, 16.62),
    (255, 1115, 7, 2, 28.63, 57.26),
    (256, 565, 10, 1, 109.27, 109.27),
    (257, 823, 4, 1, 158.01, 158.01),
    (258, 462, 3, 1, 13.04, 13.04),
    (259, 703, 1, 1, 12.69, 12.69),
    (260, 333, 3, 1, 14.23, 14.23),
    (261, 1103, 8, 1, 31.43, 31.43),
    (262, 188, 4, 2, 23.63, 47.26),
    (263, 640, 10, 1, 64.29, 64.29),
    (264, 483, 11, 1, 24.96, 24.96),
    (265, 631, 1, 2, 23.61, 47.22),
    (266, 1086, 3, 1, 18.16, 18.16),
    (267, 453, 5, 1, 12.83, 12.83),
    (268, 25, 3, 4, 51.2, 204.8),
    (269, 741, 2, 1, 127.84, 127.84),
    (270, 694, 2, 1, 79.55, 79.55),
    (271, 852, 1, 2, 27.96, 55.92),
    (272, 257, 4, 2, 129.0, 258.0),
    (273, 1098, 3, 1, 15.58, 15.58),
    (274, 711, 2, 1, 330.7, 330.7),
    (275, 51, 4, 2, 24.43, 48.86),
    (276, 266, 5, 1, 16.47, 16.47),
    (277, 368, 1, 2, 37.0, 74.0),
    (278, 451, 11, 1, 16.49, 16.49),
    (279, 902, 11, 1, 32.5, 32.5),
    (280, 95, 5, 1, 32.96, 32.96),
    (281, 1187, 1, 1, 16.79, 16.79),
    (282, 936, 6, 1, 21.73, 21.73),
    (283, 287, 8, 1, 52.27, 52.27),
    (284, 914, 8, 2, 119.67, 239.34),
    (285, 763, 3, 1, 41.36, 41.36),
    (286, 364, 2, 1, 42.27, 42.27),
    (287, 1069, 1, 1, 33.17, 33.17),
    (288, 1156, 3, 1, 25.64, 25.64),
    (289, 133, 9, 1, 34.25, 34.25),
    (290, 1016, 1, 1, 74.18, 74.18),
    (291, 58, 1, 1, 101.58, 101.58),
    (292, 68, 2, 2, 22.84, 45.68),
    (293, 222, 2, 1, 32.75, 32.75),
    (294, 255, 4, 1, 61.22, 61.22),
    (295, 492, 1, 1, 75.16, 75.16),
    (296, 1073, 2, 1, 38.36, 38.36),
    (297, 774, 4, 2, 88.97, 177.94),
    (298, 1146, 1, 2, 13.57, 27.14),
    (299, 177, 2, 1, 24.31, 24.31),
    (300, 106, 11, 2, 64.76, 129.52),
    (301, 4, 2, 2, 18.36, 36.72),
    (302, 138, 2, 1, 158.53, 158.53),
    (303, 768, 8, 1, 77.1, 77.1),
    (304, 127, 7, 1, 25.91, 25.91),
    (305, 1026, 1, 1, 54.0, 54.0),
    (306, 1096, 12, 1, 73.55, 73.55),
    (307, 730, 1, 1, 55.39, 55.39),
    (308, 725, 9, 1, 88.12, 88.12),
    (309, 61, 2, 1, 41.37, 41.37),
    (310, 890, 1, 1, 30.66, 30.66),
    (311, 408, 6, 4, 26.8, 107.2),
    (312, 960, 5, 1, 32.37, 32.37),
    (313, 832, 1, 1, 78.27, 78.27),
    (314, 815, 6, 2, 12.81, 25.62),
    (315, 1103, 3, 1, 78.07, 78.07),
    (316, 1140, 8, 1, 198.96, 198.96),
    (317, 917, 2, 1, 69.49, 69.49),
    (318, 207, 3, 1, 363.35, 363.35),
    (319, 239, 3, 1, 420.0, 420.0),
    (320, 1131, 2, 3, 171.78, 515.34),
    (321, 474, 9, 1, 76.02, 76.02),
    (322, 412, 7, 1, 45.97, 45.97),
    (323, 605, 3, 2, 70.51, 141.02),
    (324, 917, 1, 1, 420.0, 420.0),
    (325, 87, 1, 1, 420.0, 420.0),
    (326, 987, 6, 1, 40.31, 40.31),
    (327, 1121, 4, 1, 37.1, 37.1),
    (328, 630, 8, 1, 12.39, 12.39),
    (329, 327, 2, 1, 63.75, 63.75),
    (330, 154, 5, 2, 22.91, 45.82),
    (331, 693, 1, 1, 122.62, 122.62),
    (332, 295, 1, 1, 197.84, 197.84),
    (333, 178, 2, 2, 20.97, 41.94),
    (334, 224, 11, 1, 84.16, 84.16),
    (335, 706, 2, 1, 143.81, 143.81),
    (336, 325, 1, 1, 20.85, 20.85),
    (337, 752, 12, 2, 306.41, 612.82),
    (338, 938, 5, 1, 46.26, 46.26),
    (339, 621, 6, 3, 13.24, 39.72),
    (340, 550, 1, 1, 63.64, 63.64),
    (341, 1109, 3, 1, 19.82, 19.82),
    (342, 853, 12, 1, 51.33, 51.33),
    (343, 93, 1, 1, 13.6, 13.6),
    (344, 1004, 3, 1, 420.0, 420.0),
    (345, 1152, 1, 1, 25.84, 25.84),
    (346, 709, 11, 1, 420.0, 420.0),
    (347, 867, 3, 1, 43.05, 43.05),
    (348, 1149, 5, 1, 24.05, 24.05),
    (349, 885, 7, 1, 32.6, 32.6),
    (350, 265, 1, 1, 27.63, 27.63),
    (351, 41, 1, 1, 121.56, 121.56),
    (352, 764, 7, 1, 26.18, 26.18),
    (353, 63, 1, 4, 69.5, 278.0),
    (354, 945, 3, 2, 15.3, 30.6),
    (355, 905, 4, 1, 21.29, 21.29),
    (356, 1163, 11, 1, 15.35, 15.35),
    (357, 268, 3, 1, 40.94, 40.94),
    (358, 647, 1, 1, 24.98, 24.98),
    (359, 683, 5, 1, 212.87, 212.87),
    (360, 798, 6, 3, 100.34, 301.02),
    (361, 479, 1, 1, 63.98, 63.98),
    (362, 453, 12, 1, 46.79, 46.79),
    (363, 331, 1, 1, 37.67, 37.67),
    (364, 543, 4, 1, 60.78, 60.78),
    (365, 487, 10, 4, 21.76, 87.04),
    (366, 244, 4, 4, 41.54, 166.16),
    (367, 102, 5, 1, 53.13, 53.13),
    (368, 534, 7, 1, 132.88, 132.88),
    (369, 215, 1, 1, 20.07, 20.07),
    (370, 330, 1, 1, 35.05, 35.05),
    (371, 1189, 1, 2, 21.17, 42.34),
    (372, 958, 4, 2, 112.11, 224.22),
    (373, 1191, 5, 1, 47.59, 47.59),
    (374, 116, 9, 1, 14.89, 14.89),
    (375, 669, 1, 1, 14.21, 14.21),
    (376, 415, 3, 2, 420.0, 840.0),
    (377, 355, 1, 1, 55.42, 55.42),
    (378, 33, 5, 1, 81.38, 81.38),
    (379, 796, 10, 1, 37.38, 37.38),
    (380, 776, 1, 1, 106.83, 106.83),
    (381, 813, 5, 1, 53.59, 53.59),
    (382, 613, 2, 1, 105.44, 105.44),
    (383, 1118, 3, 1, 49.34, 49.34),
    (384, 828, 2, 1, 16.15, 16.15),
    (385, 132, 1, 2, 21.31, 42.62),
    (386, 102, 4, 1, 97.96, 97.96),
    (387, 926, 1, 1, 42.81, 42.81),
    (388, 754, 2, 1, 19.79, 19.79),
    (389, 1101, 5, 1, 111.93, 111.93),
    (390, 902, 1, 2, 99.63, 199.26),
    (391, 16, 6, 2, 24.29, 48.58),
    (392, 4, 10, 1, 25.83, 25.83),
    (393, 541, 4, 1, 21.79, 21.79),
    (394, 593, 3, 1, 35.67, 35.67),
    (395, 1101, 7, 2, 104.49, 208.98),
    (396, 317, 1, 1, 407.73, 407.73),
    (397, 299, 3, 1, 20.4, 20.4),
    (398, 300, 4, 1, 150.11, 150.11),
    (399, 99, 7, 1, 56.75, 56.75),
    (400, 357, 2, 2, 12.83, 25.66);

INSERT INTO `repairItems` (`repairItemId`, `repairOrderId`, `serviceId`, `quantity`, `itemCost`, `lineTotal`) VALUES
    (401, 470, 6, 1, 269.16, 269.16),
    (402, 520, 3, 1, 24.2, 24.2),
    (403, 605, 10, 1, 79.28, 79.28),
    (404, 78, 4, 1, 67.59, 67.59),
    (405, 595, 5, 2, 36.69, 73.38),
    (406, 764, 2, 4, 15.98, 63.92),
    (407, 1154, 1, 2, 44.9, 89.8),
    (408, 285, 7, 1, 322.54, 322.54),
    (409, 190, 1, 1, 90.2, 90.2),
    (410, 286, 1, 1, 24.27, 24.27),
    (411, 844, 11, 1, 15.21, 15.21),
    (412, 391, 3, 1, 55.29, 55.29),
    (413, 1172, 2, 3, 79.83, 239.49),
    (414, 146, 7, 1, 18.48, 18.48),
    (415, 164, 5, 1, 49.86, 49.86),
    (416, 300, 1, 1, 54.24, 54.24),
    (417, 545, 3, 1, 14.9, 14.9),
    (418, 130, 7, 2, 43.91, 87.82),
    (419, 374, 2, 1, 109.86, 109.86),
    (420, 411, 1, 1, 109.4, 109.4),
    (421, 642, 4, 1, 44.89, 44.89),
    (422, 43, 9, 1, 148.91, 148.91),
    (423, 421, 2, 2, 62.85, 125.7),
    (424, 990, 2, 4, 26.16, 104.64),
    (425, 579, 1, 1, 47.67, 47.67),
    (426, 189, 2, 1, 14.85, 14.85),
    (427, 1090, 1, 1, 57.16, 57.16),
    (428, 165, 8, 4, 53.6, 214.4),
    (429, 946, 1, 1, 118.99, 118.99),
    (430, 205, 5, 1, 24.24, 24.24),
    (431, 304, 3, 2, 12.39, 24.78),
    (432, 1144, 4, 1, 36.52, 36.52),
    (433, 351, 1, 1, 21.67, 21.67),
    (434, 46, 8, 1, 15.75, 15.75),
    (435, 948, 11, 2, 35.21, 70.42),
    (436, 230, 1, 1, 27.59, 27.59),
    (437, 437, 3, 1, 19.34, 19.34),
    (438, 980, 5, 2, 35.27, 70.54),
    (439, 994, 6, 1, 12.5, 12.5),
    (440, 978, 1, 1, 72.7, 72.7),
    (441, 1145, 1, 1, 36.94, 36.94),
    (442, 1192, 3, 1, 33.16, 33.16),
    (443, 1014, 1, 1, 26.09, 26.09),
    (444, 1010, 8, 1, 51.79, 51.79),
    (445, 1115, 5, 2, 126.37, 252.74),
    (446, 382, 1, 2, 64.99, 129.98),
    (447, 1017, 2, 1, 71.62, 71.62),
    (448, 873, 12, 1, 21.82, 21.82),
    (449, 989, 2, 1, 110.27, 110.27),
    (450, 68, 7, 1, 67.25, 67.25),
    (451, 162, 2, 2, 15.14, 30.28),
    (452, 255, 1, 2, 213.71, 427.42),
    (453, 1146, 1, 2, 205.69, 411.38),
    (454, 354, 2, 1, 18.5, 18.5),
    (455, 486, 12, 1, 30.02, 30.02),
    (456, 916, 3, 1, 63.02, 63.02),
    (457, 453, 4, 2, 36.82, 73.64),
    (458, 768, 5, 1, 13.48, 13.48),
    (459, 314, 12, 1, 13.17, 13.17),
    (460, 483, 1, 4, 26.16, 104.64),
    (461, 1138, 2, 1, 96.13, 96.13),
    (462, 540, 7, 2, 60.52, 121.04),
    (463, 752, 1, 1, 37.46, 37.46),
    (464, 902, 9, 3, 14.98, 44.94),
    (465, 756, 2, 1, 12.76, 12.76),
    (466, 224, 1, 1, 92.4, 92.4),
    (467, 386, 1, 1, 113.21, 113.21),
    (468, 963, 1, 1, 46.26, 46.26),
    (469, 8, 3, 2, 13.35, 26.7),
    (470, 1007, 5, 1, 159.65, 159.65),
    (471, 1148, 2, 1, 19.88, 19.88),
    (472, 669, 1, 1, 56.34, 56.34),
    (473, 76, 6, 1, 20.79, 20.79),
    (474, 33, 8, 1, 51.38, 51.38),
    (475, 174, 1, 1, 62.72, 62.72),
    (476, 42, 3, 1, 342.02, 342.02),
    (477, 1018, 2, 1, 26.08, 26.08),
    (478, 616, 10, 1, 18.68, 18.68),
    (479, 1006, 6, 2, 39.96, 79.92),
    (480, 1038, 2, 1, 24.81, 24.81),
    (481, 822, 11, 1, 289.65, 289.65),
    (482, 213, 2, 1, 142.8, 142.8),
    (483, 497, 7, 1, 213.82, 213.82),
    (484, 977, 1, 2, 16.81, 33.62),
    (485, 544, 2, 1, 64.66, 64.66),
    (486, 318, 10, 1, 420.0, 420.0),
    (487, 1058, 9, 2, 17.58, 35.16),
    (488, 525, 10, 1, 41.16, 41.16),
    (489, 159, 4, 1, 19.11, 19.11),
    (490, 398, 2, 1, 45.49, 45.49),
    (491, 1198, 7, 2, 52.42, 104.84),
    (492, 954, 2, 4, 26.69, 106.76),
    (493, 121, 1, 1, 22.31, 22.31),
    (494, 542, 1, 1, 54.65, 54.65),
    (495, 704, 6, 3, 14.8, 44.4),
    (496, 893, 4, 1, 88.07, 88.07),
    (497, 194, 4, 1, 111.2, 111.2),
    (498, 11, 3, 3, 75.67, 227.01),
    (499, 535, 4, 1, 28.32, 28.32),
    (500, 921, 5, 1, 58.46, 58.46),
    (501, 940, 1, 1, 41.99, 41.99),
    (502, 226, 5, 1, 23.44, 23.44),
    (503, 1042, 11, 1, 14.26, 14.26),
    (504, 71, 3, 1, 111.25, 111.25),
    (505, 318, 1, 1, 40.43, 40.43),
    (506, 1082, 2, 1, 28.13, 28.13),
    (507, 788, 3, 2, 56.25, 112.5),
    (508, 283, 4, 1, 40.06, 40.06),
    (509, 836, 4, 1, 34.58, 34.58),
    (510, 236, 9, 1, 38.13, 38.13),
    (511, 706, 3, 2, 32.46, 64.92),
    (512, 871, 2, 1, 67.97, 67.97),
    (513, 200, 5, 2, 113.71, 227.42),
    (514, 735, 2, 1, 42.23, 42.23),
    (515, 8, 1, 2, 27.83, 55.66),
    (516, 777, 1, 1, 14.48, 14.48),
    (517, 863, 1, 1, 27.05, 27.05),
    (518, 1023, 5, 4, 18.27, 73.08),
    (519, 183, 10, 1, 31.55, 31.55),
    (520, 207, 3, 1, 153.01, 153.01),
    (521, 1194, 7, 1, 18.78, 18.78),
    (522, 978, 1, 1, 12.16, 12.16),
    (523, 877, 9, 1, 24.75, 24.75),
    (524, 245, 1, 1, 93.89, 93.89),
    (525, 288, 5, 1, 40.59, 40.59),
    (526, 952, 1, 1, 26.75, 26.75),
    (527, 486, 2, 1, 41.02, 41.02),
    (528, 667, 8, 1, 43.24, 43.24),
    (529, 229, 1, 1, 17.92, 17.92),
    (530, 293, 2, 1, 239.23, 239.23),
    (531, 545, 5, 2, 111.25, 222.5),
    (532, 917, 2, 1, 15.45, 15.45),
    (533, 700, 1, 2, 22.59, 45.18),
    (534, 949, 5, 3, 85.2, 255.6),
    (535, 594, 4, 4, 50.44, 201.76),
    (536, 285, 8, 2, 390.96, 781.92),
    (537, 630, 1, 1, 88.69, 88.69),
    (538, 1047, 1, 1, 34.17, 34.17),
    (539, 190, 1, 3, 263.45, 790.35),
    (540, 696, 1, 1, 62.9, 62.9),
    (541, 481, 1, 1, 22.22, 22.22),
    (542, 448, 5, 2, 20.35, 40.7),
    (543, 990, 3, 1, 18.47, 18.47),
    (544, 434, 4, 2, 21.79, 43.58),
    (545, 701, 2, 1, 27.97, 27.97),
    (546, 275, 2, 1, 89.58, 89.58),
    (547, 735, 1, 1, 16.34, 16.34),
    (548, 1136, 3, 2, 31.06, 62.12),
    (549, 9, 4, 2, 23.26, 46.52),
    (550, 1, 9, 1, 20.57, 20.57),
    (551, 322, 5, 1, 13.83, 13.83),
    (552, 995, 6, 1, 23.6, 23.6),
    (553, 651, 6, 1, 12.47, 12.47),
    (554, 54, 1, 3, 44.93, 134.79),
    (555, 298, 6, 1, 26.14, 26.14),
    (556, 348, 10, 1, 416.41, 416.41),
    (557, 383, 3, 1, 131.44, 131.44),
    (558, 729, 4, 1, 20.39, 20.39),
    (559, 1078, 5, 1, 27.91, 27.91),
    (560, 1179, 3, 1, 32.86, 32.86),
    (561, 980, 2, 1, 55.91, 55.91),
    (562, 865, 9, 1, 25.58, 25.58),
    (563, 261, 2, 1, 20.49, 20.49),
    (564, 890, 9, 1, 97.23, 97.23),
    (565, 897, 5, 1, 82.62, 82.62),
    (566, 470, 5, 1, 29.53, 29.53),
    (567, 931, 2, 1, 38.0, 38.0),
    (568, 1084, 12, 1, 14.55, 14.55),
    (569, 775, 5, 1, 19.74, 19.74),
    (570, 252, 1, 1, 32.37, 32.37),
    (571, 471, 12, 2, 137.9, 275.8),
    (572, 554, 4, 1, 32.98, 32.98),
    (573, 78, 2, 1, 38.15, 38.15),
    (574, 173, 2, 1, 98.92, 98.92),
    (575, 1078, 9, 1, 22.89, 22.89),
    (576, 519, 9, 1, 12.71, 12.71),
    (577, 1016, 8, 4, 89.95, 359.8),
    (578, 518, 11, 1, 45.91, 45.91),
    (579, 537, 11, 1, 137.67, 137.67),
    (580, 50, 3, 1, 120.54, 120.54),
    (581, 629, 4, 1, 88.64, 88.64),
    (582, 182, 3, 2, 22.94, 45.88),
    (583, 1043, 1, 1, 195.02, 195.02),
    (584, 548, 1, 2, 56.61, 113.22),
    (585, 647, 2, 1, 14.98, 14.98),
    (586, 337, 7, 1, 12.35, 12.35),
    (587, 651, 5, 1, 28.19, 28.19),
    (588, 811, 7, 1, 16.9, 16.9),
    (589, 1062, 1, 2, 50.76, 101.52),
    (590, 155, 8, 1, 12.55, 12.55),
    (591, 1040, 4, 1, 28.09, 28.09),
    (592, 808, 12, 1, 51.98, 51.98),
    (593, 140, 4, 2, 13.77, 27.54),
    (594, 764, 6, 1, 19.58, 19.58),
    (595, 201, 11, 1, 26.83, 26.83),
    (596, 783, 7, 1, 49.21, 49.21),
    (597, 762, 6, 1, 185.47, 185.47),
    (598, 531, 9, 1, 65.51, 65.51),
    (599, 698, 12, 1, 83.36, 83.36),
    (600, 277, 5, 1, 47.59, 47.59);

INSERT INTO `repairItems` (`repairItemId`, `repairOrderId`, `serviceId`, `quantity`, `itemCost`, `lineTotal`) VALUES
    (601, 1142, 4, 1, 34.27, 34.27),
    (602, 292, 2, 1, 35.73, 35.73),
    (603, 409, 1, 1, 40.17, 40.17),
    (604, 866, 2, 1, 420.0, 420.0),
    (605, 997, 6, 1, 28.32, 28.32),
    (606, 396, 1, 1, 29.66, 29.66),
    (607, 80, 10, 2, 61.79, 123.58),
    (608, 795, 4, 1, 15.07, 15.07),
    (609, 620, 5, 2, 23.1, 46.2),
    (610, 294, 1, 1, 38.73, 38.73),
    (611, 906, 2, 1, 185.56, 185.56),
    (612, 803, 1, 1, 14.96, 14.96),
    (613, 349, 1, 1, 134.03, 134.03),
    (614, 276, 9, 1, 51.81, 51.81),
    (615, 897, 7, 1, 18.68, 18.68),
    (616, 876, 9, 1, 173.67, 173.67),
    (617, 355, 2, 2, 14.65, 29.3),
    (618, 988, 9, 1, 315.2, 315.2),
    (619, 1091, 1, 1, 12.85, 12.85),
    (620, 1033, 9, 1, 77.51, 77.51),
    (621, 457, 1, 1, 14.25, 14.25),
    (622, 131, 4, 1, 98.87, 98.87),
    (623, 633, 3, 1, 39.48, 39.48),
    (624, 61, 5, 1, 20.26, 20.26),
    (625, 945, 4, 2, 53.82, 107.64),
    (626, 640, 2, 1, 24.48, 24.48),
    (627, 400, 5, 1, 84.9, 84.9),
    (628, 705, 1, 1, 20.32, 20.32),
    (629, 977, 7, 1, 16.4, 16.4),
    (630, 943, 5, 1, 127.05, 127.05),
    (631, 236, 3, 1, 157.38, 157.38),
    (632, 520, 3, 1, 44.41, 44.41),
    (633, 63, 2, 1, 364.29, 364.29),
    (634, 1058, 1, 4, 93.79, 375.16),
    (635, 9, 9, 1, 46.74, 46.74),
    (636, 1046, 10, 1, 187.22, 187.22),
    (637, 145, 5, 1, 14.22, 14.22),
    (638, 590, 1, 1, 34.29, 34.29),
    (639, 1180, 2, 1, 14.69, 14.69),
    (640, 778, 6, 1, 24.22, 24.22),
    (641, 879, 2, 1, 33.73, 33.73),
    (642, 373, 1, 1, 76.08, 76.08),
    (643, 1149, 10, 3, 19.9, 59.7),
    (644, 3, 3, 1, 33.39, 33.39),
    (645, 369, 9, 2, 232.02, 464.04),
    (646, 236, 6, 2, 16.6, 33.2),
    (647, 996, 6, 2, 22.76, 45.52),
    (648, 471, 1, 1, 27.2, 27.2),
    (649, 249, 3, 1, 14.72, 14.72),
    (650, 776, 4, 2, 51.97, 103.94),
    (651, 369, 1, 1, 31.59, 31.59),
    (652, 1188, 6, 1, 59.69, 59.69),
    (653, 1005, 1, 1, 30.58, 30.58),
    (654, 875, 7, 2, 46.41, 92.82),
    (655, 539, 5, 1, 44.1, 44.1),
    (656, 282, 4, 1, 17.45, 17.45),
    (657, 273, 7, 1, 28.34, 28.34),
    (658, 770, 3, 1, 70.13, 70.13),
    (659, 629, 2, 2, 48.01, 96.02),
    (660, 272, 3, 1, 49.61, 49.61),
    (661, 518, 12, 2, 19.18, 38.36),
    (662, 1009, 1, 4, 37.45, 149.8),
    (663, 1093, 8, 4, 47.43, 189.72),
    (664, 191, 10, 3, 19.84, 59.52),
    (665, 299, 3, 1, 50.73, 50.73),
    (666, 590, 1, 1, 39.05, 39.05),
    (667, 685, 7, 1, 64.85, 64.85),
    (668, 155, 1, 4, 293.16, 1172.64),
    (669, 115, 1, 4, 88.95, 355.8),
    (670, 96, 1, 1, 14.13, 14.13),
    (671, 122, 3, 1, 250.22, 250.22),
    (672, 466, 3, 1, 194.83, 194.83),
    (673, 1086, 3, 1, 28.82, 28.82),
    (674, 594, 4, 4, 129.71, 518.84),
    (675, 447, 7, 1, 27.44, 27.44),
    (676, 147, 11, 1, 100.78, 100.78),
    (677, 1192, 4, 1, 61.79, 61.79),
    (678, 1100, 3, 1, 34.2, 34.2),
    (679, 1103, 10, 1, 100.05, 100.05),
    (680, 913, 7, 1, 43.7, 43.7),
    (681, 728, 3, 2, 20.1, 40.2),
    (682, 350, 1, 1, 65.77, 65.77),
    (683, 1126, 2, 1, 45.31, 45.31),
    (684, 1053, 7, 1, 15.88, 15.88),
    (685, 272, 3, 1, 36.82, 36.82),
    (686, 536, 12, 1, 51.87, 51.87),
    (687, 781, 2, 1, 32.14, 32.14),
    (688, 485, 10, 3, 25.07, 75.21),
    (689, 201, 1, 2, 47.56, 95.12),
    (690, 106, 3, 1, 74.94, 74.94),
    (691, 344, 2, 1, 129.78, 129.78),
    (692, 350, 2, 1, 40.26, 40.26),
    (693, 251, 1, 2, 175.52, 351.04),
    (694, 113, 10, 4, 30.85, 123.4),
    (695, 37, 9, 1, 91.03, 91.03),
    (696, 1168, 1, 1, 44.37, 44.37),
    (697, 739, 3, 2, 41.34, 82.68),
    (698, 795, 1, 1, 420.0, 420.0),
    (699, 708, 12, 2, 45.69, 91.38),
    (700, 536, 1, 2, 16.3, 32.6),
    (701, 126, 5, 2, 277.0, 554.0),
    (702, 852, 7, 1, 19.35, 19.35),
    (703, 130, 1, 1, 50.48, 50.48),
    (704, 669, 6, 1, 119.21, 119.21),
    (705, 223, 2, 2, 27.97, 55.94),
    (706, 96, 1, 1, 15.3, 15.3),
    (707, 1014, 1, 1, 12.59, 12.59),
    (708, 847, 4, 2, 29.42, 58.84),
    (709, 278, 5, 1, 171.82, 171.82),
    (710, 45, 3, 2, 85.36, 170.72),
    (711, 1124, 8, 2, 26.89, 53.78),
    (712, 709, 4, 1, 76.72, 76.72),
    (713, 764, 3, 1, 20.31, 20.31),
    (714, 545, 10, 1, 21.14, 21.14),
    (715, 705, 7, 1, 21.76, 21.76),
    (716, 245, 1, 1, 38.19, 38.19),
    (717, 1037, 5, 1, 72.85, 72.85),
    (718, 966, 12, 1, 373.21, 373.21),
    (719, 389, 6, 1, 116.85, 116.85),
    (720, 865, 3, 1, 12.17, 12.17),
    (721, 89, 1, 2, 13.47, 26.94),
    (722, 287, 2, 1, 175.23, 175.23),
    (723, 71, 1, 1, 14.64, 14.64),
    (724, 543, 2, 1, 18.33, 18.33),
    (725, 156, 4, 1, 26.79, 26.79),
    (726, 190, 4, 1, 26.09, 26.09),
    (727, 162, 1, 1, 37.14, 37.14),
    (728, 186, 2, 2, 21.75, 43.5),
    (729, 1056, 6, 1, 16.39, 16.39),
    (730, 975, 1, 1, 420.0, 420.0),
    (731, 1198, 2, 1, 19.67, 19.67),
    (732, 684, 1, 1, 32.59, 32.59),
    (733, 1042, 3, 1, 69.2, 69.2),
    (734, 832, 3, 1, 85.68, 85.68),
    (735, 920, 9, 1, 12.82, 12.82),
    (736, 467, 2, 1, 38.5, 38.5),
    (737, 855, 9, 1, 288.77, 288.77),
    (738, 509, 12, 2, 23.02, 46.04),
    (739, 1004, 1, 1, 19.66, 19.66),
    (740, 1165, 5, 1, 50.46, 50.46),
    (741, 810, 6, 2, 19.59, 39.18),
    (742, 25, 2, 2, 45.31, 90.62),
    (743, 948, 5, 2, 12.15, 24.3),
    (744, 782, 12, 3, 93.47, 280.41),
    (745, 608, 3, 1, 19.07, 19.07),
    (746, 1068, 5, 1, 55.59, 55.59),
    (747, 262, 3, 1, 55.82, 55.82),
    (748, 201, 7, 1, 20.02, 20.02),
    (749, 283, 1, 1, 34.45, 34.45),
    (750, 805, 3, 1, 13.89, 13.89),
    (751, 1153, 1, 1, 17.22, 17.22),
    (752, 63, 1, 1, 18.23, 18.23),
    (753, 801, 1, 1, 15.7, 15.7),
    (754, 554, 9, 1, 22.45, 22.45),
    (755, 969, 4, 1, 12.99, 12.99),
    (756, 67, 8, 1, 105.57, 105.57),
    (757, 794, 10, 1, 13.73, 13.73),
    (758, 914, 2, 1, 12.44, 12.44),
    (759, 1105, 4, 2, 68.6, 137.2),
    (760, 827, 2, 1, 24.01, 24.01),
    (761, 280, 2, 2, 19.45, 38.9),
    (762, 879, 5, 1, 36.49, 36.49),
    (763, 612, 1, 1, 66.84, 66.84),
    (764, 106, 2, 1, 33.04, 33.04),
    (765, 194, 1, 1, 26.04, 26.04),
    (766, 249, 6, 1, 35.82, 35.82),
    (767, 704, 2, 1, 74.36, 74.36),
    (768, 950, 12, 1, 13.04, 13.04),
    (769, 237, 7, 1, 52.18, 52.18),
    (770, 159, 2, 2, 207.02, 414.04),
    (771, 1064, 5, 1, 117.05, 117.05),
    (772, 1200, 3, 1, 32.96, 32.96),
    (773, 322, 2, 1, 29.27, 29.27),
    (774, 758, 5, 1, 86.93, 86.93),
    (775, 558, 6, 1, 21.25, 21.25),
    (776, 71, 1, 1, 420.0, 420.0),
    (777, 235, 2, 1, 420.0, 420.0),
    (778, 599, 8, 1, 15.88, 15.88),
    (779, 379, 7, 1, 20.87, 20.87),
    (780, 1021, 8, 1, 12.37, 12.37),
    (781, 1098, 8, 1, 19.39, 19.39),
    (782, 798, 8, 1, 21.5, 21.5),
    (783, 941, 1, 1, 13.83, 13.83),
    (784, 907, 2, 2, 68.13, 136.26),
    (785, 334, 1, 1, 23.06, 23.06),
    (786, 936, 1, 1, 365.05, 365.05),
    (787, 1078, 3, 1, 24.79, 24.79),
    (788, 444, 4, 2, 200.26, 400.52),
    (789, 31, 6, 1, 31.0, 31.0),
    (790, 309, 2, 1, 37.82, 37.82),
    (791, 702, 9, 1, 67.84, 67.84),
    (792, 1157, 1, 1, 13.73, 13.73),
    (793, 491, 6, 1, 33.9, 33.9),
    (794, 288, 7, 2, 70.07, 140.14),
    (795, 70, 2, 1, 131.63, 131.63),
    (796, 208, 9, 2, 17.22, 34.44),
    (797, 248, 2, 1, 14.19, 14.19),
    (798, 127, 8, 1, 28.41, 28.41),
    (799, 1040, 1, 2, 83.58, 167.16),
    (800, 669, 2, 1, 15.69, 15.69);

INSERT INTO `repairItems` (`repairItemId`, `repairOrderId`, `serviceId`, `quantity`, `itemCost`, `lineTotal`) VALUES
    (801, 837, 5, 1, 76.87, 76.87),
    (802, 1178, 7, 1, 14.01, 14.01),
    (803, 581, 11, 1, 20.91, 20.91),
    (804, 232, 1, 1, 12.89, 12.89),
    (805, 969, 8, 1, 27.0, 27.0),
    (806, 349, 10, 1, 46.35, 46.35),
    (807, 1143, 3, 1, 124.79, 124.79),
    (808, 787, 1, 1, 47.39, 47.39),
    (809, 492, 4, 1, 18.84, 18.84),
    (810, 462, 3, 1, 59.82, 59.82),
    (811, 410, 3, 1, 43.63, 43.63),
    (812, 375, 12, 2, 18.55, 37.1),
    (813, 821, 5, 1, 420.0, 420.0),
    (814, 601, 1, 1, 21.88, 21.88),
    (815, 480, 4, 1, 12.7, 12.7),
    (816, 90, 2, 3, 12.25, 36.75),
    (817, 483, 4, 1, 33.34, 33.34),
    (818, 129, 11, 1, 22.37, 22.37),
    (819, 723, 4, 1, 20.15, 20.15),
    (820, 916, 3, 2, 17.51, 35.02),
    (821, 737, 12, 1, 95.12, 95.12),
    (822, 785, 11, 1, 81.28, 81.28),
    (823, 927, 8, 3, 237.9, 713.7),
    (824, 1176, 1, 3, 54.19, 162.57),
    (825, 1124, 2, 1, 91.0, 91.0),
    (826, 457, 6, 1, 24.97, 24.97),
    (827, 151, 1, 1, 29.53, 29.53),
    (828, 967, 1, 1, 35.61, 35.61),
    (829, 763, 8, 1, 17.36, 17.36),
    (830, 529, 11, 1, 15.08, 15.08),
    (831, 865, 1, 2, 24.36, 48.72),
    (832, 1016, 9, 1, 25.47, 25.47),
    (833, 118, 6, 2, 21.78, 43.56),
    (834, 707, 6, 1, 258.3, 258.3),
    (835, 1089, 4, 1, 37.73, 37.73),
    (836, 217, 2, 1, 84.97, 84.97),
    (837, 422, 1, 1, 14.54, 14.54),
    (838, 443, 1, 1, 37.54, 37.54),
    (839, 670, 4, 1, 229.72, 229.72),
    (840, 762, 1, 1, 18.41, 18.41),
    (841, 245, 7, 2, 17.93, 35.86),
    (842, 182, 2, 1, 26.6, 26.6),
    (843, 648, 1, 1, 24.41, 24.41),
    (844, 33, 5, 1, 15.35, 15.35),
    (845, 546, 2, 1, 108.43, 108.43),
    (846, 792, 1, 1, 14.75, 14.75),
    (847, 895, 1, 1, 71.46, 71.46),
    (848, 201, 9, 2, 24.65, 49.3),
    (849, 710, 3, 1, 22.64, 22.64),
    (850, 627, 8, 1, 61.03, 61.03),
    (851, 140, 4, 2, 42.04, 84.08),
    (852, 467, 7, 1, 13.95, 13.95),
    (853, 638, 5, 1, 63.78, 63.78),
    (854, 809, 1, 2, 243.49, 486.98),
    (855, 916, 11, 1, 15.67, 15.67),
    (856, 751, 5, 1, 63.67, 63.67),
    (857, 1094, 2, 1, 23.28, 23.28),
    (858, 27, 8, 1, 27.21, 27.21),
    (859, 465, 11, 2, 32.5, 65.0),
    (860, 519, 1, 1, 21.33, 21.33),
    (861, 233, 2, 1, 231.43, 231.43),
    (862, 418, 1, 1, 19.32, 19.32),
    (863, 1075, 2, 1, 420.0, 420.0),
    (864, 717, 7, 2, 196.55, 393.1),
    (865, 535, 10, 1, 36.96, 36.96),
    (866, 363, 1, 1, 151.28, 151.28),
    (867, 742, 2, 2, 38.02, 76.04),
    (868, 628, 10, 1, 65.42, 65.42),
    (869, 492, 3, 1, 27.37, 27.37),
    (870, 1005, 1, 1, 106.95, 106.95),
    (871, 1029, 4, 1, 31.03, 31.03),
    (872, 589, 4, 1, 13.98, 13.98),
    (873, 645, 1, 1, 17.54, 17.54),
    (874, 1147, 5, 1, 57.11, 57.11),
    (875, 550, 3, 1, 348.86, 348.86),
    (876, 90, 2, 1, 29.66, 29.66),
    (877, 498, 1, 1, 17.49, 17.49),
    (878, 782, 9, 1, 38.63, 38.63),
    (879, 1027, 6, 1, 21.77, 21.77),
    (880, 227, 11, 1, 61.08, 61.08),
    (881, 905, 1, 1, 177.9, 177.9),
    (882, 684, 8, 1, 39.22, 39.22),
    (883, 715, 4, 1, 14.31, 14.31),
    (884, 782, 5, 1, 112.51, 112.51),
    (885, 906, 3, 1, 161.89, 161.89),
    (886, 16, 6, 1, 223.73, 223.73),
    (887, 1127, 4, 1, 60.03, 60.03),
    (888, 775, 6, 1, 17.61, 17.61),
    (889, 775, 4, 1, 70.91, 70.91),
    (890, 917, 7, 1, 15.24, 15.24),
    (891, 106, 10, 1, 161.45, 161.45),
    (892, 411, 10, 1, 14.7, 14.7),
    (893, 862, 11, 1, 34.51, 34.51),
    (894, 88, 3, 1, 50.31, 50.31),
    (895, 698, 2, 2, 113.18, 226.36),
    (896, 448, 3, 2, 56.42, 112.84),
    (897, 877, 4, 2, 14.27, 28.54),
    (898, 841, 1, 1, 20.15, 20.15),
    (899, 365, 3, 1, 42.57, 42.57),
    (900, 227, 3, 1, 420.0, 420.0),
    (901, 558, 4, 2, 14.44, 28.88),
    (902, 369, 7, 1, 38.33, 38.33),
    (903, 852, 1, 1, 17.07, 17.07),
    (904, 584, 2, 1, 13.16, 13.16),
    (905, 643, 1, 1, 67.44, 67.44),
    (906, 830, 1, 1, 16.88, 16.88),
    (907, 828, 5, 1, 34.24, 34.24),
    (908, 69, 5, 1, 15.28, 15.28),
    (909, 110, 8, 1, 94.43, 94.43),
    (910, 717, 1, 1, 16.67, 16.67),
    (911, 237, 6, 1, 24.81, 24.81),
    (912, 170, 9, 1, 78.11, 78.11),
    (913, 1110, 4, 1, 50.78, 50.78),
    (914, 393, 3, 1, 12.11, 12.11),
    (915, 99, 3, 2, 29.02, 58.04),
    (916, 871, 10, 1, 94.46, 94.46),
    (917, 675, 4, 1, 24.44, 24.44),
    (918, 277, 2, 1, 23.15, 23.15),
    (919, 305, 1, 2, 14.26, 28.52),
    (920, 898, 4, 2, 28.91, 57.82),
    (921, 440, 8, 2, 420.0, 840.0),
    (922, 656, 1, 1, 66.0, 66.0),
    (923, 1092, 4, 1, 39.46, 39.46),
    (924, 648, 3, 1, 19.51, 19.51),
    (925, 307, 11, 1, 20.69, 20.69),
    (926, 460, 9, 1, 23.11, 23.11),
    (927, 153, 1, 2, 12.27, 24.54),
    (928, 1063, 7, 1, 15.57, 15.57),
    (929, 951, 3, 1, 12.11, 12.11),
    (930, 1107, 4, 1, 231.3, 231.3),
    (931, 840, 1, 1, 40.63, 40.63),
    (932, 449, 9, 1, 74.33, 74.33),
    (933, 15, 3, 1, 116.97, 116.97),
    (934, 832, 3, 2, 59.61, 119.22),
    (935, 1200, 4, 1, 12.72, 12.72),
    (936, 217, 1, 1, 14.76, 14.76),
    (937, 91, 2, 1, 63.25, 63.25),
    (938, 424, 1, 1, 62.85, 62.85),
    (939, 796, 7, 1, 16.78, 16.78),
    (940, 203, 10, 1, 81.57, 81.57),
    (941, 780, 1, 4, 19.17, 76.68),
    (942, 566, 7, 1, 49.68, 49.68),
    (943, 1085, 4, 1, 13.54, 13.54),
    (944, 737, 4, 1, 43.5, 43.5),
    (945, 512, 7, 1, 40.61, 40.61),
    (946, 793, 5, 1, 13.84, 13.84),
    (947, 323, 4, 1, 13.66, 13.66),
    (948, 221, 6, 2, 189.09, 378.18),
    (949, 511, 5, 1, 19.5, 19.5),
    (950, 28, 1, 1, 146.25, 146.25),
    (951, 461, 4, 4, 384.81, 1539.24),
    (952, 282, 8, 1, 52.12, 52.12),
    (953, 1063, 1, 2, 92.39, 184.78),
    (954, 1034, 1, 2, 13.48, 26.96),
    (955, 765, 1, 1, 106.11, 106.11),
    (956, 1177, 1, 1, 230.08, 230.08),
    (957, 856, 2, 1, 24.29, 24.29),
    (958, 321, 2, 2, 252.64, 505.28),
    (959, 1056, 10, 1, 97.98, 97.98),
    (960, 128, 7, 1, 211.01, 211.01),
    (961, 45, 4, 1, 37.07, 37.07),
    (962, 42, 11, 1, 25.54, 25.54),
    (963, 730, 2, 2, 420.0, 840.0),
    (964, 593, 3, 1, 36.91, 36.91),
    (965, 891, 10, 1, 27.44, 27.44),
    (966, 146, 10, 1, 14.12, 14.12),
    (967, 947, 2, 1, 33.0, 33.0),
    (968, 1041, 1, 1, 420.0, 420.0),
    (969, 363, 1, 1, 38.78, 38.78),
    (970, 652, 1, 1, 26.45, 26.45),
    (971, 716, 5, 4, 19.89, 79.56),
    (972, 375, 1, 1, 53.36, 53.36),
    (973, 810, 1, 1, 33.08, 33.08),
    (974, 1101, 7, 1, 21.02, 21.02),
    (975, 539, 3, 1, 59.96, 59.96),
    (976, 682, 8, 3, 35.94, 107.82),
    (977, 613, 8, 1, 18.87, 18.87),
    (978, 191, 5, 1, 26.28, 26.28),
    (979, 830, 1, 1, 40.32, 40.32),
    (980, 494, 7, 1, 17.64, 17.64),
    (981, 583, 9, 1, 25.3, 25.3),
    (982, 41, 3, 1, 110.37, 110.37),
    (983, 515, 11, 1, 94.52, 94.52),
    (984, 509, 2, 1, 15.49, 15.49),
    (985, 122, 7, 1, 12.11, 12.11),
    (986, 1030, 1, 2, 20.41, 40.82),
    (987, 1087, 6, 1, 118.39, 118.39),
    (988, 109, 11, 1, 14.27, 14.27),
    (989, 811, 3, 1, 123.03, 123.03),
    (990, 548, 8, 3, 70.7, 212.1),
    (991, 165, 5, 1, 31.51, 31.51),
    (992, 533, 10, 1, 16.4, 16.4),
    (993, 112, 1, 1, 35.79, 35.79),
    (994, 544, 1, 2, 19.44, 38.88),
    (995, 693, 2, 1, 66.48, 66.48),
    (996, 597, 5, 1, 31.85, 31.85),
    (997, 121, 10, 1, 67.62, 67.62),
    (998, 872, 1, 1, 52.95, 52.95),
    (999, 578, 1, 1, 47.23, 47.23),
    (1000, 945, 6, 2, 21.46, 42.92);

INSERT INTO `repairItems` (`repairItemId`, `repairOrderId`, `serviceId`, `quantity`, `itemCost`, `lineTotal`) VALUES
    (1001, 1114, 1, 1, 14.68, 14.68),
    (1002, 516, 1, 2, 66.07, 132.14),
    (1003, 366, 6, 1, 31.43, 31.43),
    (1004, 733, 12, 2, 26.9, 53.8),
    (1005, 403, 2, 1, 59.92, 59.92),
    (1006, 799, 4, 1, 275.1, 275.1),
    (1007, 956, 10, 1, 30.27, 30.27),
    (1008, 443, 1, 1, 15.77, 15.77),
    (1009, 238, 6, 3, 270.66, 811.98),
    (1010, 214, 2, 1, 18.18, 18.18),
    (1011, 834, 1, 1, 19.07, 19.07),
    (1012, 648, 2, 1, 139.37, 139.37),
    (1013, 920, 6, 1, 56.28, 56.28),
    (1014, 59, 8, 1, 14.22, 14.22),
    (1015, 1102, 1, 1, 131.46, 131.46),
    (1016, 611, 1, 1, 21.23, 21.23),
    (1017, 236, 7, 2, 39.02, 78.04),
    (1018, 1031, 5, 2, 36.22, 72.44),
    (1019, 921, 5, 2, 16.54, 33.08),
    (1020, 386, 5, 1, 47.17, 47.17),
    (1021, 575, 1, 1, 205.08, 205.08),
    (1022, 47, 3, 1, 29.95, 29.95),
    (1023, 665, 3, 2, 14.71, 29.42),
    (1024, 46, 3, 1, 44.63, 44.63),
    (1025, 589, 11, 2, 28.38, 56.76),
    (1026, 262, 2, 1, 74.17, 74.17),
    (1027, 758, 7, 1, 76.03, 76.03),
    (1028, 1165, 1, 1, 16.1, 16.1),
    (1029, 449, 2, 1, 21.74, 21.74),
    (1030, 1110, 4, 2, 42.54, 85.08),
    (1031, 182, 4, 1, 18.4, 18.4),
    (1032, 233, 2, 1, 31.02, 31.02),
    (1033, 495, 1, 1, 72.6, 72.6),
    (1034, 77, 4, 1, 72.55, 72.55),
    (1035, 418, 5, 1, 13.91, 13.91),
    (1036, 1072, 12, 1, 22.88, 22.88),
    (1037, 157, 1, 1, 115.59, 115.59),
    (1038, 281, 3, 1, 23.12, 23.12),
    (1039, 767, 7, 3, 41.67, 125.01),
    (1040, 83, 1, 2, 78.84, 157.68),
    (1041, 412, 5, 1, 29.12, 29.12),
    (1042, 287, 3, 1, 25.85, 25.85),
    (1043, 809, 1, 4, 12.11, 48.44),
    (1044, 516, 5, 1, 115.89, 115.89),
    (1045, 3, 6, 1, 43.35, 43.35),
    (1046, 1155, 7, 1, 96.33, 96.33),
    (1047, 404, 2, 1, 27.44, 27.44),
    (1048, 446, 3, 1, 25.03, 25.03),
    (1049, 1199, 7, 1, 32.26, 32.26),
    (1050, 1101, 4, 1, 41.97, 41.97),
    (1051, 1049, 4, 2, 25.38, 50.76),
    (1052, 557, 1, 1, 42.71, 42.71),
    (1053, 147, 3, 2, 42.82, 85.64),
    (1054, 894, 5, 1, 58.0, 58.0),
    (1055, 68, 8, 1, 19.9, 19.9),
    (1056, 69, 3, 1, 123.17, 123.17),
    (1057, 935, 1, 2, 13.31, 26.62),
    (1058, 693, 1, 1, 54.31, 54.31),
    (1059, 362, 4, 1, 46.09, 46.09),
    (1060, 350, 9, 1, 71.15, 71.15),
    (1061, 1046, 1, 1, 45.04, 45.04),
    (1062, 543, 1, 1, 105.94, 105.94),
    (1063, 286, 11, 2, 310.13, 620.26),
    (1064, 67, 2, 1, 55.98, 55.98),
    (1065, 774, 3, 4, 45.82, 183.28),
    (1066, 1183, 5, 2, 37.06, 74.12),
    (1067, 1199, 8, 1, 118.79, 118.79),
    (1068, 438, 4, 1, 76.68, 76.68),
    (1069, 1179, 5, 2, 97.62, 195.24),
    (1070, 628, 12, 2, 12.06, 24.12),
    (1071, 1059, 5, 2, 108.63, 217.26),
    (1072, 1189, 1, 2, 18.83, 37.66),
    (1073, 497, 2, 1, 109.39, 109.39),
    (1074, 183, 1, 3, 21.46, 64.38),
    (1075, 187, 1, 1, 103.23, 103.23),
    (1076, 327, 10, 1, 31.57, 31.57),
    (1077, 151, 5, 1, 13.44, 13.44),
    (1078, 1142, 6, 1, 12.1, 12.1),
    (1079, 175, 3, 1, 21.47, 21.47),
    (1080, 310, 6, 1, 15.16, 15.16),
    (1081, 291, 1, 1, 106.14, 106.14),
    (1082, 877, 10, 1, 23.26, 23.26),
    (1083, 941, 2, 1, 31.27, 31.27),
    (1084, 407, 6, 1, 79.37, 79.37),
    (1085, 9, 1, 1, 108.06, 108.06),
    (1086, 448, 1, 1, 81.92, 81.92),
    (1087, 324, 1, 1, 21.25, 21.25),
    (1088, 920, 2, 1, 50.28, 50.28),
    (1089, 684, 6, 2, 29.25, 58.5),
    (1090, 454, 7, 2, 43.06, 86.12),
    (1091, 1101, 1, 1, 229.76, 229.76),
    (1092, 907, 2, 2, 13.19, 26.38),
    (1093, 698, 2, 1, 33.24, 33.24),
    (1094, 447, 3, 1, 72.68, 72.68),
    (1095, 706, 6, 2, 58.39, 116.78),
    (1096, 1180, 1, 2, 16.21, 32.42),
    (1097, 729, 3, 1, 67.57, 67.57),
    (1098, 214, 1, 1, 20.04, 20.04),
    (1099, 221, 9, 1, 49.95, 49.95),
    (1100, 97, 3, 1, 22.29, 22.29),
    (1101, 884, 8, 1, 22.25, 22.25),
    (1102, 816, 3, 1, 301.26, 301.26),
    (1103, 29, 3, 2, 21.83, 43.66),
    (1104, 658, 6, 1, 65.36, 65.36),
    (1105, 1059, 3, 1, 49.82, 49.82),
    (1106, 887, 4, 1, 33.54, 33.54),
    (1107, 300, 1, 1, 45.12, 45.12),
    (1108, 663, 1, 4, 32.27, 129.08),
    (1109, 1092, 6, 1, 139.14, 139.14),
    (1110, 581, 12, 1, 30.1, 30.1),
    (1111, 987, 1, 1, 151.56, 151.56),
    (1112, 1069, 2, 3, 122.77, 368.31),
    (1113, 732, 4, 1, 92.47, 92.47),
    (1114, 345, 7, 1, 28.37, 28.37),
    (1115, 102, 1, 1, 86.39, 86.39),
    (1116, 158, 12, 2, 25.79, 51.58),
    (1117, 647, 10, 1, 19.55, 19.55),
    (1118, 692, 3, 2, 80.14, 160.28),
    (1119, 1032, 5, 1, 27.5, 27.5),
    (1120, 223, 10, 1, 100.69, 100.69),
    (1121, 622, 12, 1, 12.91, 12.91),
    (1122, 944, 1, 1, 65.2, 65.2),
    (1123, 782, 4, 1, 42.79, 42.79),
    (1124, 1176, 3, 1, 44.38, 44.38),
    (1125, 68, 1, 1, 420.0, 420.0),
    (1126, 271, 1, 1, 41.58, 41.58),
    (1127, 158, 3, 4, 153.07, 612.28),
    (1128, 395, 4, 2, 14.34, 28.68),
    (1129, 937, 2, 1, 15.28, 15.28),
    (1130, 118, 10, 1, 44.23, 44.23),
    (1131, 1042, 11, 1, 16.62, 16.62),
    (1132, 254, 1, 1, 27.28, 27.28),
    (1133, 1175, 2, 1, 420.0, 420.0),
    (1134, 151, 1, 1, 36.13, 36.13),
    (1135, 845, 1, 1, 32.58, 32.58),
    (1136, 531, 2, 1, 20.77, 20.77),
    (1137, 628, 2, 1, 420.0, 420.0),
    (1138, 9, 2, 1, 114.74, 114.74),
    (1139, 585, 1, 1, 26.75, 26.75),
    (1140, 417, 3, 3, 57.28, 171.84),
    (1141, 979, 5, 1, 42.22, 42.22),
    (1142, 654, 5, 3, 140.22, 420.66),
    (1143, 185, 3, 1, 43.56, 43.56),
    (1144, 27, 1, 2, 20.53, 41.06),
    (1145, 713, 9, 1, 22.89, 22.89),
    (1146, 1111, 1, 1, 24.69, 24.69),
    (1147, 759, 5, 4, 420.0, 1680.0),
    (1148, 291, 2, 1, 21.09, 21.09),
    (1149, 452, 6, 1, 55.62, 55.62),
    (1150, 132, 3, 1, 42.61, 42.61),
    (1151, 1102, 10, 1, 111.16, 111.16),
    (1152, 565, 1, 1, 86.84, 86.84),
    (1153, 164, 6, 1, 149.99, 149.99),
    (1154, 314, 11, 1, 288.35, 288.35),
    (1155, 582, 5, 1, 27.13, 27.13),
    (1156, 697, 12, 1, 15.69, 15.69),
    (1157, 1165, 2, 1, 18.01, 18.01),
    (1158, 893, 2, 1, 53.6, 53.6),
    (1159, 506, 5, 1, 25.13, 25.13),
    (1160, 229, 1, 1, 79.75, 79.75),
    (1161, 931, 3, 1, 41.28, 41.28),
    (1162, 637, 2, 2, 16.66, 33.32),
    (1163, 589, 5, 1, 177.27, 177.27),
    (1164, 578, 12, 1, 264.66, 264.66),
    (1165, 664, 1, 3, 24.86, 74.58),
    (1166, 137, 1, 1, 104.79, 104.79),
    (1167, 474, 1, 1, 100.48, 100.48),
    (1168, 980, 1, 2, 420.0, 840.0),
    (1169, 321, 4, 1, 15.87, 15.87),
    (1170, 559, 8, 1, 36.05, 36.05),
    (1171, 155, 10, 2, 13.77, 27.54),
    (1172, 362, 2, 2, 117.48, 234.96),
    (1173, 834, 2, 1, 70.0, 70.0),
    (1174, 559, 5, 1, 16.5, 16.5),
    (1175, 608, 3, 2, 14.5, 29.0),
    (1176, 442, 3, 1, 420.0, 420.0),
    (1177, 286, 1, 1, 26.7, 26.7),
    (1178, 133, 5, 1, 19.57, 19.57),
    (1179, 1035, 6, 1, 25.1, 25.1),
    (1180, 480, 9, 1, 15.82, 15.82),
    (1181, 674, 4, 1, 20.65, 20.65),
    (1182, 1057, 7, 1, 41.62, 41.62),
    (1183, 749, 1, 1, 58.27, 58.27),
    (1184, 223, 4, 1, 348.48, 348.48),
    (1185, 730, 5, 1, 61.7, 61.7),
    (1186, 958, 4, 2, 35.46, 70.92),
    (1187, 499, 8, 1, 31.88, 31.88),
    (1188, 1188, 11, 1, 33.88, 33.88),
    (1189, 419, 1, 1, 29.12, 29.12),
    (1190, 537, 1, 2, 14.05, 28.1),
    (1191, 89, 3, 1, 12.23, 12.23),
    (1192, 808, 2, 1, 17.7, 17.7),
    (1193, 970, 1, 1, 27.92, 27.92),
    (1194, 326, 7, 1, 19.25, 19.25),
    (1195, 727, 3, 1, 15.57, 15.57),
    (1196, 482, 2, 1, 14.09, 14.09),
    (1197, 585, 7, 1, 19.95, 19.95),
    (1198, 977, 2, 1, 100.15, 100.15),
    (1199, 864, 1, 1, 71.65, 71.65),
    (1200, 28, 8, 1, 106.72, 106.72);

INSERT INTO `partUsages` (`partUsageId`, `repairItemId`, `partId`, `quantityUsed`) VALUES
    (1, 146, 3, 1),
    (2, 180, 168, 2),
    (3, 1164, 74, 2),
    (4, 24, 1, 1),
    (5, 98, 7, 1),
    (6, 1195, 6, 1),
    (7, 254, 11, 2),
    (8, 19, 33, 1),
    (9, 31, 156, 1),
    (10, 375, 212, 6),
    (11, 108, 10, 2),
    (12, 159, 4, 2),
    (13, 174, 86, 4),
    (14, 665, 117, 2),
    (15, 17, 223, 1),
    (16, 599, 69, 2),
    (17, 258, 50, 1),
    (18, 2, 2, 1),
    (19, 330, 32, 2),
    (20, 140, 79, 1),
    (21, 72, 13, 1),
    (22, 3, 222, 1),
    (23, 64, 164, 1),
    (24, 132, 47, 1),
    (25, 2, 204, 1),
    (26, 255, 4, 1),
    (27, 2, 70, 1),
    (28, 185, 131, 1),
    (29, 4, 68, 5),
    (30, 11, 1, 1),
    (31, 9, 74, 2),
    (32, 27, 37, 2),
    (33, 1025, 119, 3),
    (34, 221, 44, 1),
    (35, 191, 31, 1),
    (36, 1, 124, 1),
    (37, 1162, 18, 2),
    (38, 320, 33, 1),
    (39, 74, 173, 1),
    (40, 1, 175, 2),
    (41, 12, 13, 1),
    (42, 13, 29, 1),
    (43, 10, 199, 2),
    (44, 44, 15, 1),
    (45, 94, 189, 6),
    (46, 235, 38, 2),
    (47, 1023, 177, 1),
    (48, 415, 27, 1),
    (49, 42, 163, 1),
    (50, 377, 60, 1),
    (51, 1045, 258, 1),
    (52, 800, 24, 2),
    (53, 4, 4, 1),
    (54, 279, 10, 1),
    (55, 210, 215, 1),
    (56, 1060, 57, 1),
    (57, 725, 1, 2),
    (58, 85, 1, 1),
    (59, 337, 150, 2),
    (60, 436, 16, 1),
    (61, 37, 55, 2),
    (62, 1107, 66, 2),
    (63, 669, 68, 3),
    (64, 970, 163, 2),
    (65, 198, 130, 3),
    (66, 21, 174, 1),
    (67, 1, 29, 3),
    (68, 312, 2, 1),
    (69, 13, 160, 2),
    (70, 37, 3, 1),
    (71, 1087, 151, 1),
    (72, 71, 68, 1),
    (73, 161, 27, 1),
    (74, 686, 24, 5),
    (75, 238, 2, 2),
    (76, 5, 97, 2),
    (77, 769, 168, 1),
    (78, 319, 1, 1),
    (79, 126, 44, 1),
    (80, 522, 139, 1),
    (81, 1197, 31, 1),
    (82, 347, 28, 1),
    (83, 572, 184, 3),
    (84, 587, 37, 6),
    (85, 42, 179, 4),
    (86, 43, 260, 3),
    (87, 54, 42, 1),
    (88, 62, 70, 2),
    (89, 376, 2, 2),
    (90, 943, 33, 1),
    (91, 3, 13, 1),
    (92, 33, 101, 1),
    (93, 8, 207, 1),
    (94, 2, 1, 1),
    (95, 367, 2, 2),
    (96, 768, 203, 1),
    (97, 204, 54, 1),
    (98, 518, 8, 2),
    (99, 192, 115, 1),
    (100, 163, 207, 3),
    (101, 163, 55, 2),
    (102, 73, 247, 1),
    (103, 35, 1, 1),
    (104, 119, 9, 2),
    (105, 199, 240, 1),
    (106, 19, 115, 1),
    (107, 257, 197, 1),
    (108, 713, 20, 1),
    (109, 222, 143, 1),
    (110, 295, 18, 1),
    (111, 313, 23, 1),
    (112, 10, 219, 2),
    (113, 32, 137, 2),
    (114, 83, 4, 2),
    (115, 885, 88, 1),
    (116, 7, 89, 2),
    (117, 321, 178, 2),
    (118, 38, 43, 1),
    (119, 1196, 137, 1),
    (120, 16, 2, 1),
    (121, 4, 56, 1),
    (122, 314, 223, 1),
    (123, 1, 33, 6),
    (124, 13, 7, 2),
    (125, 41, 205, 1),
    (126, 899, 78, 1),
    (127, 1168, 1, 1),
    (128, 16, 183, 1),
    (129, 252, 2, 2),
    (130, 401, 6, 1),
    (131, 180, 7, 1),
    (132, 170, 34, 4),
    (133, 935, 184, 1),
    (134, 1, 41, 3),
    (135, 23, 4, 2),
    (136, 435, 1, 1),
    (137, 128, 1, 1),
    (138, 125, 19, 1),
    (139, 1, 138, 1),
    (140, 661, 181, 1),
    (141, 17, 183, 2),
    (142, 145, 109, 2),
    (143, 248, 21, 1),
    (144, 52, 39, 1),
    (145, 992, 18, 2),
    (146, 1027, 18, 6),
    (147, 9, 4, 1),
    (148, 56, 36, 1),
    (149, 472, 5, 1),
    (150, 50, 1, 1),
    (151, 1, 11, 1),
    (152, 252, 18, 1),
    (153, 681, 16, 1),
    (154, 5, 1, 1),
    (155, 183, 108, 1),
    (156, 2, 20, 1),
    (157, 8, 75, 2),
    (158, 304, 187, 1),
    (159, 303, 203, 1),
    (160, 843, 48, 2),
    (161, 82, 4, 1),
    (162, 481, 1, 1),
    (163, 82, 58, 1),
    (164, 345, 78, 1),
    (165, 108, 11, 2),
    (166, 31, 22, 2),
    (167, 674, 192, 1),
    (168, 773, 33, 1),
    (169, 29, 2, 1),
    (170, 36, 15, 1),
    (171, 597, 157, 1),
    (172, 37, 22, 4),
    (173, 3, 52, 1),
    (174, 77, 16, 2),
    (175, 223, 97, 1),
    (176, 339, 82, 1),
    (177, 41, 236, 1),
    (178, 10, 206, 1),
    (179, 109, 138, 1),
    (180, 22, 198, 2),
    (181, 351, 77, 1),
    (182, 1, 64, 3),
    (183, 89, 206, 1),
    (184, 266, 17, 1),
    (185, 5, 12, 1),
    (186, 19, 1, 1),
    (187, 488, 10, 1),
    (188, 434, 5, 1),
    (189, 164, 206, 1),
    (190, 39, 55, 1),
    (191, 189, 5, 1),
    (192, 318, 44, 2),
    (193, 52, 76, 2),
    (194, 95, 41, 1),
    (195, 216, 1, 2),
    (196, 538, 45, 1),
    (197, 282, 3, 1),
    (198, 2, 17, 3),
    (199, 60, 24, 1),
    (200, 108, 166, 1);

INSERT INTO `partUsages` (`partUsageId`, `repairItemId`, `partId`, `quantityUsed`) VALUES
    (201, 462, 3, 1),
    (202, 530, 112, 1),
    (203, 156, 248, 1),
    (204, 1167, 38, 1),
    (205, 1146, 59, 1),
    (206, 31, 1, 2),
    (207, 167, 245, 2),
    (208, 617, 170, 2),
    (209, 138, 16, 1),
    (210, 670, 11, 1),
    (211, 110, 23, 1),
    (212, 18, 101, 1),
    (213, 639, 8, 1),
    (214, 209, 20, 3),
    (215, 468, 1, 2),
    (216, 197, 1, 1),
    (217, 15, 7, 1),
    (218, 1, 189, 2),
    (219, 250, 174, 1),
    (220, 189, 181, 1),
    (221, 53, 5, 1),
    (222, 77, 1, 1),
    (223, 67, 196, 1),
    (224, 6, 98, 1),
    (225, 488, 148, 2),
    (226, 1, 6, 3),
    (227, 1008, 79, 5),
    (228, 38, 138, 4),
    (229, 70, 45, 1),
    (230, 71, 176, 1),
    (231, 1048, 183, 1),
    (232, 985, 61, 1),
    (233, 15, 199, 2),
    (234, 65, 37, 6),
    (235, 242, 2, 6),
    (236, 35, 8, 1),
    (237, 35, 53, 1),
    (238, 93, 32, 1),
    (239, 1, 2, 1),
    (240, 613, 217, 1),
    (241, 49, 165, 1),
    (242, 422, 185, 1),
    (243, 1, 1, 1),
    (244, 647, 130, 1),
    (245, 1173, 117, 1),
    (246, 105, 4, 1),
    (247, 8, 2, 1),
    (248, 6, 1, 6),
    (249, 12, 34, 6),
    (250, 690, 248, 2),
    (251, 412, 3, 2),
    (252, 64, 78, 1),
    (253, 48, 35, 3),
    (254, 208, 8, 1),
    (255, 15, 2, 1),
    (256, 28, 22, 1),
    (257, 158, 3, 1),
    (258, 656, 5, 1),
    (259, 186, 63, 1),
    (260, 56, 30, 2),
    (261, 16, 251, 1),
    (262, 2, 83, 1),
    (263, 46, 26, 1),
    (264, 1, 229, 2),
    (265, 26, 139, 1),
    (266, 658, 82, 1),
    (267, 259, 29, 1),
    (268, 3, 1, 1),
    (269, 6, 192, 1),
    (270, 397, 38, 5),
    (271, 87, 104, 1),
    (272, 1, 176, 2),
    (273, 1060, 4, 1),
    (274, 106, 75, 1),
    (275, 1108, 31, 1),
    (276, 788, 30, 2),
    (277, 257, 14, 2),
    (278, 726, 48, 1),
    (279, 1148, 204, 2),
    (280, 727, 15, 1),
    (281, 113, 3, 2),
    (282, 164, 4, 1),
    (283, 78, 1, 1),
    (284, 1, 26, 2),
    (285, 776, 19, 1),
    (286, 650, 1, 1),
    (287, 363, 80, 2),
    (288, 1136, 101, 1),
    (289, 271, 140, 3),
    (290, 307, 217, 2),
    (291, 5, 88, 1),
    (292, 6, 30, 6),
    (293, 636, 5, 1),
    (294, 232, 170, 1),
    (295, 72, 2, 3),
    (296, 3, 50, 1),
    (297, 18, 244, 1),
    (298, 7, 3, 2),
    (299, 256, 3, 2),
    (300, 1173, 144, 1),
    (301, 5, 243, 1),
    (302, 61, 249, 2),
    (303, 178, 234, 1),
    (304, 3, 152, 1),
    (305, 689, 1, 1),
    (306, 1095, 3, 1),
    (307, 702, 26, 1),
    (308, 2, 150, 2),
    (309, 241, 30, 1),
    (310, 1192, 2, 1),
    (311, 11, 3, 1),
    (312, 8, 22, 1),
    (313, 781, 61, 1),
    (314, 38, 95, 1),
    (315, 973, 20, 1),
    (316, 7, 14, 1),
    (317, 44, 3, 2),
    (318, 143, 31, 2),
    (319, 98, 13, 1),
    (320, 767, 57, 2),
    (321, 15, 10, 1),
    (322, 98, 21, 1),
    (323, 103, 10, 3),
    (324, 60, 64, 2),
    (325, 27, 45, 1),
    (326, 376, 1, 1),
    (327, 112, 28, 6),
    (328, 658, 13, 1),
    (329, 368, 77, 1),
    (330, 131, 24, 2),
    (331, 2, 14, 1),
    (332, 30, 2, 1),
    (333, 111, 1, 2),
    (334, 1, 167, 1),
    (335, 346, 1, 2),
    (336, 36, 8, 1),
    (337, 2, 91, 1),
    (338, 12, 2, 2),
    (339, 15, 249, 1),
    (340, 1027, 24, 2),
    (341, 8, 56, 2),
    (342, 509, 1, 1),
    (343, 394, 51, 2),
    (344, 881, 4, 1),
    (345, 921, 1, 2),
    (346, 806, 84, 1),
    (347, 750, 153, 2),
    (348, 8, 4, 2),
    (349, 970, 3, 1),
    (350, 446, 73, 2),
    (351, 1, 131, 1),
    (352, 62, 102, 1),
    (353, 87, 9, 2),
    (354, 60, 28, 1),
    (355, 11, 65, 2),
    (356, 1, 79, 1),
    (357, 227, 188, 1),
    (358, 19, 207, 2),
    (359, 499, 1, 1),
    (360, 34, 1, 2),
    (361, 227, 179, 2),
    (362, 478, 220, 1),
    (363, 59, 56, 1),
    (364, 107, 158, 1),
    (365, 1, 68, 1),
    (366, 262, 43, 1),
    (367, 1078, 35, 5),
    (368, 713, 181, 1),
    (369, 5, 4, 1),
    (370, 5, 126, 1),
    (371, 103, 1, 1),
    (372, 2, 66, 1),
    (373, 326, 63, 1),
    (374, 14, 44, 4),
    (375, 104, 33, 1),
    (376, 204, 11, 2),
    (377, 3, 131, 1),
    (378, 35, 122, 1),
    (379, 103, 169, 3),
    (380, 177, 51, 1),
    (381, 174, 3, 2),
    (382, 90, 20, 1),
    (383, 805, 136, 1),
    (384, 93, 24, 1),
    (385, 33, 194, 1),
    (386, 12, 110, 2),
    (387, 4, 180, 1),
    (388, 57, 151, 1),
    (389, 1, 97, 2),
    (390, 75, 54, 1),
    (391, 10, 1, 1),
    (392, 445, 21, 1),
    (393, 321, 1, 1),
    (394, 261, 8, 1),
    (395, 23, 1, 1),
    (396, 7, 18, 1),
    (397, 181, 6, 1),
    (398, 22, 158, 2),
    (399, 912, 23, 6),
    (400, 954, 10, 1);

INSERT INTO `partUsages` (`partUsageId`, `repairItemId`, `partId`, `quantityUsed`) VALUES
    (401, 112, 130, 2),
    (402, 11, 50, 1),
    (403, 1, 27, 1),
    (404, 171, 46, 2),
    (405, 437, 4, 2),
    (406, 47, 27, 2),
    (407, 495, 179, 1),
    (408, 140, 6, 1),
    (409, 157, 50, 1),
    (410, 693, 112, 1),
    (411, 2, 22, 1),
    (412, 3, 55, 1),
    (413, 230, 97, 1),
    (414, 802, 25, 3),
    (415, 302, 1, 2),
    (416, 780, 20, 1),
    (417, 491, 79, 3),
    (418, 910, 231, 1),
    (419, 487, 154, 2),
    (420, 1055, 129, 1),
    (421, 2, 28, 1),
    (422, 1118, 150, 1),
    (423, 36, 9, 1),
    (424, 2, 42, 1),
    (425, 498, 136, 1),
    (426, 35, 60, 1),
    (427, 3, 73, 1),
    (428, 483, 67, 1),
    (429, 63, 182, 1),
    (430, 31, 26, 2),
    (431, 574, 100, 1),
    (432, 28, 26, 1),
    (433, 90, 174, 1),
    (434, 98, 121, 1),
    (435, 48, 148, 4),
    (436, 107, 68, 1),
    (437, 374, 2, 2),
    (438, 22, 96, 2),
    (439, 886, 220, 1),
    (440, 5, 92, 1),
    (441, 8, 51, 1),
    (442, 76, 74, 1),
    (443, 12, 82, 3),
    (444, 53, 250, 1),
    (445, 27, 180, 1),
    (446, 53, 2, 1),
    (447, 1108, 2, 2),
    (448, 230, 222, 1),
    (449, 718, 2, 1),
    (450, 14, 1, 1),
    (451, 14, 168, 5),
    (452, 139, 9, 1),
    (453, 985, 62, 1),
    (454, 38, 21, 4),
    (455, 983, 11, 1),
    (456, 168, 14, 1),
    (457, 741, 60, 2),
    (458, 4, 8, 1),
    (459, 284, 202, 1),
    (460, 641, 2, 1),
    (461, 447, 103, 1),
    (462, 4, 3, 2),
    (463, 902, 2, 2),
    (464, 1112, 3, 3),
    (465, 14, 89, 2),
    (466, 88, 1, 1),
    (467, 75, 44, 1),
    (468, 434, 1, 1),
    (469, 213, 131, 1),
    (470, 83, 103, 1),
    (471, 641, 118, 2),
    (472, 6, 3, 2),
    (473, 63, 64, 1),
    (474, 104, 3, 1),
    (475, 217, 112, 2),
    (476, 129, 146, 1),
    (477, 15, 66, 1),
    (478, 161, 111, 1),
    (479, 1148, 112, 1),
    (480, 223, 1, 1),
    (481, 478, 3, 2),
    (482, 1, 192, 6),
    (483, 33, 127, 1),
    (484, 485, 1, 1),
    (485, 166, 20, 2),
    (486, 49, 106, 2),
    (487, 20, 168, 1),
    (488, 258, 85, 2),
    (489, 714, 62, 1),
    (490, 122, 5, 3),
    (491, 84, 110, 1),
    (492, 10, 30, 2),
    (493, 37, 71, 1),
    (494, 31, 32, 1),
    (495, 809, 11, 1),
    (496, 2, 237, 1),
    (497, 176, 260, 1),
    (498, 280, 167, 1),
    (499, 217, 131, 2),
    (500, 99, 30, 2),
    (501, 105, 36, 1),
    (502, 1, 23, 1),
    (503, 3, 35, 2),
    (504, 433, 179, 2),
    (505, 45, 1, 2),
    (506, 75, 2, 1),
    (507, 4, 23, 2),
    (508, 24, 190, 1),
    (509, 59, 2, 1),
    (510, 47, 130, 1),
    (511, 4, 7, 1),
    (512, 9, 3, 2),
    (513, 3, 231, 1),
    (514, 616, 242, 2),
    (515, 610, 24, 1),
    (516, 640, 19, 2),
    (517, 566, 15, 1),
    (518, 426, 159, 2),
    (519, 165, 6, 1),
    (520, 805, 32, 2),
    (521, 829, 16, 1),
    (522, 48, 40, 1),
    (523, 236, 179, 1),
    (524, 64, 1, 2),
    (525, 989, 251, 4),
    (526, 186, 82, 1),
    (527, 942, 4, 1),
    (528, 2, 3, 2),
    (529, 5, 11, 2),
    (530, 1, 5, 1),
    (531, 9, 167, 1),
    (532, 60, 73, 1),
    (533, 67, 17, 2),
    (534, 258, 18, 1),
    (535, 13, 86, 1),
    (536, 657, 1, 2),
    (537, 1141, 23, 1),
    (538, 265, 60, 1),
    (539, 165, 2, 2),
    (540, 967, 18, 6),
    (541, 129, 56, 1),
    (542, 3, 7, 1),
    (543, 3, 255, 1),
    (544, 659, 58, 1),
    (545, 2, 45, 1),
    (546, 70, 6, 2),
    (547, 25, 7, 1),
    (548, 627, 30, 5),
    (549, 810, 21, 1),
    (550, 430, 29, 1),
    (551, 38, 42, 2),
    (552, 3, 21, 1),
    (553, 17, 72, 1),
    (554, 139, 12, 3),
    (555, 31, 4, 4),
    (556, 210, 3, 3),
    (557, 484, 194, 2),
    (558, 413, 15, 4),
    (559, 364, 1, 1),
    (560, 477, 38, 1),
    (561, 3, 34, 2),
    (562, 95, 255, 2),
    (563, 56, 9, 1),
    (564, 265, 120, 1),
    (565, 614, 59, 1),
    (566, 36, 6, 1),
    (567, 443, 112, 1),
    (568, 34, 46, 1),
    (569, 327, 1, 3),
    (570, 136, 10, 1),
    (571, 273, 9, 1),
    (572, 1119, 47, 2),
    (573, 800, 2, 2),
    (574, 6, 79, 1),
    (575, 562, 34, 1),
    (576, 8, 109, 1),
    (577, 754, 1, 3),
    (578, 116, 4, 2),
    (579, 59, 36, 1),
    (580, 83, 238, 1),
    (581, 140, 16, 1),
    (582, 113, 6, 1),
    (583, 618, 51, 6),
    (584, 10, 2, 3),
    (585, 1081, 17, 1),
    (586, 109, 185, 5),
    (587, 155, 14, 1),
    (588, 114, 4, 1),
    (589, 194, 5, 6),
    (590, 180, 1, 1),
    (591, 900, 90, 6),
    (592, 1, 159, 1),
    (593, 12, 1, 1),
    (594, 618, 87, 3),
    (595, 299, 1, 1),
    (596, 632, 6, 3),
    (597, 1035, 260, 1),
    (598, 525, 1, 4),
    (599, 742, 15, 1),
    (600, 2, 31, 1);

INSERT INTO `partUsages` (`partUsageId`, `repairItemId`, `partId`, `quantityUsed`) VALUES
    (601, 161, 120, 1),
    (602, 174, 4, 2),
    (603, 41, 131, 1),
    (604, 485, 128, 1),
    (605, 136, 1, 6),
    (606, 1017, 26, 1),
    (607, 427, 62, 1),
    (608, 33, 124, 1),
    (609, 192, 1, 1),
    (610, 257, 118, 2),
    (611, 549, 148, 1),
    (612, 143, 76, 1),
    (613, 158, 194, 1),
    (614, 1, 233, 1),
    (615, 624, 15, 2),
    (616, 208, 2, 2),
    (617, 332, 131, 3),
    (618, 9, 1, 1),
    (619, 90, 17, 1),
    (620, 1, 238, 1),
    (621, 175, 38, 2),
    (622, 557, 205, 2),
    (623, 566, 11, 3),
    (624, 277, 86, 2),
    (625, 404, 56, 1),
    (626, 702, 7, 1),
    (627, 217, 226, 1),
    (628, 130, 106, 1),
    (629, 1033, 203, 1),
    (630, 1169, 191, 1),
    (631, 530, 123, 2),
    (632, 52, 22, 1),
    (633, 543, 254, 2),
    (634, 177, 176, 2),
    (635, 468, 148, 1),
    (636, 11, 169, 1),
    (637, 17, 28, 2),
    (638, 480, 64, 1),
    (639, 101, 109, 1),
    (640, 11, 235, 2),
    (641, 685, 124, 1),
    (642, 8, 58, 2),
    (643, 154, 3, 2),
    (644, 128, 9, 2),
    (645, 30, 60, 1),
    (646, 583, 6, 2),
    (647, 322, 2, 1),
    (648, 676, 111, 1),
    (649, 60, 112, 2),
    (650, 152, 36, 1),
    (651, 91, 133, 1),
    (652, 94, 68, 1),
    (653, 266, 1, 2),
    (654, 77, 188, 1),
    (655, 629, 100, 1),
    (656, 514, 1, 2),
    (657, 8, 152, 2),
    (658, 430, 19, 1),
    (659, 189, 6, 2),
    (660, 17, 110, 1),
    (661, 288, 3, 5),
    (662, 13, 65, 1),
    (663, 74, 35, 2),
    (664, 664, 6, 2),
    (665, 84, 20, 2),
    (666, 128, 16, 1),
    (667, 5, 15, 1),
    (668, 781, 2, 1),
    (669, 864, 8, 1),
    (670, 375, 10, 1),
    (671, 65, 235, 1),
    (672, 211, 151, 2),
    (673, 577, 22, 1),
    (674, 106, 148, 1),
    (675, 38, 88, 2),
    (676, 572, 55, 2),
    (677, 4, 11, 1),
    (678, 152, 35, 1),
    (679, 4, 237, 2),
    (680, 1022, 255, 3),
    (681, 189, 81, 1),
    (682, 226, 207, 1),
    (683, 362, 57, 1),
    (684, 1120, 30, 1),
    (685, 200, 53, 2),
    (686, 383, 1, 1),
    (687, 27, 171, 1),
    (688, 382, 16, 1),
    (689, 89, 135, 1),
    (690, 708, 3, 1),
    (691, 25, 123, 4),
    (692, 978, 238, 1),
    (693, 60, 7, 1),
    (694, 6, 59, 2),
    (695, 2, 193, 1),
    (696, 1125, 201, 1),
    (697, 10, 22, 1),
    (698, 1, 80, 1),
    (699, 2, 257, 2),
    (700, 3, 10, 1),
    (701, 62, 159, 1),
    (702, 98, 209, 1),
    (703, 652, 3, 1),
    (704, 83, 176, 1),
    (705, 4, 90, 1),
    (706, 71, 30, 1),
    (707, 27, 53, 2),
    (708, 45, 25, 4),
    (709, 3, 94, 1),
    (710, 1, 45, 2),
    (711, 668, 25, 1),
    (712, 111, 32, 1),
    (713, 128, 5, 1),
    (714, 139, 171, 1),
    (715, 1086, 30, 1),
    (716, 35, 117, 1),
    (717, 2, 168, 1),
    (718, 302, 10, 1),
    (719, 5, 31, 1),
    (720, 271, 17, 3),
    (721, 911, 1, 1),
    (722, 696, 62, 1),
    (723, 65, 196, 1),
    (724, 3, 3, 1),
    (725, 13, 119, 2),
    (726, 194, 249, 1),
    (727, 102, 11, 2),
    (728, 341, 16, 1),
    (729, 830, 176, 1),
    (730, 1068, 61, 1),
    (731, 22, 3, 1),
    (732, 22, 1, 1),
    (733, 718, 3, 2),
    (734, 1, 4, 2),
    (735, 499, 3, 4),
    (736, 633, 175, 1),
    (737, 402, 6, 1),
    (738, 1, 141, 2),
    (739, 36, 100, 1),
    (740, 4, 48, 1),
    (741, 894, 32, 1),
    (742, 22, 33, 2),
    (743, 89, 10, 3),
    (744, 157, 185, 1),
    (745, 20, 114, 1),
    (746, 202, 1, 1),
    (747, 368, 2, 1),
    (748, 537, 78, 1),
    (749, 1, 37, 1),
    (750, 6, 54, 2),
    (751, 159, 23, 2),
    (752, 1, 10, 2),
    (753, 132, 103, 1),
    (754, 118, 111, 2),
    (755, 655, 228, 1),
    (756, 740, 72, 2),
    (757, 6, 19, 1),
    (758, 101, 47, 1),
    (759, 203, 42, 1),
    (760, 832, 228, 2),
    (761, 4, 41, 1),
    (762, 42, 246, 2),
    (763, 36, 1, 1),
    (764, 701, 204, 3),
    (765, 272, 15, 2),
    (766, 73, 131, 1),
    (767, 639, 158, 4),
    (768, 786, 1, 1),
    (769, 86, 35, 6),
    (770, 1, 93, 4),
    (771, 271, 7, 1),
    (772, 385, 111, 1),
    (773, 320, 1, 6),
    (774, 551, 11, 1),
    (775, 175, 73, 3),
    (776, 90, 172, 2),
    (777, 7, 96, 1),
    (778, 1092, 166, 2),
    (779, 24, 83, 1),
    (780, 327, 231, 1),
    (781, 118, 8, 1),
    (782, 257, 76, 2),
    (783, 761, 235, 2),
    (784, 608, 68, 1),
    (785, 179, 85, 4),
    (786, 12, 233, 1),
    (787, 826, 19, 1),
    (788, 25, 1, 1),
    (789, 125, 207, 3),
    (790, 66, 8, 4),
    (791, 284, 36, 1),
    (792, 110, 48, 1),
    (793, 615, 1, 1),
    (794, 676, 39, 1),
    (795, 3, 2, 1),
    (796, 695, 14, 1),
    (797, 92, 107, 1),
    (798, 517, 234, 2),
    (799, 539, 7, 1),
    (800, 1, 3, 1);

INSERT INTO `partUsages` (`partUsageId`, `repairItemId`, `partId`, `quantityUsed`) VALUES
    (801, 32, 10, 3),
    (802, 931, 164, 2),
    (803, 64, 229, 2),
    (804, 542, 117, 1),
    (805, 211, 76, 2),
    (806, 724, 14, 1),
    (807, 153, 1, 2),
    (808, 33, 19, 2),
    (809, 20, 7, 1),
    (810, 1063, 19, 2),
    (811, 1162, 56, 2),
    (812, 21, 5, 1),
    (813, 44, 84, 2),
    (814, 674, 22, 1),
    (815, 577, 2, 1),
    (816, 2, 37, 2),
    (817, 1192, 161, 1),
    (818, 4, 102, 1),
    (819, 111, 3, 1),
    (820, 1, 108, 1),
    (821, 791, 171, 1),
    (822, 286, 72, 1),
    (823, 534, 1, 1),
    (824, 435, 37, 1),
    (825, 56, 22, 2),
    (826, 3, 138, 1),
    (827, 36, 10, 1),
    (828, 272, 40, 1),
    (829, 1147, 32, 2),
    (830, 157, 40, 3),
    (831, 582, 104, 1),
    (832, 145, 7, 1),
    (833, 1004, 221, 1),
    (834, 1008, 78, 2),
    (835, 622, 1, 1),
    (836, 4, 156, 1),
    (837, 26, 170, 1),
    (838, 43, 1, 2),
    (839, 72, 90, 1),
    (840, 683, 14, 1),
    (841, 215, 234, 1),
    (842, 89, 232, 1),
    (843, 158, 135, 2),
    (844, 114, 10, 1),
    (845, 460, 212, 1),
    (846, 36, 102, 1),
    (847, 185, 13, 1),
    (848, 274, 8, 3),
    (849, 18, 132, 1),
    (850, 2, 15, 1),
    (851, 657, 112, 1),
    (852, 10, 127, 1),
    (853, 66, 30, 2),
    (854, 25, 9, 2),
    (855, 309, 57, 1),
    (856, 6, 102, 1),
    (857, 1, 17, 1),
    (858, 48, 8, 1),
    (859, 4, 88, 1),
    (860, 523, 16, 2),
    (861, 708, 75, 1),
    (862, 552, 139, 1),
    (863, 202, 7, 5),
    (864, 777, 244, 1),
    (865, 155, 1, 1),
    (866, 39, 68, 1),
    (867, 446, 1, 1),
    (868, 94, 113, 1),
    (869, 15, 245, 1),
    (870, 8, 3, 2),
    (871, 441, 58, 1),
    (872, 37, 8, 2),
    (873, 23, 2, 1),
    (874, 256, 21, 1),
    (875, 22, 19, 3),
    (876, 424, 5, 2),
    (877, 20, 1, 1),
    (878, 80, 115, 1),
    (879, 4, 142, 1),
    (880, 13, 1, 2),
    (881, 362, 10, 6),
    (882, 202, 155, 1),
    (883, 70, 28, 1),
    (884, 15, 140, 1),
    (885, 20, 30, 1),
    (886, 758, 9, 1),
    (887, 240, 40, 1),
    (888, 14, 154, 3),
    (889, 332, 126, 1),
    (890, 44, 1, 4),
    (891, 507, 4, 1),
    (892, 642, 10, 2),
    (893, 164, 1, 1),
    (894, 507, 231, 2),
    (895, 1047, 36, 2),
    (896, 139, 1, 2),
    (897, 931, 63, 1),
    (898, 490, 7, 3),
    (899, 592, 96, 1),
    (900, 5, 252, 2),
    (901, 118, 6, 1),
    (902, 451, 2, 2),
    (903, 236, 2, 2),
    (904, 793, 56, 2),
    (905, 76, 1, 1),
    (906, 114, 51, 2),
    (907, 510, 19, 2),
    (908, 80, 6, 1),
    (909, 81, 7, 1),
    (910, 36, 37, 2),
    (911, 291, 172, 1),
    (912, 403, 248, 1),
    (913, 47, 7, 2),
    (914, 883, 10, 3),
    (915, 882, 1, 2),
    (916, 379, 22, 1),
    (917, 82, 93, 1),
    (918, 637, 256, 1),
    (919, 26, 85, 3),
    (920, 196, 2, 1),
    (921, 429, 2, 2),
    (922, 175, 86, 2),
    (923, 88, 247, 2),
    (924, 1118, 172, 2),
    (925, 38, 59, 6),
    (926, 92, 75, 1),
    (927, 379, 225, 1),
    (928, 198, 22, 1),
    (929, 108, 116, 1),
    (930, 4, 58, 1),
    (931, 2, 36, 2),
    (932, 1069, 112, 1),
    (933, 77, 5, 1),
    (934, 53, 24, 1),
    (935, 1, 244, 1),
    (936, 86, 6, 2),
    (937, 276, 3, 1),
    (938, 21, 28, 2),
    (939, 167, 8, 2),
    (940, 739, 174, 2),
    (941, 298, 101, 2),
    (942, 470, 234, 1),
    (943, 455, 208, 1),
    (944, 363, 2, 2),
    (945, 394, 87, 1),
    (946, 329, 175, 1),
    (947, 292, 1, 1),
    (948, 11, 25, 2),
    (949, 606, 246, 4),
    (950, 1, 71, 1),
    (951, 4, 35, 2),
    (952, 849, 7, 1),
    (953, 555, 101, 1),
    (954, 35, 55, 1),
    (955, 29, 8, 1),
    (956, 748, 173, 1),
    (957, 552, 219, 2),
    (958, 150, 11, 1),
    (959, 15, 53, 1),
    (960, 64, 11, 1),
    (961, 841, 107, 5),
    (962, 310, 57, 1),
    (963, 1, 158, 1),
    (964, 893, 7, 1),
    (965, 830, 8, 1),
    (966, 264, 128, 1),
    (967, 421, 21, 1),
    (968, 12, 239, 1),
    (969, 41, 38, 1),
    (970, 35, 118, 2),
    (971, 91, 119, 2),
    (972, 88, 61, 1),
    (973, 539, 180, 1),
    (974, 2, 26, 1),
    (975, 7, 106, 1),
    (976, 502, 7, 2),
    (977, 444, 1, 1),
    (978, 45, 98, 1),
    (979, 1112, 9, 1),
    (980, 148, 86, 2),
    (981, 260, 170, 1),
    (982, 204, 20, 1),
    (983, 1020, 26, 1),
    (984, 16, 100, 1),
    (985, 154, 2, 2),
    (986, 853, 34, 2),
    (987, 1, 257, 1),
    (988, 803, 7, 1),
    (989, 2, 206, 1),
    (990, 1069, 116, 1),
    (991, 380, 110, 1),
    (992, 733, 1, 1),
    (993, 53, 137, 2),
    (994, 6, 27, 1),
    (995, 832, 73, 1),
    (996, 964, 141, 6),
    (997, 85, 44, 2),
    (998, 287, 2, 1),
    (999, 593, 108, 2),
    (1000, 807, 48, 1);

INSERT INTO `partUsages` (`partUsageId`, `repairItemId`, `partId`, `quantityUsed`) VALUES
    (1001, 272, 28, 1),
    (1002, 2, 21, 2),
    (1003, 673, 47, 1),
    (1004, 1, 72, 1),
    (1005, 126, 233, 1),
    (1006, 86, 9, 1),
    (1007, 2, 81, 1),
    (1008, 15, 167, 1),
    (1009, 2, 23, 2),
    (1010, 449, 27, 1),
    (1011, 225, 22, 1),
    (1012, 111, 249, 1),
    (1013, 113, 143, 1),
    (1014, 12, 104, 1),
    (1015, 1, 35, 2),
    (1016, 846, 1, 1),
    (1017, 208, 166, 4),
    (1018, 70, 18, 1),
    (1019, 3, 23, 1),
    (1020, 3, 215, 1),
    (1021, 16, 93, 1),
    (1022, 1084, 76, 1),
    (1023, 1199, 12, 1),
    (1024, 161, 86, 2),
    (1025, 285, 8, 6),
    (1026, 88, 118, 1),
    (1027, 1015, 236, 1),
    (1028, 613, 151, 2),
    (1029, 598, 232, 1),
    (1030, 140, 241, 4),
    (1031, 226, 90, 2),
    (1032, 567, 6, 1),
    (1033, 176, 4, 2),
    (1034, 574, 6, 1),
    (1035, 2, 140, 2),
    (1036, 27, 3, 1),
    (1037, 85, 58, 3),
    (1038, 506, 27, 1),
    (1039, 188, 207, 1),
    (1040, 61, 150, 6),
    (1041, 22, 41, 1),
    (1042, 3, 46, 1),
    (1043, 26, 12, 1),
    (1044, 436, 38, 3),
    (1045, 841, 48, 1),
    (1046, 42, 2, 1),
    (1047, 520, 31, 1),
    (1048, 109, 26, 1),
    (1049, 163, 135, 1),
    (1050, 262, 80, 1),
    (1051, 110, 5, 2),
    (1052, 618, 226, 1),
    (1053, 347, 1, 1),
    (1054, 51, 61, 1),
    (1055, 558, 5, 2),
    (1056, 80, 239, 1),
    (1057, 65, 60, 1),
    (1058, 104, 98, 2),
    (1059, 596, 154, 1),
    (1060, 45, 202, 6),
    (1061, 153, 158, 1),
    (1062, 5, 80, 2),
    (1063, 615, 238, 1),
    (1064, 123, 2, 1),
    (1065, 52, 58, 6),
    (1066, 355, 9, 1),
    (1067, 258, 14, 1),
    (1068, 2, 224, 1),
    (1069, 13, 4, 2),
    (1070, 405, 45, 1),
    (1071, 388, 100, 3),
    (1072, 1155, 216, 3),
    (1073, 256, 15, 1),
    (1074, 526, 1, 2),
    (1075, 415, 1, 2),
    (1076, 31, 43, 1),
    (1077, 442, 7, 1),
    (1078, 330, 81, 2),
    (1079, 169, 73, 1),
    (1080, 4, 9, 1),
    (1081, 6, 40, 1),
    (1082, 28, 21, 1),
    (1083, 6, 103, 1),
    (1084, 1112, 36, 1),
    (1085, 7, 147, 1),
    (1086, 880, 5, 2),
    (1087, 858, 218, 2),
    (1088, 23, 44, 2),
    (1089, 1, 122, 1),
    (1090, 1027, 127, 1),
    (1091, 8, 1, 1),
    (1092, 189, 3, 1),
    (1093, 52, 20, 1),
    (1094, 201, 3, 1),
    (1095, 80, 135, 1),
    (1096, 5, 87, 3),
    (1097, 653, 27, 1),
    (1098, 40, 6, 2),
    (1099, 326, 49, 2),
    (1100, 379, 4, 1),
    (1101, 1130, 225, 2),
    (1102, 2, 89, 1),
    (1103, 262, 3, 1),
    (1104, 434, 169, 1),
    (1105, 618, 5, 1),
    (1106, 519, 158, 1),
    (1107, 67, 11, 2),
    (1108, 649, 4, 2),
    (1109, 954, 21, 1),
    (1110, 16, 89, 1),
    (1111, 401, 7, 2),
    (1112, 9, 7, 1),
    (1113, 349, 1, 2),
    (1114, 545, 18, 1),
    (1115, 1, 24, 2),
    (1116, 23, 97, 1),
    (1117, 1, 129, 1),
    (1118, 128, 28, 2),
    (1119, 30, 221, 4),
    (1120, 17, 82, 1),
    (1121, 179, 12, 2),
    (1122, 12, 113, 1),
    (1123, 274, 39, 2),
    (1124, 145, 9, 1),
    (1125, 1, 133, 2),
    (1126, 4, 195, 1),
    (1127, 28, 229, 1),
    (1128, 902, 28, 2),
    (1129, 1042, 3, 2),
    (1130, 15, 45, 1),
    (1131, 214, 176, 4),
    (1132, 7, 8, 1),
    (1133, 758, 162, 1),
    (1134, 819, 44, 3),
    (1135, 150, 15, 1),
    (1136, 39, 175, 2),
    (1137, 6, 207, 2),
    (1138, 16, 29, 2),
    (1139, 64, 251, 1),
    (1140, 207, 17, 1),
    (1141, 377, 257, 2),
    (1142, 857, 131, 6),
    (1143, 55, 88, 1),
    (1144, 654, 1, 1),
    (1145, 2, 46, 3),
    (1146, 276, 57, 1),
    (1147, 692, 33, 2),
    (1148, 904, 1, 2),
    (1149, 516, 210, 1),
    (1150, 65, 256, 1),
    (1151, 156, 5, 1),
    (1152, 86, 157, 1),
    (1153, 185, 17, 1),
    (1154, 506, 14, 1),
    (1155, 83, 137, 1),
    (1156, 980, 79, 1),
    (1157, 191, 190, 1),
    (1158, 228, 56, 2),
    (1159, 2, 10, 1),
    (1160, 270, 7, 1),
    (1161, 595, 109, 1),
    (1162, 63, 7, 1),
    (1163, 618, 28, 2),
    (1164, 1130, 33, 3),
    (1165, 171, 1, 2),
    (1166, 28, 129, 1),
    (1167, 209, 139, 1),
    (1168, 17, 7, 2),
    (1169, 281, 158, 2),
    (1170, 144, 57, 1),
    (1171, 1159, 110, 2),
    (1172, 55, 3, 1),
    (1173, 27, 228, 2),
    (1174, 576, 24, 1),
    (1175, 32, 5, 1),
    (1176, 101, 39, 1),
    (1177, 45, 6, 2),
    (1178, 110, 47, 2),
    (1179, 191, 44, 1),
    (1180, 614, 30, 2),
    (1181, 23, 16, 1),
    (1182, 19, 96, 1),
    (1183, 7, 170, 1),
    (1184, 562, 151, 6),
    (1185, 123, 21, 2),
    (1186, 994, 11, 2),
    (1187, 681, 15, 1),
    (1188, 5, 176, 3),
    (1189, 21, 119, 1),
    (1190, 62, 109, 1),
    (1191, 150, 33, 1),
    (1192, 245, 66, 6),
    (1193, 20, 40, 1),
    (1194, 36, 79, 1),
    (1195, 364, 128, 1),
    (1196, 32, 82, 2),
    (1197, 263, 2, 2),
    (1198, 89, 51, 2),
    (1199, 62, 73, 1),
    (1200, 4, 223, 3);
