-- Motion Forward Physical Therapy — POSTGRESQL script
-- Generated by the Agoge dataset generator (version 1.0.0, seed 11).
-- Every row is synthetic. Regenerating with the same brief and seed
-- reproduces this file byte for byte.

-- Creates 'physical_therapy_clinic'. If a database of that name already exists this
-- script stops with an error rather than overwriting it. Re-run with
-- drop_existing=True, or drop it yourself, if replacement is intended.

CREATE SCHEMA "physical_therapy_clinic";
SET search_path TO "physical_therapy_clinic";

-- Tables (parents first, so every foreign key resolves on load)

CREATE TABLE "clinics" (
    "clinic_id" INTEGER NOT NULL,
    "clinic_name" VARCHAR(120) NOT NULL,
    "street" VARCHAR(120) NOT NULL,
    "city" VARCHAR(60) NOT NULL,
    "state" VARCHAR(2) NOT NULL,
    "postal_code" VARCHAR(10) NOT NULL,
    CONSTRAINT "pk_clinics_clinic_id" PRIMARY KEY ("clinic_id")
);

CREATE TABLE "insurers" (
    "insurer_id" INTEGER NOT NULL,
    "insurer_name" VARCHAR(120) NOT NULL,
    "payer_type" VARCHAR(60) NOT NULL,
    "reimbursement_rate" DECIMAL(5,2) NOT NULL,
    CONSTRAINT "pk_insurers_insurer_id" PRIMARY KEY ("insurer_id")
);

CREATE TABLE "therapists" (
    "therapist_id" INTEGER NOT NULL,
    "first_name" VARCHAR(50) NOT NULL,
    "last_name" VARCHAR(50) NOT NULL,
    "specialty" VARCHAR(60) NOT NULL,
    "clinic_id" INTEGER NOT NULL,
    "hire_date" DATE NOT NULL,
    CONSTRAINT "pk_therapists_therapist_id" PRIMARY KEY ("therapist_id"),
    CONSTRAINT "fk_therapists_clinic_id" FOREIGN KEY ("clinic_id") REFERENCES "clinics" ("clinic_id")
);

CREATE TABLE "patients" (
    "patient_id" INTEGER NOT NULL,
    "first_name" VARCHAR(50) NOT NULL,
    "last_name" VARCHAR(50) NOT NULL,
    "date_of_birth" DATE NOT NULL,
    "phone" VARCHAR(20) NOT NULL,
    "email" VARCHAR(120) NULL,
    "referring_clinic_id" INTEGER NOT NULL,
    CONSTRAINT "pk_patients_patient_id" PRIMARY KEY ("patient_id"),
    CONSTRAINT "fk_patients_referring_clinic_id" FOREIGN KEY ("referring_clinic_id") REFERENCES "clinics" ("clinic_id")
);

CREATE TABLE "patient_insurers" (
    "patient_insurer_id" INTEGER NOT NULL,
    "patient_id" INTEGER NOT NULL,
    "insurer_id" INTEGER NOT NULL,
    "policy_number" VARCHAR(30) NOT NULL,
    "coverage_start" DATE NOT NULL,
    "is_primary" BOOLEAN NOT NULL,
    CONSTRAINT "pk_patient_insurers_patient_insurer_id" PRIMARY KEY ("patient_insurer_id"),
    CONSTRAINT "uq_patient_insurers_patient_id_insurer_id" UNIQUE ("patient_id", "insurer_id"),
    CONSTRAINT "fk_patient_insurers_patient_id" FOREIGN KEY ("patient_id") REFERENCES "patients" ("patient_id"),
    CONSTRAINT "fk_patient_insurers_insurer_id" FOREIGN KEY ("insurer_id") REFERENCES "insurers" ("insurer_id")
);

CREATE TABLE "treatment_plans" (
    "treatment_plan_id" INTEGER NOT NULL,
    "patient_id" INTEGER NOT NULL,
    "therapist_id" INTEGER NOT NULL,
    "diagnosis_code" VARCHAR(30) NOT NULL,
    "start_date" DATE NOT NULL,
    "authorized_visits" INTEGER NOT NULL,
    "status" VARCHAR(60) NOT NULL,
    CONSTRAINT "pk_treatment_plans_treatment_plan_id" PRIMARY KEY ("treatment_plan_id"),
    CONSTRAINT "fk_treatment_plans_patient_id" FOREIGN KEY ("patient_id") REFERENCES "patients" ("patient_id"),
    CONSTRAINT "fk_treatment_plans_therapist_id" FOREIGN KEY ("therapist_id") REFERENCES "therapists" ("therapist_id")
);

CREATE TABLE "appointments" (
    "appointment_id" INTEGER NOT NULL,
    "treatment_plan_id" INTEGER NOT NULL,
    "therapist_id" INTEGER NOT NULL,
    "clinic_id" INTEGER NOT NULL,
    "appointment_datetime" TIMESTAMP NOT NULL,
    "status" VARCHAR(60) NOT NULL,
    "duration_minutes" INTEGER NOT NULL,
    "billed_amount" DECIMAL(12,2) NOT NULL,
    CONSTRAINT "pk_appointments_appointment_id" PRIMARY KEY ("appointment_id"),
    CONSTRAINT "fk_appointments_treatment_plan_id" FOREIGN KEY ("treatment_plan_id") REFERENCES "treatment_plans" ("treatment_plan_id"),
    CONSTRAINT "fk_appointments_therapist_id" FOREIGN KEY ("therapist_id") REFERENCES "therapists" ("therapist_id"),
    CONSTRAINT "fk_appointments_clinic_id" FOREIGN KEY ("clinic_id") REFERENCES "clinics" ("clinic_id")
);

CREATE TABLE "insurance_claims" (
    "claim_id" INTEGER NOT NULL,
    "appointment_id" INTEGER NOT NULL,
    "insurer_id" INTEGER NOT NULL,
    "submitted_date" DATE NOT NULL,
    "claim_status" VARCHAR(60) NOT NULL,
    "approved_amount" DECIMAL(12,2) NULL,
    "denial_reason" VARCHAR(60) NULL,
    CONSTRAINT "pk_insurance_claims_claim_id" PRIMARY KEY ("claim_id"),
    CONSTRAINT "fk_insurance_claims_appointment_id" FOREIGN KEY ("appointment_id") REFERENCES "appointments" ("appointment_id"),
    CONSTRAINT "fk_insurance_claims_insurer_id" FOREIGN KEY ("insurer_id") REFERENCES "insurers" ("insurer_id")
);

-- Data

INSERT INTO "clinics" ("clinic_id", "clinic_name", "street", "city", "state", "postal_code") VALUES
    (1, 'Limited listing', '7014 Vineyard Pkwy', 'Evanston', 'PA', '47140'),
    (2, 'Limited bundle', '3579 Maple Ln', 'Toledo', 'NC', '90213'),
    (3, 'Legacy record', '3436 Maple Dr', 'East Lansing', 'IN', '13582'),
    (4, 'Custom package', '3176 Cedar Ave', 'Dearborn', 'FL', '42230'),
    (5, 'Regional cycle', '6753 Grand River Ct', 'Wausau', 'NY', '35898'),
    (6, 'Bulk shipment', '6338 Cedar Way', 'Madison', 'PA', '23353'),
    (7, 'Priority package', '4873 Vineyard Pkwy', 'Dearborn', 'WI', '59273'),
    (8, 'Refurbished record', '5549 Abbott Ln', 'Peoria', 'CO', '36197'),
    (9, 'Custom request', '7690 Ivy Dr', 'Bloomington', 'OR', '42969'),
    (10, 'Expedited request', '8680 Harrison Blvd', 'Indianapolis', 'MA', '18869'),
    (11, 'Expedited shipment', '9068 Ivy Rd', 'Marquette', 'IA', '68789'),
    (12, 'Seasonal ticket', '4229 Birchwood Way', 'Kalamazoo', 'TX', '72532');

INSERT INTO "insurers" ("insurer_id", "insurer_name", "payer_type", "reimbursement_rate") VALUES
    (1, 'Timberline Trading', 'Medicaid', 0.88),
    (2, 'Hollowbrook Partners', 'VA Benefits', 0.72),
    (3, 'Northline Systems', 'VA Benefits', 0.92),
    (4, 'Beacon Services', 'VA Benefits', 0.78),
    (5, 'Bluewater Collective', 'Medicare', 0.86),
    (6, 'Lakebound Industries', 'Private', 0.67),
    (7, 'Trailhead Distribution', 'Private', 0.55),
    (8, 'Meridian Holdings', 'Private', 0.81),
    (9, 'Clearwater Trading', 'Medicaid', 0.88),
    (10, 'Silverbrook Services', 'Private', 0.8),
    (11, 'Pinecrest Partners', 'Medicaid', 0.62),
    (12, 'Bluewater Services', 'Private', 0.73);

INSERT INTO "therapists" ("therapist_id", "first_name", "last_name", "specialty", "clinic_id", "hire_date") VALUES
    (1, 'Gideon', 'Abara', 'Orthopedic', 4, '2022-07-12'),
    (2, 'Ezra', 'Thorne', 'Neurological', 9, '2020-04-03'),
    (3, 'Kenji', 'Thorne', 'Cardiopulmonary', 12, '2021-09-02'),
    (4, 'Rosa', 'Okafor', 'Orthopedic', 1, '2018-07-05'),
    (5, 'Uma', 'Xiong', 'Pediatric', 7, '2015-12-13'),
    (6, 'Emeka', 'Iqbal', 'Orthopedic', 5, '2017-03-27'),
    (7, 'Kiara', 'Silva', 'Pediatric', 8, '2023-01-27'),
    (8, 'Viktor', 'Petrov', 'Geriatric', 12, '2016-11-04'),
    (9, 'Junie', 'Yamada', 'Geriatric', 6, '2020-08-25'),
    (10, 'Pablo', 'Brennan', 'Pediatric', 1, '2019-01-17'),
    (11, 'Ezra', 'Ferraro', 'Sports Medicine', 1, '2016-03-20'),
    (12, 'Mira', 'Chen', 'Sports Medicine', 11, '2016-07-03'),
    (13, 'Zane', 'Abara', 'Orthopedic', 7, '2022-12-31'),
    (14, 'Fiona', 'Novak', 'Cardiopulmonary', 12, '2015-09-13'),
    (15, 'Felix', 'Novak', 'Geriatric', 1, '2021-03-30'),
    (16, 'Cyrus', 'Ueda', 'Orthopedic', 11, '2016-11-01'),
    (17, 'Kenji', 'Chen', 'Pediatric', 2, '2021-11-20'),
    (18, 'Camila', 'Whitfield', 'Cardiopulmonary', 8, '2021-07-12'),
    (19, 'Dalia', 'Pardo', 'Pediatric', 5, '2020-07-24'),
    (20, 'Bodhi', 'Quinones', 'Geriatric', 6, '2024-04-02'),
    (21, 'Wren', 'Gallo', 'Orthopedic', 11, '2024-03-20'),
    (22, 'Hanna', 'Okafor', 'Cardiopulmonary', 8, '2018-04-24'),
    (23, 'Simone', 'Whitfield', 'Orthopedic', 3, '2020-12-17'),
    (24, 'Dario', 'Castillo', 'Pediatric', 6, '2023-10-03'),
    (25, 'Pablo', 'Fontaine', 'Geriatric', 5, '2020-06-08'),
    (26, 'Imani', 'Ferraro', 'Orthopedic', 6, '2019-04-01'),
    (27, 'Camila', 'Nakamura', 'Sports Medicine', 7, '2018-04-19'),
    (28, 'Jonas', 'Hollande', 'Orthopedic', 9, '2018-10-15'),
    (29, 'Cameron', 'Lindqvist', 'Cardiopulmonary', 7, '2021-11-12'),
    (30, 'Kwame', 'Tanaka', 'Cardiopulmonary', 5, '2016-06-20'),
    (31, 'Hanna', 'Ortega', 'Sports Medicine', 8, '2019-01-31'),
    (32, 'Nadia', 'Stroud', 'Neurological', 3, '2022-06-01'),
    (33, 'Fiona', 'Stroud', 'Neurological', 5, '2022-05-31'),
    (34, 'Ines', 'Ortega', 'Orthopedic', 1, '2018-01-21'),
    (35, 'Yusuf', 'Jokinen', 'Pediatric', 7, '2016-02-13'),
    (36, 'Zofia', 'Ferraro', 'Orthopedic', 3, '2021-02-26'),
    (37, 'Soren', 'Rasmussen', 'Pediatric', 12, '2021-07-22'),
    (38, 'Tobias', 'Fontaine', 'Sports Medicine', 7, '2020-03-22'),
    (39, 'Nikolai', 'Nakamura', 'Sports Medicine', 8, '2017-04-15'),
    (40, 'Felix', 'Bhatt', 'Neurological', 8, '2016-09-16'),
    (41, 'Soren', 'Xiong', 'Sports Medicine', 3, '2021-12-01'),
    (42, 'Ines', 'Silva', 'Sports Medicine', 3, '2017-09-27'),
    (43, 'Leilani', 'Weaver', 'Sports Medicine', 6, '2021-02-07'),
    (44, 'Pablo', 'Varga', 'Geriatric', 11, '2022-04-15'),
    (45, 'Priya', 'Vasquez', 'Geriatric', 11, '2022-05-05'),
    (46, 'Cameron', 'Lindqvist', 'Orthopedic', 8, '2020-10-16'),
    (47, 'Halima', 'Iqbal', 'Cardiopulmonary', 2, '2015-03-28'),
    (48, 'Ulises', 'Pardo', 'Sports Medicine', 8, '2019-05-24'),
    (49, 'Tobias', 'Weaver', 'Cardiopulmonary', 6, '2022-04-22'),
    (50, 'Junie', 'Delacroix', 'Orthopedic', 10, '2018-06-12'),
    (51, 'Xiomara', 'Tanaka', 'Orthopedic', 11, '2016-04-30'),
    (52, 'Rosa', 'Hollande', 'Neurological', 4, '2024-02-17'),
    (53, 'Lucas', 'Ishikawa', 'Orthopedic', 11, '2017-11-02'),
    (54, 'Gideon', 'Fontaine', 'Neurological', 10, '2024-03-16'),
    (55, 'Lars', 'Weaver', 'Cardiopulmonary', 8, '2022-07-25'),
    (56, 'Nikolai', 'Egwu', 'Geriatric', 11, '2019-03-17'),
    (57, 'Hassan', 'Quinones', 'Orthopedic', 11, '2024-03-18'),
    (58, 'Priya', 'Nakamura', 'Geriatric', 1, '2017-04-20'),
    (59, 'Avery', 'Iqbal', 'Orthopedic', 6, '2024-04-16'),
    (60, 'Farrah', 'Vasquez', 'Sports Medicine', 10, '2019-02-01'),
    (61, 'Zane', 'Ulrich', 'Orthopedic', 12, '2021-05-21'),
    (62, 'Quentin', 'Eriksen', 'Neurological', 10, '2015-01-13'),
    (63, 'Junie', 'Egwu', 'Geriatric', 10, '2015-05-18'),
    (64, 'Greta', 'Jensen', 'Orthopedic', 8, '2016-01-02'),
    (65, 'Bianca', 'Ishikawa', 'Orthopedic', 6, '2017-12-05'),
    (66, 'Xiomara', 'Whitfield', 'Cardiopulmonary', 1, '2019-12-11'),
    (67, 'Jonas', 'Chen', 'Neurological', 5, '2023-03-29'),
    (68, 'Cyrus', 'Thorne', 'Sports Medicine', 1, '2017-04-01'),
    (69, 'Lars', 'Hollande', 'Pediatric', 4, '2022-11-06'),
    (70, 'Avery', 'Chen', 'Neurological', 7, '2021-05-28'),
    (71, 'Pablo', 'Moreau', 'Neurological', 9, '2021-09-13'),
    (72, 'Imani', 'Vasquez', 'Sports Medicine', 1, '2021-09-15'),
    (73, 'Josefina', 'Fontaine', 'Orthopedic', 10, '2018-12-26'),
    (74, 'Ulises', 'Ortega', 'Orthopedic', 1, '2018-08-11'),
    (75, 'Zofia', 'Ulrich', 'Orthopedic', 7, '2015-09-01'),
    (76, 'Pablo', 'Weaver', 'Pediatric', 8, '2017-11-29'),
    (77, 'Tobias', 'Fontaine', 'Sports Medicine', 11, '2019-09-03'),
    (78, 'Greta', 'Pardo', 'Geriatric', 1, '2023-11-17'),
    (79, 'Lucas', 'Larsen', 'Geriatric', 2, '2018-12-25'),
    (80, 'Priya', 'Egwu', 'Orthopedic', 1, '2021-06-27'),
    (81, 'Bianca', 'Quinones', 'Pediatric', 4, '2020-10-04'),
    (82, 'Simone', 'Larsen', 'Pediatric', 3, '2021-01-24'),
    (83, 'Bodhi', 'Kaur', 'Orthopedic', 1, '2022-07-22'),
    (84, 'Mateo', 'Vasquez', 'Geriatric', 11, '2015-06-26'),
    (85, 'Lars', 'Moreau', 'Orthopedic', 11, '2019-09-23'),
    (86, 'Zofia', 'Lindqvist', 'Orthopedic', 10, '2021-09-23'),
    (87, 'Imani', 'Gallo', 'Orthopedic', 2, '2018-11-29'),
    (88, 'Amara', 'Nakamura', 'Orthopedic', 7, '2021-11-06'),
    (89, 'Beatrix', 'Stroud', 'Geriatric', 7, '2021-01-20'),
    (90, 'Simone', 'Ferraro', 'Sports Medicine', 1, '2021-03-11'),
    (91, 'Rosa', 'Thorne', 'Orthopedic', 8, '2020-05-24'),
    (92, 'Hassan', 'Zieliński', 'Sports Medicine', 6, '2018-02-05'),
    (93, 'Wei', 'Jensen', 'Geriatric', 4, '2023-01-19'),
    (94, 'Elena', 'Stroud', 'Orthopedic', 2, '2020-10-09'),
    (95, 'Dalia', 'Ishikawa', 'Cardiopulmonary', 7, '2023-01-03'),
    (96, 'Soren', 'Larsen', 'Orthopedic', 10, '2021-02-18'),
    (97, 'Lucas', 'Brennan', 'Neurological', 4, '2015-06-24'),
    (98, 'Wren', 'Thorne', 'Cardiopulmonary', 3, '2017-12-03'),
    (99, 'Ines', 'Rasmussen', 'Neurological', 1, '2017-01-27'),
    (100, 'Zofia', 'Quinones', 'Orthopedic', 2, '2019-06-25'),
    (101, 'Rashid', 'Xiong', 'Sports Medicine', 10, '2020-06-04'),
    (102, 'Omar', 'Ferraro', 'Orthopedic', 11, '2017-03-24'),
    (103, 'Tobias', 'Silva', 'Geriatric', 5, '2016-03-25'),
    (104, 'Yusuf', 'Fontaine', 'Neurological', 2, '2019-03-08'),
    (105, 'Gustav', 'Novak', 'Pediatric', 10, '2020-12-25'),
    (106, 'Kiara', 'Ferraro', 'Orthopedic', 2, '2018-07-08'),
    (107, 'Zane', 'Tanaka', 'Neurological', 6, '2016-07-10'),
    (108, 'Pablo', 'Mbeki', 'Pediatric', 8, '2020-04-08'),
    (109, 'Gideon', 'Ueda', 'Cardiopulmonary', 2, '2015-11-01'),
    (110, 'Delphine', 'Jokinen', 'Orthopedic', 3, '2018-03-02'),
    (111, 'Zane', 'Silva', 'Orthopedic', 2, '2017-04-09'),
    (112, 'Pablo', 'Jokinen', 'Sports Medicine', 8, '2015-03-24'),
    (113, 'Delphine', 'Varga', 'Neurological', 5, '2017-09-06'),
    (114, 'Bodhi', 'Jensen', 'Orthopedic', 3, '2020-12-09'),
    (115, 'Imani', 'Grimaldi', 'Orthopedic', 11, '2021-08-14'),
    (116, 'Kenji', 'Moreau', 'Sports Medicine', 4, '2020-08-06'),
    (117, 'Cameron', 'Bhatt', 'Sports Medicine', 7, '2020-10-25'),
    (118, 'Josefina', 'Vasquez', 'Cardiopulmonary', 3, '2015-03-21'),
    (119, 'Zane', 'Novak', 'Geriatric', 8, '2022-03-07'),
    (120, 'Halima', 'Moreau', 'Pediatric', 5, '2015-06-19'),
    (121, 'Mira', 'Haddad', 'Orthopedic', 3, '2019-10-17'),
    (122, 'Jonas', 'Stroud', 'Geriatric', 6, '2021-01-16'),
    (123, 'Amara', 'Rasmussen', 'Geriatric', 9, '2023-08-30'),
    (124, 'Camila', 'Okafor', 'Pediatric', 7, '2016-01-06'),
    (125, 'Amara', 'Dvorak', 'Orthopedic', 6, '2019-02-02'),
    (126, 'Dario', 'Varga', 'Pediatric', 7, '2016-11-02'),
    (127, 'Yusuf', 'Jensen', 'Pediatric', 12, '2021-08-19'),
    (128, 'Qadira', 'Moreau', 'Orthopedic', 2, '2017-11-07'),
    (129, 'Zofia', 'Mbeki', 'Sports Medicine', 3, '2024-05-13'),
    (130, 'Wren', 'Pardo', 'Sports Medicine', 2, '2015-01-02'),
    (131, 'Zane', 'Varga', 'Pediatric', 8, '2021-05-16'),
    (132, 'Maya', 'Vasquez', 'Neurological', 8, '2018-02-13'),
    (133, 'Camila', 'Zambrano', 'Sports Medicine', 10, '2020-12-09'),
    (134, 'Bodhi', 'Ortega', 'Orthopedic', 8, '2018-08-28'),
    (135, 'Cameron', 'Moreau', 'Sports Medicine', 6, '2016-10-24'),
    (136, 'Rashid', 'Egwu', 'Orthopedic', 2, '2018-03-26'),
    (137, 'Ulises', 'Ferraro', 'Orthopedic', 5, '2023-12-16'),
    (138, 'Avery', 'Weaver', 'Sports Medicine', 7, '2016-05-14'),
    (139, 'Vera', 'Kaur', 'Orthopedic', 5, '2016-06-14'),
    (140, 'Avery', 'Zambrano', 'Orthopedic', 5, '2018-06-21'),
    (141, 'Amara', 'Vasquez', 'Orthopedic', 3, '2016-11-30'),
    (142, 'Zofia', 'Yilmaz', 'Pediatric', 2, '2023-03-31'),
    (143, 'Gustav', 'Fontaine', 'Orthopedic', 6, '2019-02-06'),
    (144, 'Uma', 'Gallo', 'Orthopedic', 4, '2016-07-29'),
    (145, 'Cyrus', 'Vasquez', 'Orthopedic', 10, '2021-11-20'),
    (146, 'Hanna', 'Silva', 'Pediatric', 5, '2022-07-16'),
    (147, 'Junie', 'Moreau', 'Pediatric', 2, '2020-09-08'),
    (148, 'Felix', 'Grimaldi', 'Geriatric', 7, '2017-01-30'),
    (149, 'Ezra', 'Castillo', 'Cardiopulmonary', 3, '2018-05-08'),
    (150, 'Priya', 'Iqbal', 'Geriatric', 11, '2015-08-08'),
    (151, 'Simone', 'Fontaine', 'Neurological', 2, '2022-05-01'),
    (152, 'Nadia', 'Kowalski', 'Orthopedic', 6, '2022-01-04'),
    (153, 'Tobias', 'Kaur', 'Pediatric', 10, '2020-02-01'),
    (154, 'Mira', 'Xiong', 'Sports Medicine', 1, '2017-06-30'),
    (155, 'Oona', 'Chen', 'Orthopedic', 9, '2018-11-28'),
    (156, 'Beatrix', 'Weaver', 'Orthopedic', 7, '2024-01-21'),
    (157, 'Priya', 'Abara', 'Geriatric', 6, '2016-02-17'),
    (158, 'Greta', 'Bhatt', 'Orthopedic', 10, '2020-05-18'),
    (159, 'Avery', 'Petrov', 'Neurological', 7, '2019-06-02'),
    (160, 'Hassan', 'Petrov', 'Neurological', 6, '2019-10-12'),
    (161, 'Dalia', 'Yilmaz', 'Cardiopulmonary', 7, '2020-05-31'),
    (162, 'Quentin', 'Novak', 'Cardiopulmonary', 1, '2021-07-09'),
    (163, 'Xiomara', 'Jensen', 'Cardiopulmonary', 10, '2022-02-27'),
    (164, 'Kwame', 'Novak', 'Neurological', 11, '2021-02-26'),
    (165, 'Ezra', 'Dvorak', 'Orthopedic', 3, '2021-09-30'),
    (166, 'Kenji', 'Bhatt', 'Geriatric', 12, '2019-04-09'),
    (167, 'Halima', 'Hollande', 'Orthopedic', 10, '2016-03-28'),
    (168, 'Josefina', 'Okafor', 'Pediatric', 4, '2022-09-10'),
    (169, 'Zofia', 'Chen', 'Orthopedic', 4, '2015-12-16'),
    (170, 'Imani', 'Ueda', 'Orthopedic', 10, '2022-06-30'),
    (171, 'Greta', 'Fontaine', 'Neurological', 3, '2023-02-22'),
    (172, 'Mira', 'Gallo', 'Sports Medicine', 7, '2017-01-05'),
    (173, 'Ezra', 'Delacroix', 'Orthopedic', 2, '2022-04-18'),
    (174, 'Avery', 'Brennan', 'Pediatric', 6, '2018-02-27'),
    (175, 'Lucas', 'Yilmaz', 'Sports Medicine', 11, '2022-01-19'),
    (176, 'Fiona', 'Nakamura', 'Pediatric', 2, '2023-01-01'),
    (177, 'Lars', 'Ortega', 'Orthopedic', 10, '2021-04-28'),
    (178, 'Ines', 'Larsen', 'Pediatric', 9, '2018-08-09'),
    (179, 'Hanna', 'Mbeki', 'Neurological', 4, '2016-09-06'),
    (180, 'Anton', 'Petrov', 'Orthopedic', 2, '2019-10-18'),
    (181, 'Idris', 'Hollande', 'Neurological', 3, '2018-01-14'),
    (182, 'Dario', 'Varga', 'Neurological', 3, '2017-03-02'),
    (183, 'Yusuf', 'Okafor', 'Neurological', 6, '2017-05-09'),
    (184, 'Junie', 'Lindqvist', 'Cardiopulmonary', 10, '2020-11-08'),
    (185, 'Yara', 'Rivas', 'Neurological', 1, '2016-03-10'),
    (186, 'Mira', 'Tanaka', 'Neurological', 4, '2022-04-19'),
    (187, 'Omar', 'Weaver', 'Pediatric', 5, '2019-09-03'),
    (188, 'Wei', 'Haddad', 'Neurological', 2, '2023-04-09'),
    (189, 'Lucas', 'Okafor', 'Neurological', 11, '2016-03-09'),
    (190, 'Emeka', 'Larsen', 'Orthopedic', 8, '2017-08-12'),
    (191, 'Bodhi', 'Grimaldi', 'Orthopedic', 12, '2017-06-11'),
    (192, 'Elena', 'Mbeki', 'Sports Medicine', 4, '2019-03-29'),
    (193, 'Soren', 'Okafor', 'Pediatric', 4, '2019-12-15'),
    (194, 'Delphine', 'Lindqvist', 'Orthopedic', 2, '2018-02-16'),
    (195, 'Ezra', 'Zieliński', 'Neurological', 2, '2021-07-20'),
    (196, 'Cameron', 'Thorne', 'Orthopedic', 5, '2022-06-13'),
    (197, 'Fiona', 'Kaur', 'Sports Medicine', 2, '2024-06-16'),
    (198, 'Gustav', 'Yilmaz', 'Sports Medicine', 10, '2021-07-06'),
    (199, 'Cameron', 'Yilmaz', 'Orthopedic', 3, '2017-07-11'),
    (200, 'Greta', 'Gallo', 'Orthopedic', 2, '2015-09-16');

INSERT INTO "therapists" ("therapist_id", "first_name", "last_name", "specialty", "clinic_id", "hire_date") VALUES
    (201, 'Yusuf', 'Castillo', 'Orthopedic', 6, '2016-09-06'),
    (202, 'Tessa', 'Moreau', 'Orthopedic', 4, '2018-03-19'),
    (203, 'Fiona', 'Brennan', 'Pediatric', 6, '2022-01-24'),
    (204, 'Kwame', 'Stroud', 'Orthopedic', 4, '2017-08-18'),
    (205, 'Cyrus', 'Novak', 'Neurological', 7, '2022-11-12'),
    (206, 'Priya', 'Ueda', 'Orthopedic', 12, '2022-10-13'),
    (207, 'Hanna', 'Iqbal', 'Geriatric', 4, '2021-06-08'),
    (208, 'Viktor', 'Mbeki', 'Sports Medicine', 8, '2020-12-16'),
    (209, 'Kenji', 'Jensen', 'Pediatric', 8, '2020-12-15'),
    (210, 'Ines', 'Thorne', 'Sports Medicine', 4, '2021-04-07'),
    (211, 'Gideon', 'Quinones', 'Sports Medicine', 7, '2017-12-10'),
    (212, 'Omar', 'Pardo', 'Sports Medicine', 4, '2017-02-17'),
    (213, 'Cameron', 'Mbeki', 'Orthopedic', 1, '2022-08-01'),
    (214, 'Mateo', 'Yamada', 'Orthopedic', 7, '2018-09-26'),
    (215, 'Leilani', 'Mbeki', 'Orthopedic', 11, '2018-05-03'),
    (216, 'Elena', 'Kaur', 'Orthopedic', 7, '2016-08-19'),
    (217, 'Xiomara', 'Jensen', 'Sports Medicine', 12, '2023-12-23'),
    (218, 'Josefina', 'Silva', 'Orthopedic', 1, '2019-03-03'),
    (219, 'Uma', 'Ulrich', 'Pediatric', 7, '2017-03-16'),
    (220, 'Bianca', 'Kowalski', 'Orthopedic', 7, '2019-03-10'),
    (221, 'Priya', 'Jokinen', 'Orthopedic', 2, '2020-05-22'),
    (222, 'Mira', 'Vasquez', 'Pediatric', 8, '2020-08-06'),
    (223, 'Emeka', 'Okafor', 'Pediatric', 4, '2021-02-17'),
    (224, 'Rashid', 'Delacroix', 'Orthopedic', 10, '2023-08-07'),
    (225, 'Soren', 'Ulrich', 'Pediatric', 2, '2015-10-21'),
    (226, 'Mira', 'Varga', 'Orthopedic', 2, '2015-01-29'),
    (227, 'Bodhi', 'Whitfield', 'Orthopedic', 1, '2021-09-28'),
    (228, 'Tobias', 'Okafor', 'Cardiopulmonary', 7, '2019-10-25'),
    (229, 'Xiomara', 'Abara', 'Neurological', 3, '2020-12-24'),
    (230, 'Bodhi', 'Novak', 'Orthopedic', 11, '2020-01-11'),
    (231, 'Ulises', 'Gallo', 'Geriatric', 1, '2022-02-23'),
    (232, 'Amara', 'Egwu', 'Neurological', 10, '2020-03-14'),
    (233, 'Dalia', 'Lindqvist', 'Orthopedic', 8, '2020-08-30'),
    (234, 'Elena', 'Weaver', 'Orthopedic', 10, '2015-05-11'),
    (235, 'Anton', 'Eriksen', 'Orthopedic', 11, '2019-07-06'),
    (236, 'Greta', 'Thorne', 'Orthopedic', 11, '2022-08-02'),
    (237, 'Beatrix', 'Kaur', 'Orthopedic', 10, '2017-02-08'),
    (238, 'Hassan', 'Mbeki', 'Sports Medicine', 12, '2020-10-17'),
    (239, 'Simone', 'Ulrich', 'Orthopedic', 5, '2017-09-23'),
    (240, 'Amara', 'Grimaldi', 'Orthopedic', 1, '2022-09-10'),
    (241, 'Anton', 'Brennan', 'Sports Medicine', 9, '2017-01-13'),
    (242, 'Bodhi', 'Tanaka', 'Neurological', 11, '2020-05-14'),
    (243, 'Lars', 'Abara', 'Neurological', 1, '2018-12-04'),
    (244, 'Ines', 'Kowalski', 'Neurological', 10, '2020-03-25'),
    (245, 'Delphine', 'Alvarez', 'Geriatric', 2, '2016-10-29'),
    (246, 'Cameron', 'Thorne', 'Orthopedic', 6, '2015-01-26'),
    (247, 'Viktor', 'Moreau', 'Cardiopulmonary', 4, '2015-01-28'),
    (248, 'Cyrus', 'Pardo', 'Sports Medicine', 11, '2020-08-22'),
    (249, 'Fiona', 'Lindqvist', 'Orthopedic', 9, '2016-01-26'),
    (250, 'Idris', 'Lindqvist', 'Cardiopulmonary', 8, '2019-09-18'),
    (251, 'Imani', 'Chen', 'Orthopedic', 6, '2019-01-25'),
    (252, 'Kiara', 'Ferraro', 'Geriatric', 6, '2023-02-19'),
    (253, 'Zane', 'Gallo', 'Orthopedic', 5, '2023-06-30'),
    (254, 'Zofia', 'Alvarez', 'Geriatric', 8, '2019-03-06'),
    (255, 'Bianca', 'Haddad', 'Orthopedic', 9, '2022-08-13'),
    (256, 'Beatrix', 'Yamada', 'Neurological', 10, '2021-07-05'),
    (257, 'Kwame', 'Thorne', 'Cardiopulmonary', 9, '2017-08-27'),
    (258, 'Felix', 'Mbeki', 'Orthopedic', 5, '2021-06-29'),
    (259, 'Yara', 'Grimaldi', 'Orthopedic', 5, '2020-01-22'),
    (260, 'Simone', 'Eriksen', 'Cardiopulmonary', 8, '2016-06-11');

INSERT INTO "patients" ("patient_id", "first_name", "last_name", "date_of_birth", "phone", "email", "referring_clinic_id") VALUES
    (1, 'Rosa', 'Egwu', '1998-02-26', '(772) 328-8523', 'rosa.egwu1@example.com', 5),
    (2, 'Rashid', 'Dvorak', '1995-02-18', '(541) 530-8530', 'rashid.dvorak2@example.org', 6),
    (3, 'Rashid', 'Bhatt', '1981-06-09', '(242) 987-5956', 'rashid.bhatt3@example.net', 4),
    (4, 'Kenji', 'Fontaine', '1982-02-03', '(207) 257-4356', 'kenji.fontaine4@mail.example.com', 7),
    (5, 'Oona', 'Moreau', '1989-09-24', '(691) 688-4362', 'oona.moreau5@corp.example.com', 8),
    (6, 'Halima', 'Yilmaz', '1959-04-28', '(879) 633-2695', 'halima.yilmaz6@shop.example.net', 3),
    (7, 'Cyrus', 'Ortega', '1952-04-26', '(721) 428-9537', 'cyrus.ortega7@example.com', 11),
    (8, 'Lars', 'Yamada', '2010-12-14', '(549) 346-4923', 'lars.yamada8@example.org', 6),
    (9, 'Ulises', 'Eriksen', '1952-09-03', '(279) 364-8570', 'ulises.eriksen9@example.net', 1),
    (10, 'Leilani', 'Brennan', '1943-03-26', '(646) 588-2342', 'leilani.brennan10@mail.example.com', 10),
    (11, 'Rashid', 'Moreau', '1969-02-13', '(377) 713-9708', 'rashid.moreau11@corp.example.com', 3),
    (12, 'Yusuf', 'Stroud', '1969-01-03', '(396) 525-7275', 'yusuf.stroud12@shop.example.net', 4),
    (13, 'Cameron', 'Ueda', '1967-08-05', '(427) 817-3554', 'cameron.ueda13@example.com', 7),
    (14, 'Quentin', 'Fontaine', '1956-06-30', '(403) 441-1968', 'quentin.fontaine14@example.org', 7),
    (15, 'Hanna', 'Haddad', '1969-10-08', '(743) 204-6286', 'hanna.haddad15@example.net', 9),
    (16, 'Zane', 'Delacroix', '1995-05-22', '(761) 769-1904', 'zane.delacroix16@mail.example.com', 10),
    (17, 'Pablo', 'Yilmaz', '2009-11-03', '(370) 360-7947', 'pablo.yilmaz17@corp.example.com', 9),
    (18, 'Lucas', 'Rasmussen', '1968-05-06', '(208) 889-5925', 'lucas.rasmussen18@shop.example.net', 9),
    (19, 'Cyrus', 'Quinones', '2000-06-07', '(521) 995-6873', 'cyrus.quinones19@example.com', 11),
    (20, 'Quentin', 'Vasquez', '1950-10-26', '(427) 762-4389', 'quentin.vasquez20@example.org', 4),
    (21, 'Zofia', 'Yamada', '1986-12-16', '(234) 632-6686', 'zofia.yamada21@example.net', 4),
    (22, 'Lucas', 'Grimaldi', '1991-03-10', '(876) 980-1816', 'lucas.grimaldi22@mail.example.com', 6),
    (23, 'Farrah', 'Weaver', '1946-10-09', '(366) 534-2564', 'farrah.weaver23@corp.example.com', 12),
    (24, 'Ezra', 'Eriksen', '1952-04-30', '(635) 218-1063', 'ezra.eriksen24@shop.example.net', 12),
    (25, 'Zofia', 'Weaver', '1981-08-26', '(984) 433-5820', 'zofia.weaver25@example.com', 5),
    (26, 'Kiara', 'Kowalski', '1982-09-21', '(807) 537-8419', 'kiara.kowalski26@example.org', 4),
    (27, 'Rashid', 'Rivas', '1955-04-19', '(952) 714-5680', 'rashid.rivas27@example.net', 3),
    (28, 'Nikolai', 'Bhatt', '1949-01-17', '(780) 783-6137', 'nikolai.bhatt28@mail.example.com', 6),
    (29, 'Bodhi', 'Larsen', '1946-05-29', '(942) 787-4926', 'bodhi.larsen29@corp.example.com', 12),
    (30, 'Beatrix', 'Egwu', '2010-11-11', '(975) 797-5634', 'beatrix.egwu30@shop.example.net', 9),
    (31, 'Bodhi', 'Chen', '1996-01-02', '(972) 366-5825', 'bodhi.chen31@example.com', 10),
    (32, 'Anton', 'Hollande', '1970-11-05', '(570) 585-7807', 'anton.hollande32@example.org', 7),
    (33, 'Hassan', 'Whitfield', '1964-10-16', '(427) 519-5088', 'hassan.whitfield33@example.net', 12),
    (34, 'Gustav', 'Alvarez', '1996-02-19', '(700) 254-1391', 'gustav.alvarez34@mail.example.com', 1),
    (35, 'Avery', 'Zieliński', '1942-03-22', '(780) 731-8187', 'avery.zieliński35@corp.example.com', 10),
    (36, 'Elena', 'Moreau', '1964-07-02', '(930) 261-5574', 'elena.moreau36@shop.example.net', 7),
    (37, 'Amara', 'Petrov', '1949-06-05', '(819) 978-3306', 'amara.petrov37@example.com', 3),
    (38, 'Zane', 'Chen', '2008-02-05', '(455) 761-9372', 'zane.chen38@example.org', 5),
    (39, 'Zofia', 'Vasquez', '1968-04-25', '(710) 572-3151', 'zofia.vasquez39@example.net', 6),
    (40, 'Quentin', 'Eriksen', '1971-11-07', '(635) 649-1553', 'quentin.eriksen40@mail.example.com', 3),
    (41, 'Delphine', 'Yilmaz', '1954-04-01', '(759) 273-6676', 'delphine.yilmaz41@corp.example.com', 10),
    (42, 'Camila', 'Zambrano', '1967-05-29', '(439) 750-8697', 'camila.zambrano42@shop.example.net', 11),
    (43, 'Pablo', 'Moreau', '2009-03-20', '(294) 980-3751', 'pablo.moreau43@example.com', 7),
    (44, 'Soren', 'Jensen', '1980-02-29', '(759) 817-3807', 'soren.jensen44@example.org', 12),
    (45, 'Idris', 'Xiong', '1945-09-12', '(920) 463-9849', 'idris.xiong45@example.net', 10),
    (46, 'Elena', 'Ishikawa', '1975-10-28', '(842) 775-9030', 'elena.ishikawa46@mail.example.com', 4),
    (47, 'Junie', 'Yilmaz', '1987-03-25', '(779) 444-2921', 'junie.yilmaz47@corp.example.com', 7),
    (48, 'Felix', 'Egwu', '1987-11-18', '(316) 423-3682', 'felix.egwu48@shop.example.net', 7),
    (49, 'Rosa', 'Yamada', '1982-12-15', '(586) 786-7995', 'rosa.yamada49@example.com', 4),
    (50, 'Lucas', 'Yamada', '1967-02-08', '(923) 577-7172', 'lucas.yamada50@example.org', 4),
    (51, 'Farrah', 'Lindqvist', '1992-08-03', '(659) 837-7231', 'farrah.lindqvist51@example.net', 8),
    (52, 'Uma', 'Zieliński', '2000-02-12', '(969) 460-2313', 'uma.zieliński52@mail.example.com', 8),
    (53, 'Wren', 'Weaver', '1945-12-10', '(675) 547-3129', 'wren.weaver53@corp.example.com', 7),
    (54, 'Soren', 'Eriksen', '1971-04-19', '(551) 404-3305', 'soren.eriksen54@shop.example.net', 2),
    (55, 'Camila', 'Iqbal', '1987-03-16', '(768) 912-8288', 'camila.iqbal55@example.com', 6),
    (56, 'Tessa', 'Nakamura', '1999-02-26', '(322) 300-7716', 'tessa.nakamura56@example.org', 6),
    (57, 'Halima', 'Hollande', '1957-06-05', '(226) 569-3378', 'halima.hollande57@example.net', 4),
    (58, 'Omar', 'Xiong', '1995-07-26', '(392) 390-5260', 'omar.xiong58@mail.example.com', 3),
    (59, 'Idris', 'Grimaldi', '2005-04-07', '(978) 538-1597', 'idris.grimaldi59@corp.example.com', 9),
    (60, 'Ines', 'Kaur', '2004-06-14', '(463) 342-3063', 'ines.kaur60@shop.example.net', 7),
    (61, 'Wren', 'Mbeki', '1974-11-04', '(730) 656-4158', 'wren.mbeki61@example.com', 4),
    (62, 'Rosa', 'Hollande', '1949-03-22', '(884) 393-2588', 'rosa.hollande62@example.org', 9),
    (63, 'Tobias', 'Vasquez', '2004-03-09', '(814) 992-1596', 'tobias.vasquez63@example.net', 12),
    (64, 'Xiomara', 'Ishikawa', '2004-10-03', '(861) 270-9959', 'xiomara.ishikawa64@mail.example.com', 2),
    (65, 'Lars', 'Petrov', '1995-11-09', '(431) 743-5727', 'lars.petrov65@corp.example.com', 8),
    (66, 'Ines', 'Novak', '1993-04-22', '(218) 596-2073', 'ines.novak66@shop.example.net', 7),
    (67, 'Priya', 'Varga', '1951-09-17', '(462) 874-9710', 'priya.varga67@example.com', 2),
    (68, 'Dalia', 'Petrov', '1953-12-16', '(395) 445-7801', 'dalia.petrov68@example.org', 1),
    (69, 'Jonas', 'Novak', '1966-05-09', '(308) 880-1148', 'jonas.novak69@example.net', 11),
    (70, 'Josefina', 'Eriksen', '1988-05-24', '(987) 811-5007', 'josefina.eriksen70@mail.example.com', 12),
    (71, 'Lars', 'Bhatt', '1999-04-27', '(522) 268-2472', 'lars.bhatt71@corp.example.com', 4),
    (72, 'Elena', 'Jensen', '1981-06-08', '(295) 410-5146', 'elena.jensen72@shop.example.net', 10),
    (73, 'Dalia', 'Egwu', '2009-08-29', '(849) 209-1483', 'dalia.egwu73@example.com', 1),
    (74, 'Felix', 'Vasquez', '1966-02-19', '(517) 654-1745', 'felix.vasquez74@example.org', 5),
    (75, 'Fiona', 'Vasquez', '1962-05-15', '(445) 411-8170', 'fiona.vasquez75@example.net', 3),
    (76, 'Kenji', 'Vasquez', '1992-12-01', '(377) 922-7924', 'kenji.vasquez76@mail.example.com', 11),
    (77, 'Zofia', 'Ulrich', '1956-08-21', '(298) 997-2373', 'zofia.ulrich77@corp.example.com', 1),
    (78, 'Vera', 'Ueda', '1981-08-31', '(368) 442-2988', 'vera.ueda78@shop.example.net', 4),
    (79, 'Bianca', 'Zambrano', '1974-11-19', '(210) 879-5743', 'bianca.zambrano79@example.com', 6),
    (80, 'Jonas', 'Silva', '1945-02-10', '(651) 457-5997', 'jonas.silva80@example.org', 4),
    (81, 'Oona', 'Haddad', '1961-08-21', '(821) 560-4631', 'oona.haddad81@example.net', 8),
    (82, 'Xiomara', 'Thorne', '1977-02-23', '(719) 212-5337', 'xiomara.thorne82@mail.example.com', 3),
    (83, 'Cameron', 'Lindqvist', '1969-05-08', '(860) 279-6902', 'cameron.lindqvist83@corp.example.com', 5),
    (84, 'Camila', 'Fontaine', '1958-02-16', '(292) 601-2664', 'camila.fontaine84@shop.example.net', 5),
    (85, 'Halima', 'Mbeki', '2002-09-27', '(869) 501-5220', 'halima.mbeki85@example.com', 3),
    (86, 'Junie', 'Yamada', '1977-01-10', '(845) 264-8973', 'junie.yamada86@example.org', 12),
    (87, 'Nadia', 'Thorne', '1964-09-21', '(437) 265-1352', 'nadia.thorne87@example.net', 6),
    (88, 'Imani', 'Chen', '1959-10-24', '(686) 413-8819', 'imani.chen88@mail.example.com', 8),
    (89, 'Farrah', 'Grimaldi', '1968-05-04', '(478) 946-9474', 'farrah.grimaldi89@corp.example.com', 8),
    (90, 'Farrah', 'Alvarez', '1948-04-13', '(686) 450-7618', 'farrah.alvarez90@shop.example.net', 11),
    (91, 'Dalia', 'Brennan', '1962-05-27', '(627) 951-3134', 'dalia.brennan91@example.com', 7),
    (92, 'Ines', 'Pardo', '1960-04-04', '(409) 529-4584', 'ines.pardo92@example.org', 5),
    (93, 'Elena', 'Chen', '1970-06-09', '(356) 765-5039', 'elena.chen93@example.net', 9),
    (94, 'Yusuf', 'Brennan', '2004-07-28', '(268) 289-7972', 'yusuf.brennan94@mail.example.com', 9),
    (95, 'Xiomara', 'Yilmaz', '1967-04-15', '(719) 874-3411', 'xiomara.yilmaz95@corp.example.com', 11),
    (96, 'Lucas', 'Nakamura', '1949-11-12', '(262) 382-2562', 'lucas.nakamura96@shop.example.net', 2),
    (97, 'Delphine', 'Dvorak', '1980-06-13', '(410) 645-1320', 'delphine.dvorak97@example.com', 8),
    (98, 'Rashid', 'Jokinen', '1999-07-24', '(817) 254-1317', 'rashid.jokinen98@example.org', 6),
    (99, 'Vera', 'Lindqvist', '1986-01-16', '(256) 607-2868', 'vera.lindqvist99@example.net', 9),
    (100, 'Halima', 'Novak', '1968-03-13', '(726) 339-3777', 'halima.novak100@mail.example.com', 11),
    (101, 'Lars', 'Castillo', '2000-01-13', '(655) 285-3519', 'lars.castillo101@corp.example.com', 1),
    (102, 'Hanna', 'Lindqvist', '2008-08-08', '(857) 458-5395', 'hanna.lindqvist102@shop.example.net', 1),
    (103, 'Gustav', 'Hollande', '2001-02-11', '(797) 809-8510', 'gustav.hollande103@example.com', 4),
    (104, 'Farrah', 'Gallo', '1965-12-30', '(422) 452-1490', 'farrah.gallo104@example.org', 12),
    (105, 'Leilani', 'Castillo', '1945-04-23', '(500) 536-2774', 'leilani.castillo105@example.net', 2),
    (106, 'Jonas', 'Iqbal', '1993-08-23', '(209) 417-5134', 'jonas.iqbal106@mail.example.com', 12),
    (107, 'Pablo', 'Chen', '2010-01-02', '(355) 743-8357', 'pablo.chen107@corp.example.com', 8),
    (108, 'Mira', 'Kowalski', '1963-07-15', '(860) 297-7098', 'mira.kowalski108@shop.example.net', 10),
    (109, 'Elena', 'Castillo', '1946-02-19', '(700) 853-1566', 'elena.castillo109@example.com', 6),
    (110, 'Soren', 'Nakamura', '2000-10-22', '(463) 334-8131', 'soren.nakamura110@example.org', 3),
    (111, 'Amara', 'Fontaine', '1954-01-16', '(270) 498-5089', 'amara.fontaine111@example.net', 12),
    (112, 'Nikolai', 'Jokinen', '1980-02-07', '(751) 572-1960', 'nikolai.jokinen112@mail.example.com', 12),
    (113, 'Zofia', 'Petrov', '1946-07-05', '(606) 950-9310', 'zofia.petrov113@corp.example.com', 2),
    (114, 'Bianca', 'Mbeki', '1994-02-06', '(970) 638-2166', 'bianca.mbeki114@shop.example.net', 7),
    (115, 'Ines', 'Larsen', '1973-12-04', '(363) 463-8593', 'ines.larsen115@example.com', 2),
    (116, 'Yusuf', 'Castillo', '1982-05-04', '(598) 929-6858', 'yusuf.castillo116@example.org', 12),
    (117, 'Idris', 'Silva', '1966-11-10', '(444) 352-6813', 'idris.silva117@example.net', 5),
    (118, 'Omar', 'Quinones', '1988-06-24', '(427) 878-7097', 'omar.quinones118@mail.example.com', 6),
    (119, 'Tessa', 'Bhatt', '1941-01-17', '(322) 532-5043', 'tessa.bhatt119@corp.example.com', 2),
    (120, 'Rashid', 'Eriksen', '2006-02-17', '(567) 664-9659', 'rashid.eriksen120@shop.example.net', 5),
    (121, 'Qadira', 'Castillo', '1983-05-14', '(214) 932-7339', 'qadira.castillo121@example.com', 6),
    (122, 'Cyrus', 'Abara', '1964-05-28', '(778) 962-6834', 'cyrus.abara122@example.org', 2),
    (123, 'Emeka', 'Okafor', '1958-12-03', '(376) 962-9657', 'emeka.okafor123@example.net', 8),
    (124, 'Idris', 'Ortega', '1976-09-25', '(847) 670-5539', 'idris.ortega124@mail.example.com', 12),
    (125, 'Avery', 'Jokinen', '1989-12-27', '(630) 567-5594', 'avery.jokinen125@corp.example.com', 8),
    (126, 'Rosa', 'Egwu', '1954-07-21', '(532) 727-9123', 'rosa.egwu126@shop.example.net', 7),
    (127, 'Junie', 'Pardo', '1988-01-17', '(535) 413-2569', 'junie.pardo127@example.com', 8),
    (128, 'Elena', 'Varga', '1972-07-31', '(256) 363-1661', 'elena.varga128@example.org', 9),
    (129, 'Imani', 'Lindqvist', '1974-03-26', '(298) 507-9293', 'imani.lindqvist129@example.net', 7),
    (130, 'Leilani', 'Kaur', '1989-11-16', '(833) 226-9096', 'leilani.kaur130@mail.example.com', 1),
    (131, 'Simone', 'Eriksen', '1959-06-04', '(578) 560-5455', 'simone.eriksen131@corp.example.com', 8),
    (132, 'Quentin', 'Silva', '1990-05-11', '(645) 657-8681', 'quentin.silva132@shop.example.net', 3),
    (133, 'Avery', 'Brennan', '1969-09-19', '(364) 393-9994', 'avery.brennan133@example.com', 3),
    (134, 'Jonas', 'Ishikawa', '1980-12-25', '(817) 275-8609', 'jonas.ishikawa134@example.org', 11),
    (135, 'Wei', 'Stroud', '1948-05-23', '(706) 398-8306', 'wei.stroud135@example.net', 11),
    (136, 'Jonas', 'Quinones', '1997-03-31', '(351) 895-5199', 'jonas.quinones136@mail.example.com', 6),
    (137, 'Halima', 'Moreau', '1965-03-01', '(482) 983-5888', 'halima.moreau137@corp.example.com', 10),
    (138, 'Bianca', 'Gallo', '2010-12-26', '(796) 800-4783', 'bianca.gallo138@shop.example.net', 9),
    (139, 'Nadia', 'Haddad', '2003-12-12', '(723) 887-3401', 'nadia.haddad139@example.com', 12),
    (140, 'Gideon', 'Tanaka', '1986-08-12', '(548) 822-6227', 'gideon.tanaka140@example.org', 11),
    (141, 'Mateo', 'Petrov', '1994-05-11', '(742) 294-6810', 'mateo.petrov141@example.net', 10),
    (142, 'Mira', 'Jensen', '1999-02-27', '(946) 653-5383', 'mira.jensen142@mail.example.com', 10),
    (143, 'Hanna', 'Mbeki', '1999-09-28', '(671) 981-1288', 'hanna.mbeki143@corp.example.com', 8),
    (144, 'Elena', 'Chen', '2004-06-23', '(229) 566-5937', 'elena.chen144@shop.example.net', 7),
    (145, 'Tobias', 'Stroud', '2008-04-18', '(696) 324-1617', 'tobias.stroud145@example.com', 7),
    (146, 'Hassan', 'Moreau', '1954-05-23', '(214) 327-5304', 'hassan.moreau146@example.org', 9),
    (147, 'Emeka', 'Chen', '1940-02-08', '(669) 356-3894', 'emeka.chen147@example.net', 4),
    (148, 'Imani', 'Ishikawa', '1981-02-28', '(643) 767-2914', 'imani.ishikawa148@mail.example.com', 1),
    (149, 'Halima', 'Iqbal', '1986-09-22', '(727) 660-3974', 'halima.iqbal149@corp.example.com', 9),
    (150, 'Fiona', 'Egwu', '1940-12-12', '(553) 431-6467', 'fiona.egwu150@shop.example.net', 2),
    (151, 'Ulises', 'Stroud', '1992-11-15', '(873) 325-4255', 'ulises.stroud151@example.com', 8),
    (152, 'Nikolai', 'Okafor', '1963-05-13', '(318) 226-6857', 'nikolai.okafor152@example.org', 7),
    (153, 'Felix', 'Ferraro', '1967-01-17', '(407) 686-9776', 'felix.ferraro153@example.net', 6),
    (154, 'Viktor', 'Pardo', '1958-08-24', '(591) 805-9006', 'viktor.pardo154@mail.example.com', 12),
    (155, 'Lucas', 'Kaur', '1956-06-19', '(594) 478-2569', 'lucas.kaur155@corp.example.com', 5),
    (156, 'Ines', 'Okafor', '1974-10-04', '(606) 751-6842', 'ines.okafor156@shop.example.net', 12),
    (157, 'Uma', 'Xiong', '1951-01-10', '(431) 822-4488', 'uma.xiong157@example.com', 7),
    (158, 'Simone', 'Thorne', '1963-06-25', '(416) 480-3968', 'simone.thorne158@example.org', 6),
    (159, 'Rosa', 'Alvarez', '1975-11-19', '(928) 571-9257', 'rosa.alvarez159@example.net', 12),
    (160, 'Josefina', 'Kowalski', '1985-06-28', '(390) 951-8955', 'josefina.kowalski160@mail.example.com', 3),
    (161, 'Ezra', 'Fontaine', '1970-01-19', '(919) 518-5741', 'ezra.fontaine161@corp.example.com', 3),
    (162, 'Pablo', 'Yilmaz', '1991-12-15', '(530) 240-6622', 'pablo.yilmaz162@shop.example.net', 6),
    (163, 'Quentin', 'Moreau', '2006-09-14', '(503) 481-3164', 'quentin.moreau163@example.com', 1),
    (164, 'Junie', 'Ortega', '1992-12-08', '(710) 834-2107', 'junie.ortega164@example.org', 10),
    (165, 'Greta', 'Petrov', '1955-11-02', '(645) 664-2547', 'greta.petrov165@example.net', 1),
    (166, 'Zane', 'Okafor', '1985-09-04', '(332) 944-5075', 'zane.okafor166@mail.example.com', 1),
    (167, 'Lucas', 'Larsen', '1972-01-27', '(253) 221-3817', 'lucas.larsen167@corp.example.com', 12),
    (168, 'Imani', 'Eriksen', '1984-12-24', '(862) 994-5069', 'imani.eriksen168@shop.example.net', 11),
    (169, 'Felix', 'Yamada', '1995-01-06', '(588) 876-5265', 'felix.yamada169@example.com', 10),
    (170, 'Yusuf', 'Gallo', '1987-11-02', '(236) 888-1984', 'yusuf.gallo170@example.org', 8),
    (171, 'Hassan', 'Hollande', '1955-08-24', '(399) 387-6799', 'hassan.hollande171@example.net', 8),
    (172, 'Delphine', 'Delacroix', '1974-01-07', '(980) 985-6336', 'delphine.delacroix172@mail.example.com', 4),
    (173, 'Oona', 'Novak', '2004-06-06', '(742) 911-6766', 'oona.novak173@corp.example.com', 1),
    (174, 'Cyrus', 'Ishikawa', '1994-01-06', '(310) 432-1624', 'cyrus.ishikawa174@shop.example.net', 2),
    (175, 'Omar', 'Grimaldi', '1963-07-23', '(893) 713-5439', 'omar.grimaldi175@example.com', 1),
    (176, 'Priya', 'Thorne', '2001-02-02', '(790) 458-1787', 'priya.thorne176@example.org', 8),
    (177, 'Vera', 'Rasmussen', '1963-07-03', '(714) 229-8178', 'vera.rasmussen177@example.net', 3),
    (178, 'Camila', 'Okafor', '1960-05-13', '(326) 215-4211', 'camila.okafor178@mail.example.com', 7),
    (179, 'Kwame', 'Zieliński', '1977-06-21', '(612) 677-6924', 'kwame.zieliński179@corp.example.com', 10),
    (180, 'Nadia', 'Larsen', '1975-04-30', '(920) 754-9447', 'nadia.larsen180@shop.example.net', 1),
    (181, 'Delphine', 'Gallo', '1983-03-23', '(741) 302-4872', 'delphine.gallo181@example.com', 1),
    (182, 'Omar', 'Dvorak', '1966-11-15', '(780) 301-7691', 'omar.dvorak182@example.org', 12),
    (183, 'Tessa', 'Mbeki', '1964-06-27', '(579) 620-1439', 'tessa.mbeki183@example.net', 1),
    (184, 'Ulises', 'Eriksen', '1969-05-29', '(654) 968-6507', 'ulises.eriksen184@mail.example.com', 1),
    (185, 'Maya', 'Weaver', '1953-10-14', '(713) 572-1067', 'maya.weaver185@corp.example.com', 4),
    (186, 'Oona', 'Mbeki', '2008-01-26', '(223) 230-3288', 'oona.mbeki186@shop.example.net', 10),
    (187, 'Wren', 'Mbeki', '1994-06-29', '(475) 612-3284', 'wren.mbeki187@example.com', 3),
    (188, 'Ulises', 'Eriksen', '1991-01-20', '(591) 685-8750', 'ulises.eriksen188@example.org', 11),
    (189, 'Omar', 'Moreau', '1947-05-09', '(943) 608-6785', 'omar.moreau189@example.net', 6),
    (190, 'Amara', 'Haddad', '1981-07-29', '(888) 235-4198', 'amara.haddad190@mail.example.com', 11),
    (191, 'Junie', 'Ferraro', '1942-10-24', '(563) 202-7132', 'junie.ferraro191@corp.example.com', 3),
    (192, 'Viktor', 'Larsen', '1996-03-08', '(567) 522-4475', 'viktor.larsen192@shop.example.net', 6),
    (193, 'Viktor', 'Grimaldi', '1981-02-24', '(646) 932-6808', 'viktor.grimaldi193@example.com', 4),
    (194, 'Greta', 'Stroud', '1941-02-22', '(560) 425-3844', 'greta.stroud194@example.org', 4),
    (195, 'Avery', 'Nakamura', '1997-04-29', '(311) 506-6932', 'avery.nakamura195@example.net', 9),
    (196, 'Amara', 'Bhatt', '1972-04-02', '(677) 666-2552', 'amara.bhatt196@mail.example.com', 10),
    (197, 'Bodhi', 'Petrov', '1943-12-14', '(988) 426-9748', 'bodhi.petrov197@corp.example.com', 10),
    (198, 'Pablo', 'Thorne', '1961-06-29', '(293) 545-3678', 'pablo.thorne198@shop.example.net', 12),
    (199, 'Farrah', 'Weaver', '1952-03-27', '(221) 437-6735', 'farrah.weaver199@example.com', 12),
    (200, 'Kiara', 'Jensen', '2007-05-30', '(387) 210-1531', 'kiara.jensen200@example.org', 5);

INSERT INTO "patients" ("patient_id", "first_name", "last_name", "date_of_birth", "phone", "email", "referring_clinic_id") VALUES
    (201, 'Cyrus', 'Ulrich', '1972-06-07', '(325) 498-6197', 'cyrus.ulrich201@example.net', 1),
    (202, 'Emeka', 'Novak', '1963-09-11', '(289) 834-7133', 'emeka.novak202@mail.example.com', 12),
    (203, 'Beatrix', 'Egwu', '1996-03-15', '(596) 493-8624', 'beatrix.egwu203@corp.example.com', 5),
    (204, 'Oona', 'Okafor', '1985-05-24', '(251) 973-8469', 'oona.okafor204@shop.example.net', 10),
    (205, 'Nikolai', 'Xiong', '2001-12-10', '(763) 835-9444', 'nikolai.xiong205@example.com', 4),
    (206, 'Xiomara', 'Dvorak', '1985-05-05', '(521) 515-1998', 'xiomara.dvorak206@example.org', 11),
    (207, 'Amara', 'Lindqvist', '2008-05-08', '(756) 232-6563', 'amara.lindqvist207@example.net', 6),
    (208, 'Beatrix', 'Silva', '1956-08-29', '(347) 518-1119', 'beatrix.silva208@mail.example.com', 1),
    (209, 'Zofia', 'Moreau', '1970-06-24', '(290) 450-7220', 'zofia.moreau209@corp.example.com', 1),
    (210, 'Greta', 'Thorne', '1969-07-20', '(338) 741-5315', 'greta.thorne210@shop.example.net', 12),
    (211, 'Greta', 'Okafor', '1979-07-12', '(887) 727-9074', 'greta.okafor211@example.com', 3),
    (212, 'Bianca', 'Ferraro', '1963-06-13', '(261) 485-5091', 'bianca.ferraro212@example.org', 10),
    (213, 'Jonas', 'Ulrich', '1975-01-31', '(572) 405-5100', 'jonas.ulrich213@example.net', 6),
    (214, 'Dario', 'Tanaka', '2000-09-04', '(330) 406-3911', 'dario.tanaka214@mail.example.com', 5),
    (215, 'Gustav', 'Lindqvist', '1987-02-07', '(689) 777-5349', 'gustav.lindqvist215@corp.example.com', 5),
    (216, 'Gideon', 'Okafor', '1989-08-26', '(665) 574-4777', 'gideon.okafor216@shop.example.net', 3),
    (217, 'Avery', 'Hollande', '2009-11-09', '(300) 487-5420', 'avery.hollande217@example.com', 5),
    (218, 'Wei', 'Grimaldi', '1978-09-05', '(682) 525-3190', 'wei.grimaldi218@example.org', 3),
    (219, 'Zofia', 'Ferraro', '1974-06-27', '(371) 361-5964', 'zofia.ferraro219@example.net', 10),
    (220, 'Ulises', 'Zambrano', '2006-05-24', '(936) 550-2415', 'ulises.zambrano220@mail.example.com', 8),
    (221, 'Anton', 'Larsen', '1966-08-25', '(935) 636-1827', 'anton.larsen221@corp.example.com', 2),
    (222, 'Halima', 'Alvarez', '2007-06-11', '(562) 937-7845', 'halima.alvarez222@shop.example.net', 1),
    (223, 'Leilani', 'Xiong', '1974-09-18', '(206) 288-8485', 'leilani.xiong223@example.com', 11),
    (224, 'Idris', 'Xiong', '1940-02-16', '(219) 436-3742', 'idris.xiong224@example.org', 12),
    (225, 'Wei', 'Lindqvist', '1973-05-28', '(472) 639-7500', 'wei.lindqvist225@example.net', 10),
    (226, 'Omar', 'Yilmaz', '2005-01-09', '(579) 281-3823', 'omar.yilmaz226@mail.example.com', 10),
    (227, 'Anton', 'Grimaldi', '1957-06-15', '(323) 687-9324', 'anton.grimaldi227@corp.example.com', 11),
    (228, 'Mateo', 'Bhatt', '1969-09-17', '(220) 898-9395', 'mateo.bhatt228@shop.example.net', 11),
    (229, 'Quentin', 'Grimaldi', '2003-04-01', '(720) 616-5369', 'quentin.grimaldi229@example.com', 12),
    (230, 'Vera', 'Hollande', '1974-09-21', '(393) 456-8130', 'vera.hollande230@example.org', 2),
    (231, 'Dario', 'Hollande', '1993-06-11', '(840) 663-1212', 'dario.hollande231@example.net', 3),
    (232, 'Jonas', 'Quinones', '1953-05-13', '(933) 851-3480', 'jonas.quinones232@mail.example.com', 1),
    (233, 'Kiara', 'Okafor', '1944-03-27', '(905) 722-7317', 'kiara.okafor233@corp.example.com', 9),
    (234, 'Dario', 'Ueda', '2005-03-10', '(236) 655-6597', 'dario.ueda234@shop.example.net', 2),
    (235, 'Elena', 'Abara', '1951-08-22', '(389) 771-6748', 'elena.abara235@example.com', 8),
    (236, 'Ulises', 'Okafor', '1969-04-01', '(932) 252-6633', 'ulises.okafor236@example.org', 5),
    (237, 'Nikolai', 'Jensen', '1979-09-22', '(949) 877-7564', 'nikolai.jensen237@example.net', 9),
    (238, 'Hassan', 'Hollande', '1946-06-09', '(562) 358-4200', 'hassan.hollande238@mail.example.com', 12),
    (239, 'Priya', 'Petrov', '1954-12-18', '(723) 706-1241', 'priya.petrov239@corp.example.com', 3),
    (240, 'Tobias', 'Ishikawa', '1967-10-05', '(401) 635-3632', 'tobias.ishikawa240@shop.example.net', 2),
    (241, 'Pablo', 'Quinones', '1960-11-06', '(910) 913-9603', 'pablo.quinones241@example.com', 4),
    (242, 'Dalia', 'Iqbal', '1995-03-17', '(266) 992-9434', 'dalia.iqbal242@example.org', 6),
    (243, 'Zane', 'Jensen', '1960-10-07', '(955) 919-1644', 'zane.jensen243@example.net', 7),
    (244, 'Maya', 'Brennan', '1994-06-27', '(876) 767-4204', 'maya.brennan244@mail.example.com', 9),
    (245, 'Viktor', 'Zieliński', '1976-12-08', '(894) 566-2872', 'viktor.zieliński245@corp.example.com', 8),
    (246, 'Nikolai', 'Rasmussen', '1972-08-05', '(918) 582-4996', 'nikolai.rasmussen246@shop.example.net', 3),
    (247, 'Maya', 'Weaver', '1984-07-16', '(970) 400-6681', 'maya.weaver247@example.com', 11),
    (248, 'Fiona', 'Whitfield', '2010-04-05', '(749) 737-3160', 'fiona.whitfield248@example.org', 1),
    (249, 'Wei', 'Novak', '1942-03-22', '(939) 871-2110', 'wei.novak249@example.net', 8),
    (250, 'Mira', 'Okafor', '1983-10-10', '(501) 830-6533', 'mira.okafor250@mail.example.com', 5),
    (251, 'Camila', 'Varga', '1942-04-24', '(746) 406-7252', 'camila.varga251@corp.example.com', 12),
    (252, 'Tobias', 'Jensen', '1991-11-04', '(570) 433-3220', 'tobias.jensen252@shop.example.net', 12),
    (253, 'Tessa', 'Zieliński', '1993-10-07', '(415) 881-2660', 'tessa.zieliński253@example.com', 4),
    (254, 'Xiomara', 'Stroud', '1954-01-12', '(807) 839-8820', 'xiomara.stroud254@example.org', 11),
    (255, 'Xiomara', 'Whitfield', '1948-12-29', '(712) 645-6763', 'xiomara.whitfield255@example.net', 9),
    (256, 'Halima', 'Fontaine', '1974-12-04', '(349) 468-8087', 'halima.fontaine256@mail.example.com', 7),
    (257, 'Kenji', 'Ishikawa', '1962-08-27', '(570) 509-8526', 'kenji.ishikawa257@corp.example.com', 2),
    (258, 'Gideon', 'Fontaine', '1949-09-07', '(341) 918-6773', 'gideon.fontaine258@shop.example.net', 7),
    (259, 'Omar', 'Vasquez', '1975-12-27', '(835) 997-7047', 'omar.vasquez259@example.com', 9),
    (260, 'Rashid', 'Castillo', '1959-11-24', '(716) 950-4648', 'rashid.castillo260@example.org', 3);

INSERT INTO "patient_insurers" ("patient_insurer_id", "patient_id", "insurer_id", "policy_number", "coverage_start", "is_primary") VALUES
    (1, 59, 2, 'POL-HB-114972', '2022-05-20', 0),
    (2, 60, 2, 'POL-UQ-100943', '2020-08-02', 0),
    (3, 31, 1, 'POL-DL-031190', '2019-03-07', 0),
    (4, 2, 3, 'POL-PB-695967', '2021-10-20', 0),
    (5, 215, 12, 'POL-GV-627225', '2020-10-06', 1),
    (6, 3, 1, 'POL-ET-453206', '2022-12-30', 1),
    (7, 222, 1, 'POL-DB-465611', '2023-01-25', 1),
    (8, 218, 7, 'POL-KT-037160', '2021-09-15', 0),
    (9, 47, 1, 'POL-DB-903169', '2020-01-25', 0),
    (10, 58, 8, 'POL-NE-715308', '2023-02-25', 0),
    (11, 11, 2, 'POL-XT-029164', '2018-06-22', 0),
    (12, 1, 3, 'POL-NZ-315986', '2020-03-11', 0),
    (13, 42, 7, 'POL-GE-423366', '2022-08-22', 1),
    (14, 178, 1, 'POL-VT-089328', '2022-06-19', 0),
    (15, 10, 7, 'POL-WE-706780', '2019-03-09', 0),
    (16, 215, 7, 'POL-MY-759441', '2021-10-25', 0),
    (17, 51, 3, 'POL-AA-267637', '2023-12-31', 0),
    (18, 23, 1, 'POL-KC-797074', '2019-07-06', 0),
    (19, 218, 2, 'POL-XK-606590', '2023-01-07', 0),
    (20, 37, 12, 'POL-GM-395395', '2019-12-20', 0),
    (21, 135, 8, 'POL-FL-780459', '2022-07-19', 1),
    (22, 183, 4, 'POL-AG-777748', '2018-02-09', 1),
    (23, 23, 7, 'POL-NV-551117', '2022-03-23', 0),
    (24, 10, 4, 'POL-DD-706527', '2018-04-25', 1),
    (25, 88, 3, 'POL-RR-948539', '2022-01-29', 0),
    (26, 32, 7, 'POL-HU-962492', '2018-05-16', 0),
    (27, 69, 2, 'POL-WZ-796416', '2020-03-12', 0),
    (28, 29, 10, 'POL-DE-937257', '2018-10-21', 0),
    (29, 1, 2, 'POL-VB-453942', '2019-07-08', 0),
    (30, 11, 3, 'POL-KJ-713617', '2021-06-01', 0),
    (31, 7, 1, 'POL-UX-877964', '2019-09-04', 0),
    (32, 14, 1, 'POL-WC-624180', '2023-10-08', 1),
    (33, 20, 1, 'POL-FN-007153', '2020-05-20', 0),
    (34, 103, 9, 'POL-UY-498597', '2021-06-20', 1),
    (35, 112, 5, 'POL-MN-945058', '2018-05-07', 0),
    (36, 105, 9, 'POL-TD-248541', '2018-12-11', 0),
    (37, 223, 1, 'POL-FT-565277', '2019-05-16', 0),
    (38, 246, 4, 'POL-XH-719345', '2018-08-07', 0),
    (39, 1, 5, 'POL-FY-674000', '2022-10-09', 0),
    (40, 1, 6, 'POL-YC-166467', '2020-11-27', 0),
    (41, 141, 1, 'POL-GF-675836', '2023-10-22', 1),
    (42, 21, 2, 'POL-WU-170626', '2022-06-23', 1),
    (43, 14, 10, 'POL-NR-099172', '2022-08-09', 1),
    (44, 41, 1, 'POL-TP-721220', '2019-12-02', 1),
    (45, 254, 10, 'POL-KU-416006', '2019-11-19', 0),
    (46, 18, 1, 'POL-UU-428978', '2021-03-10', 0),
    (47, 25, 7, 'POL-RJ-096242', '2023-10-24', 0),
    (48, 221, 9, 'POL-QY-209447', '2019-10-31', 1),
    (49, 1, 1, 'POL-WU-635753', '2020-11-23', 0),
    (50, 91, 1, 'POL-LF-083429', '2023-09-30', 0),
    (51, 234, 1, 'POL-CL-796844', '2019-03-10', 1),
    (52, 188, 11, 'POL-SU-297310', '2018-08-10', 0),
    (53, 3, 11, 'POL-NM-897117', '2021-02-14', 0),
    (54, 113, 4, 'POL-DS-041300', '2019-11-08', 0),
    (55, 64, 6, 'POL-TR-571956', '2018-10-16', 1),
    (56, 93, 10, 'POL-NM-274022', '2018-11-17', 0),
    (57, 158, 4, 'POL-TX-113032', '2020-05-20', 0),
    (58, 82, 11, 'POL-PL-775941', '2018-09-02', 1),
    (59, 59, 1, 'POL-JC-363729', '2019-10-22', 1),
    (60, 27, 1, 'POL-VB-292908', '2020-04-20', 0),
    (61, 48, 2, 'POL-YG-053053', '2022-10-03', 0),
    (62, 101, 1, 'POL-TA-388479', '2021-10-31', 1),
    (63, 183, 2, 'POL-LH-453687', '2020-01-27', 1),
    (64, 174, 11, 'POL-WK-031235', '2021-05-09', 0),
    (65, 174, 1, 'POL-TB-452875', '2019-03-16', 0),
    (66, 135, 1, 'POL-GT-855224', '2019-03-17', 0),
    (67, 151, 11, 'POL-CJ-989887', '2019-11-28', 0),
    (68, 8, 1, 'POL-LE-419769', '2018-04-23', 0),
    (69, 33, 3, 'POL-KN-958329', '2020-12-11', 1),
    (70, 64, 9, 'POL-ND-677784', '2018-01-13', 0),
    (71, 34, 1, 'POL-DF-723356', '2020-04-26', 0),
    (72, 20, 12, 'POL-AQ-715242', '2021-07-10', 0),
    (73, 73, 1, 'POL-JY-200381', '2022-08-05', 0),
    (74, 19, 3, 'POL-UN-157671', '2021-03-18', 0),
    (75, 188, 1, 'POL-WY-359366', '2018-11-06', 0),
    (76, 93, 11, 'POL-VP-527293', '2018-11-26', 0),
    (77, 245, 12, 'POL-HR-082888', '2023-06-21', 0),
    (78, 5, 1, 'POL-FU-238702', '2023-07-03', 0),
    (79, 2, 5, 'POL-XH-759445', '2018-06-04', 1),
    (80, 33, 1, 'POL-UW-786327', '2021-01-14', 0),
    (81, 216, 4, 'POL-BA-201953', '2021-07-20', 0),
    (82, 13, 11, 'POL-FE-153404', '2019-04-02', 0),
    (83, 221, 6, 'POL-GZ-974281', '2019-12-23', 1),
    (84, 96, 2, 'POL-TX-571237', '2018-04-30', 0),
    (85, 122, 4, 'POL-WM-852722', '2020-07-01', 0),
    (86, 36, 9, 'POL-LR-177289', '2022-09-16', 0),
    (87, 53, 7, 'POL-VV-428702', '2021-05-19', 0),
    (88, 5, 4, 'POL-QQ-921355', '2019-06-13', 0),
    (89, 8, 9, 'POL-GY-484329', '2019-01-03', 0),
    (90, 110, 5, 'POL-KR-046315', '2019-03-02', 0),
    (91, 15, 11, 'POL-EV-329675', '2019-11-30', 1),
    (92, 4, 4, 'POL-EQ-448328', '2020-10-20', 0),
    (93, 23, 6, 'POL-VW-150030', '2022-12-07', 0),
    (94, 5, 6, 'POL-NM-818796', '2022-10-31', 1),
    (95, 83, 1, 'POL-GL-987753', '2019-05-21', 1),
    (96, 1, 7, 'POL-LX-382747', '2020-06-30', 0),
    (97, 12, 1, 'POL-NU-791893', '2020-10-19', 1),
    (98, 260, 2, 'POL-QT-003794', '2018-03-02', 0),
    (99, 221, 1, 'POL-NL-809635', '2021-10-28', 1),
    (100, 161, 2, 'POL-DS-404294', '2019-01-11', 0),
    (101, 220, 1, 'POL-FA-141349', '2022-05-14', 0),
    (102, 154, 2, 'POL-CZ-575405', '2021-07-20', 0),
    (103, 77, 6, 'POL-LE-712221', '2018-05-24', 0),
    (104, 219, 11, 'POL-DH-139105', '2021-06-07', 0),
    (105, 5, 3, 'POL-NM-210867', '2020-05-04', 0),
    (106, 4, 1, 'POL-HQ-307549', '2019-07-01', 0),
    (107, 18, 2, 'POL-GX-607708', '2019-12-06', 0),
    (108, 150, 2, 'POL-KS-625758', '2020-05-13', 0),
    (109, 13, 2, 'POL-MS-475755', '2022-03-07', 0),
    (110, 3, 2, 'POL-FM-037956', '2019-10-23', 1),
    (111, 27, 6, 'POL-YZ-024888', '2023-11-03', 0),
    (112, 3, 7, 'POL-XE-267596', '2022-05-29', 1),
    (113, 6, 7, 'POL-TS-655436', '2018-01-12', 0),
    (114, 226, 7, 'POL-QR-950550', '2021-02-08', 0),
    (115, 19, 4, 'POL-QW-452230', '2020-09-21', 0),
    (116, 14, 8, 'POL-XQ-110260', '2023-11-09', 0),
    (117, 4, 8, 'POL-MY-239856', '2019-11-26', 1),
    (118, 11, 11, 'POL-GL-050292', '2018-02-13', 0),
    (119, 54, 1, 'POL-UT-457478', '2022-06-23', 0),
    (120, 91, 10, 'POL-BJ-135095', '2021-03-02', 0),
    (121, 237, 12, 'POL-RH-997487', '2023-07-25', 0),
    (122, 15, 12, 'POL-DW-316842', '2022-07-03', 0),
    (123, 17, 1, 'POL-DB-467779', '2022-06-16', 0),
    (124, 3, 5, 'POL-RH-175062', '2022-07-07', 1),
    (125, 12, 10, 'POL-VA-866439', '2018-05-06', 0),
    (126, 110, 3, 'POL-QC-993205', '2020-05-19', 0),
    (127, 12, 4, 'POL-KD-715211', '2020-02-19', 0),
    (128, 84, 5, 'POL-YC-190023', '2018-08-22', 0),
    (129, 14, 4, 'POL-PM-438699', '2018-05-09', 0),
    (130, 65, 3, 'POL-JH-077528', '2022-11-10', 0),
    (131, 217, 1, 'POL-BH-482875', '2023-07-02', 0),
    (132, 167, 4, 'POL-WJ-972886', '2021-11-20', 0),
    (133, 181, 1, 'POL-TP-184285', '2022-05-05', 0),
    (134, 172, 8, 'POL-RK-157261', '2019-03-02', 0),
    (135, 2, 12, 'POL-CM-905473', '2018-02-25', 1),
    (136, 258, 1, 'POL-YQ-279401', '2020-03-03', 0),
    (137, 99, 8, 'POL-JH-899972', '2020-09-28', 1),
    (138, 37, 11, 'POL-NK-296788', '2019-02-16', 1),
    (139, 28, 5, 'POL-YR-775397', '2018-04-05', 0),
    (140, 52, 12, 'POL-VV-639302', '2020-04-29', 0),
    (141, 207, 4, 'POL-BV-624911', '2023-01-02', 0),
    (142, 30, 4, 'POL-NV-334514', '2019-08-12', 0),
    (143, 4, 10, 'POL-LX-477227', '2018-01-31', 0),
    (144, 224, 4, 'POL-GY-713464', '2020-12-27', 0),
    (145, 207, 3, 'POL-FY-032560', '2022-11-30', 0),
    (146, 55, 4, 'POL-HM-514756', '2018-07-24', 0),
    (147, 244, 1, 'POL-XZ-064328', '2019-11-19', 1),
    (148, 93, 12, 'POL-CE-122893', '2023-08-16', 1),
    (149, 188, 5, 'POL-PP-171484', '2022-10-02', 0),
    (150, 29, 1, 'POL-MK-037939', '2018-10-29', 0),
    (151, 121, 1, 'POL-LL-563616', '2023-01-17', 0),
    (152, 172, 3, 'POL-AZ-073733', '2023-08-23', 0),
    (153, 14, 9, 'POL-QK-026666', '2018-04-09', 0),
    (154, 198, 6, 'POL-MS-338305', '2020-07-26', 0),
    (155, 58, 1, 'POL-HY-472455', '2021-10-11', 0),
    (156, 42, 10, 'POL-WY-808402', '2018-05-21', 0),
    (157, 30, 5, 'POL-HE-206011', '2019-05-11', 0),
    (158, 34, 4, 'POL-KW-853917', '2018-04-24', 0),
    (159, 127, 1, 'POL-PQ-587371', '2023-06-22', 1),
    (160, 10, 11, 'POL-YF-127860', '2021-04-01', 0),
    (161, 9, 2, 'POL-RJ-753561', '2020-12-06', 0),
    (162, 4, 2, 'POL-UJ-041105', '2018-01-25', 1),
    (163, 172, 5, 'POL-XJ-181529', '2020-03-13', 0),
    (164, 102, 6, 'POL-HH-912732', '2023-09-15', 0),
    (165, 81, 2, 'POL-GX-160886', '2019-02-14', 1),
    (166, 11, 6, 'POL-ZM-932679', '2019-11-19', 0),
    (167, 87, 7, 'POL-XU-352816', '2019-10-11', 0),
    (168, 13, 1, 'POL-WK-334589', '2021-01-02', 1),
    (169, 90, 1, 'POL-EY-050539', '2019-09-16', 0),
    (170, 8, 4, 'POL-HN-622460', '2021-12-04', 0),
    (171, 12, 3, 'POL-RQ-607197', '2021-11-16', 1),
    (172, 51, 8, 'POL-KH-951721', '2018-06-17', 1),
    (173, 62, 10, 'POL-AE-143462', '2021-01-07', 1),
    (174, 75, 1, 'POL-GS-758308', '2023-08-25', 0),
    (175, 29, 7, 'POL-KS-927734', '2023-04-16', 0),
    (176, 113, 11, 'POL-SG-234567', '2022-06-17', 0),
    (177, 196, 5, 'POL-SD-532179', '2023-07-11', 1),
    (178, 25, 5, 'POL-PT-532447', '2019-12-12', 1),
    (179, 47, 3, 'POL-KS-535639', '2018-05-12', 0),
    (180, 2, 1, 'POL-TG-065847', '2021-10-14', 0),
    (181, 151, 2, 'POL-MV-659129', '2019-09-18', 0),
    (182, 151, 4, 'POL-QA-097180', '2018-04-04', 0),
    (183, 50, 4, 'POL-ZR-768162', '2022-10-25', 0),
    (184, 51, 1, 'POL-RC-633943', '2018-03-17', 0),
    (185, 3, 6, 'POL-PL-184366', '2022-09-24', 1),
    (186, 39, 6, 'POL-QS-026416', '2021-07-30', 1),
    (187, 16, 2, 'POL-TL-824862', '2020-11-12', 0),
    (188, 1, 10, 'POL-YN-683377', '2023-03-08', 0),
    (189, 60, 10, 'POL-LB-253172', '2021-09-03', 0),
    (190, 90, 8, 'POL-GD-631023', '2020-08-02', 1),
    (191, 23, 12, 'POL-PM-945638', '2020-12-06', 1),
    (192, 6, 2, 'POL-WU-758108', '2018-02-15', 0),
    (193, 24, 1, 'POL-BV-393988', '2019-12-23', 1),
    (194, 111, 11, 'POL-NX-978857', '2019-02-07', 0),
    (195, 246, 7, 'POL-AQ-544452', '2020-02-04', 0),
    (196, 231, 6, 'POL-YA-447192', '2022-08-19', 1),
    (197, 20, 10, 'POL-TL-489116', '2023-12-07', 0),
    (198, 147, 2, 'POL-TZ-305979', '2020-08-02', 1),
    (199, 125, 1, 'POL-BG-219970', '2018-11-22', 0),
    (200, 62, 11, 'POL-HE-413005', '2019-03-15', 0);

INSERT INTO "patient_insurers" ("patient_insurer_id", "patient_id", "insurer_id", "policy_number", "coverage_start", "is_primary") VALUES
    (201, 39, 4, 'POL-CW-066572', '2022-01-09', 0),
    (202, 168, 6, 'POL-XU-521548', '2021-07-03', 0),
    (203, 57, 1, 'POL-WM-853635', '2023-10-15', 0),
    (204, 5, 8, 'POL-ZC-495888', '2021-10-15', 0),
    (205, 201, 4, 'POL-SL-520910', '2020-12-19', 1),
    (206, 4, 11, 'POL-UW-569884', '2019-05-05', 0),
    (207, 34, 3, 'POL-JJ-311206', '2021-10-02', 1),
    (208, 128, 1, 'POL-TJ-865586', '2022-05-18', 0),
    (209, 141, 9, 'POL-NK-139624', '2018-07-08', 0),
    (210, 76, 1, 'POL-UL-532374', '2019-07-25', 0),
    (211, 124, 2, 'POL-JX-451482', '2022-10-27', 0),
    (212, 26, 6, 'POL-CH-517607', '2018-11-13', 0),
    (213, 115, 4, 'POL-KE-480254', '2020-03-26', 1),
    (214, 68, 6, 'POL-QX-684018', '2018-12-25', 0),
    (215, 94, 12, 'POL-QD-302977', '2019-08-12', 0),
    (216, 193, 11, 'POL-WS-512899', '2019-03-29', 1),
    (217, 111, 1, 'POL-GP-275645', '2021-06-01', 1),
    (218, 18, 6, 'POL-BY-999978', '2021-05-09', 0),
    (219, 6, 1, 'POL-QN-989069', '2023-05-27', 0),
    (220, 73, 2, 'POL-DX-589776', '2018-02-14', 0),
    (221, 35, 5, 'POL-PL-789808', '2021-10-18', 0),
    (222, 83, 3, 'POL-TM-603669', '2019-01-22', 0),
    (223, 195, 10, 'POL-KZ-478790', '2018-12-15', 1),
    (224, 25, 10, 'POL-HC-567450', '2023-01-31', 0),
    (225, 133, 2, 'POL-QK-020549', '2020-10-29', 0),
    (226, 131, 1, 'POL-KT-324581', '2022-02-15', 0),
    (227, 72, 1, 'POL-VB-443272', '2020-03-06', 0),
    (228, 8, 3, 'POL-TW-881040', '2022-11-08', 0),
    (229, 32, 2, 'POL-NR-621004', '2022-06-27', 0),
    (230, 200, 1, 'POL-GY-645569', '2020-10-11', 1),
    (231, 235, 5, 'POL-UJ-448690', '2023-05-03', 1),
    (232, 1, 8, 'POL-MU-673723', '2020-10-21', 0),
    (233, 11, 4, 'POL-PE-513026', '2023-01-28', 1),
    (234, 28, 1, 'POL-SN-177312', '2021-01-04', 0),
    (235, 75, 6, 'POL-HB-254788', '2018-03-14', 0),
    (236, 64, 7, 'POL-MZ-220660', '2022-08-02', 1),
    (237, 66, 4, 'POL-WC-199966', '2021-09-30', 1),
    (238, 93, 4, 'POL-SD-871279', '2023-02-02', 0),
    (239, 244, 2, 'POL-CH-856347', '2019-12-14', 0),
    (240, 85, 3, 'POL-RY-878073', '2021-08-31', 0),
    (241, 73, 6, 'POL-UJ-499415', '2022-05-10', 1),
    (242, 18, 12, 'POL-YV-396267', '2020-11-11', 0),
    (243, 48, 6, 'POL-KL-608612', '2018-08-04', 0),
    (244, 182, 11, 'POL-YS-992442', '2020-10-01', 0),
    (245, 3, 10, 'POL-ME-962684', '2020-07-17', 1),
    (246, 2, 9, 'POL-DT-275711', '2021-06-02', 0),
    (247, 76, 3, 'POL-BY-458305', '2019-11-02', 0),
    (248, 16, 1, 'POL-SE-867691', '2020-12-01', 0),
    (249, 22, 6, 'POL-EY-544124', '2020-01-23', 0),
    (250, 40, 1, 'POL-BB-028716', '2020-06-01', 0),
    (251, 218, 8, 'POL-TP-602250', '2018-06-24', 0),
    (252, 52, 4, 'POL-DZ-487626', '2020-11-20', 0),
    (253, 24, 7, 'POL-ZY-066868', '2018-07-24', 0),
    (254, 6, 3, 'POL-SE-517744', '2021-11-11', 0),
    (255, 11, 7, 'POL-RE-835060', '2018-09-13', 0),
    (256, 2, 2, 'POL-TX-084190', '2023-06-07', 1),
    (257, 15, 6, 'POL-AP-277076', '2021-03-15', 0),
    (258, 76, 2, 'POL-SN-561459', '2018-09-11', 0),
    (259, 230, 1, 'POL-RX-591816', '2018-11-21', 0),
    (260, 35, 11, 'POL-CQ-292552', '2019-05-03', 0),
    (261, 195, 3, 'POL-XX-134381', '2018-02-11', 0),
    (262, 126, 4, 'POL-ZZ-316099', '2020-11-08', 0),
    (263, 247, 1, 'POL-UF-327478', '2021-05-17', 1),
    (264, 4, 5, 'POL-VS-349629', '2018-01-03', 0),
    (265, 21, 6, 'POL-KY-475459', '2020-07-19', 0),
    (266, 52, 2, 'POL-PQ-039840', '2022-04-24', 0),
    (267, 98, 1, 'POL-EN-334876', '2022-09-01', 0),
    (268, 132, 7, 'POL-TD-119930', '2021-03-28', 0),
    (269, 248, 1, 'POL-VC-861535', '2019-03-20', 1),
    (270, 1, 4, 'POL-KJ-142838', '2020-05-21', 0),
    (271, 8, 11, 'POL-CF-779116', '2018-03-07', 0),
    (272, 26, 7, 'POL-GP-832126', '2019-06-23', 1),
    (273, 201, 2, 'POL-BP-687338', '2019-04-21', 0),
    (274, 46, 2, 'POL-FQ-506409', '2022-03-03', 0),
    (275, 105, 1, 'POL-GP-706138', '2023-04-24', 0),
    (276, 30, 9, 'POL-YD-265880', '2018-08-08', 0),
    (277, 15, 4, 'POL-TN-241486', '2022-03-15', 1),
    (278, 156, 6, 'POL-VR-374426', '2020-01-18', 0),
    (279, 78, 11, 'POL-YU-453849', '2021-02-05', 0),
    (280, 8, 7, 'POL-AD-962952', '2023-11-28', 1),
    (281, 38, 1, 'POL-WL-174628', '2018-06-20', 0),
    (282, 43, 3, 'POL-ZA-493577', '2021-03-07', 0),
    (283, 109, 2, 'POL-XW-489780', '2022-04-05', 1),
    (284, 6, 5, 'POL-VQ-222216', '2019-03-14', 0),
    (285, 196, 1, 'POL-KL-015861', '2020-08-07', 1),
    (286, 37, 1, 'POL-TE-671430', '2018-05-12', 0),
    (287, 9, 6, 'POL-BU-393349', '2018-06-09', 0),
    (288, 17, 5, 'POL-HH-183276', '2019-07-26', 1),
    (289, 55, 6, 'POL-LT-978240', '2022-05-08', 1),
    (290, 34, 10, 'POL-LB-388907', '2019-09-03', 1),
    (291, 22, 2, 'POL-VY-793099', '2023-02-05', 1),
    (292, 13, 4, 'POL-LX-251751', '2018-01-21', 0),
    (293, 65, 5, 'POL-AB-635951', '2018-09-26', 0),
    (294, 203, 5, 'POL-CJ-652593', '2019-08-23', 0),
    (295, 8, 2, 'POL-DV-987425', '2022-12-09', 0),
    (296, 93, 3, 'POL-UW-778560', '2023-08-14', 0),
    (297, 25, 6, 'POL-CJ-441807', '2022-08-23', 0),
    (298, 121, 2, 'POL-RM-189260', '2023-08-18', 0),
    (299, 20, 8, 'POL-GE-846943', '2022-01-30', 0),
    (300, 221, 3, 'POL-QG-685472', '2022-03-24', 1),
    (301, 112, 4, 'POL-QD-116773', '2020-04-03', 0),
    (302, 234, 11, 'POL-BE-037570', '2022-08-19', 1),
    (303, 200, 9, 'POL-MU-810694', '2020-02-11', 0),
    (304, 136, 9, 'POL-KM-007677', '2021-03-12', 0),
    (305, 54, 12, 'POL-PE-071256', '2020-12-03', 1),
    (306, 3, 3, 'POL-TC-689424', '2022-12-05', 0),
    (307, 5, 2, 'POL-HZ-698787', '2018-05-03', 0),
    (308, 83, 5, 'POL-NS-887648', '2020-01-25', 0),
    (309, 3, 4, 'POL-PZ-189313', '2019-09-19', 0),
    (310, 258, 6, 'POL-XN-814013', '2019-06-16', 0),
    (311, 31, 4, 'POL-XL-753882', '2021-01-09', 0),
    (312, 152, 4, 'POL-EY-987033', '2018-04-14', 0),
    (313, 82, 1, 'POL-WN-155605', '2021-08-20', 0),
    (314, 56, 4, 'POL-RC-176372', '2018-04-25', 1),
    (315, 104, 5, 'POL-XE-352459', '2018-08-08', 1),
    (316, 17, 6, 'POL-LA-538230', '2018-11-20', 1),
    (317, 33, 11, 'POL-NL-988944', '2019-04-22', 0),
    (318, 71, 1, 'POL-PE-901385', '2018-11-28', 0),
    (319, 36, 10, 'POL-YB-707989', '2021-02-12', 0),
    (320, 230, 6, 'POL-NS-008242', '2023-06-12', 0),
    (321, 170, 5, 'POL-RM-664042', '2019-01-05', 1),
    (322, 47, 9, 'POL-DS-023452', '2023-06-20', 0),
    (323, 119, 1, 'POL-TF-766074', '2019-08-12', 1),
    (324, 169, 2, 'POL-AU-139180', '2020-10-16', 1),
    (325, 60, 9, 'POL-LH-156142', '2023-09-18', 1),
    (326, 105, 5, 'POL-EG-592129', '2019-11-16', 0),
    (327, 242, 7, 'POL-ST-073818', '2019-12-03', 1),
    (328, 37, 2, 'POL-DA-532111', '2023-01-31', 0),
    (329, 218, 1, 'POL-WK-750248', '2022-01-27', 1),
    (330, 200, 5, 'POL-ES-729640', '2021-07-12', 0),
    (331, 158, 3, 'POL-ZP-041592', '2018-11-01', 1),
    (332, 1, 11, 'POL-YC-982160', '2021-10-18', 1),
    (333, 255, 2, 'POL-UA-542849', '2022-09-28', 0),
    (334, 231, 3, 'POL-QJ-969692', '2018-05-05', 1),
    (335, 111, 4, 'POL-AW-167876', '2023-07-13', 0),
    (336, 43, 7, 'POL-BA-166250', '2018-08-01', 0),
    (337, 7, 3, 'POL-WP-061753', '2021-02-20', 0),
    (338, 176, 10, 'POL-DP-241112', '2019-06-18', 1),
    (339, 256, 3, 'POL-WK-893688', '2021-10-03', 0),
    (340, 158, 7, 'POL-MF-549214', '2020-11-10', 0),
    (341, 118, 11, 'POL-VR-210877', '2018-04-05', 1),
    (342, 167, 9, 'POL-TV-848760', '2023-03-18', 0),
    (343, 229, 8, 'POL-AJ-029895', '2019-09-22', 0),
    (344, 13, 6, 'POL-BY-482489', '2021-12-28', 0),
    (345, 42, 1, 'POL-MT-959634', '2023-08-05', 0),
    (346, 9, 5, 'POL-YS-581857', '2023-01-15', 1),
    (347, 166, 1, 'POL-MP-199641', '2020-08-29', 0),
    (348, 148, 1, 'POL-QF-781140', '2019-08-25', 0),
    (349, 225, 5, 'POL-HJ-413352', '2018-03-16', 0),
    (350, 80, 7, 'POL-GY-381036', '2023-07-30', 0),
    (351, 187, 11, 'POL-VH-875106', '2018-05-22', 1),
    (352, 104, 6, 'POL-VC-280926', '2020-02-15', 0),
    (353, 223, 9, 'POL-ZQ-840045', '2020-02-18', 0),
    (354, 86, 4, 'POL-NU-477587', '2023-12-25', 0),
    (355, 15, 1, 'POL-BM-063191', '2019-10-10', 0),
    (356, 46, 1, 'POL-KY-730340', '2019-02-27', 0),
    (357, 178, 2, 'POL-ZP-002176', '2018-01-02', 0),
    (358, 36, 1, 'POL-MJ-046346', '2023-05-04', 0),
    (359, 126, 9, 'POL-ZM-031828', '2021-05-21', 1),
    (360, 56, 12, 'POL-FX-497067', '2022-09-24', 0),
    (361, 198, 7, 'POL-DQ-274084', '2023-03-13', 0),
    (362, 75, 2, 'POL-WC-963843', '2018-08-26', 0),
    (363, 18, 11, 'POL-VF-212127', '2023-09-11', 0),
    (364, 192, 6, 'POL-AC-480623', '2023-01-13', 1),
    (365, 41, 9, 'POL-LU-930834', '2018-04-10', 0),
    (366, 30, 2, 'POL-VH-979686', '2021-06-30', 0),
    (367, 137, 2, 'POL-WV-081068', '2020-11-26', 1),
    (368, 253, 8, 'POL-HN-701403', '2023-01-24', 0),
    (369, 219, 2, 'POL-TN-839560', '2021-12-04', 1),
    (370, 19, 5, 'POL-MZ-646918', '2019-06-23', 0),
    (371, 12, 6, 'POL-UP-884477', '2020-07-29', 0),
    (372, 238, 1, 'POL-TG-283334', '2022-08-16', 0),
    (373, 260, 4, 'POL-EV-419599', '2021-08-08', 1),
    (374, 57, 7, 'POL-QG-296656', '2020-07-09', 1),
    (375, 61, 2, 'POL-TH-241404', '2019-06-28', 1),
    (376, 178, 7, 'POL-PJ-926296', '2021-01-07', 1),
    (377, 153, 8, 'POL-PD-465027', '2020-03-25', 1),
    (378, 111, 2, 'POL-MT-854371', '2018-09-30', 1),
    (379, 19, 12, 'POL-YB-653786', '2023-11-13', 0),
    (380, 5, 12, 'POL-AL-295994', '2019-10-14', 1),
    (381, 11, 1, 'POL-AJ-332306', '2021-01-13', 0),
    (382, 20, 6, 'POL-QR-330653', '2022-07-06', 0),
    (383, 41, 2, 'POL-QA-388029', '2018-03-10', 0),
    (384, 102, 7, 'POL-RT-899877', '2023-05-03', 0),
    (385, 63, 12, 'POL-CF-922984', '2019-04-05', 1),
    (386, 101, 2, 'POL-RX-554879', '2020-09-09', 1),
    (387, 46, 11, 'POL-TH-401932', '2022-07-03', 0),
    (388, 173, 4, 'POL-WH-219507', '2020-08-25', 1),
    (389, 36, 4, 'POL-WT-306815', '2023-07-25', 0),
    (390, 130, 9, 'POL-FP-590536', '2020-10-09', 0),
    (391, 62, 3, 'POL-DJ-773781', '2019-01-06', 1),
    (392, 99, 1, 'POL-PK-493423', '2019-01-13', 0),
    (393, 46, 10, 'POL-WW-368053', '2018-04-08', 0),
    (394, 4, 3, 'POL-BY-528866', '2019-01-27', 1),
    (395, 160, 2, 'POL-ZF-196317', '2018-03-08', 0),
    (396, 33, 6, 'POL-QT-964620', '2020-01-20', 0),
    (397, 25, 4, 'POL-AR-266017', '2018-08-05', 0),
    (398, 166, 3, 'POL-QS-542097', '2019-03-11', 0),
    (399, 50, 7, 'POL-TE-823316', '2018-08-29', 0),
    (400, 55, 2, 'POL-FX-353957', '2022-08-10', 1);

INSERT INTO "patient_insurers" ("patient_insurer_id", "patient_id", "insurer_id", "policy_number", "coverage_start", "is_primary") VALUES
    (401, 97, 2, 'POL-JC-404866', '2021-02-06', 0),
    (402, 64, 5, 'POL-PC-218290', '2019-07-04', 1),
    (403, 175, 6, 'POL-DG-794037', '2020-03-28', 0),
    (404, 30, 1, 'POL-TS-275971', '2022-09-06', 0),
    (405, 21, 11, 'POL-HT-066954', '2019-06-14', 0),
    (406, 85, 4, 'POL-GS-779355', '2018-03-15', 1),
    (407, 100, 2, 'POL-WU-661886', '2023-08-08', 0),
    (408, 167, 1, 'POL-GG-382488', '2022-11-13', 0),
    (409, 226, 1, 'POL-QZ-938256', '2023-05-01', 0),
    (410, 44, 6, 'POL-AU-476304', '2020-06-03', 0),
    (411, 106, 5, 'POL-ND-818653', '2022-04-08', 0),
    (412, 10, 8, 'POL-AK-357922', '2021-12-30', 0),
    (413, 89, 11, 'POL-GK-647240', '2020-05-06', 0),
    (414, 16, 6, 'POL-XC-919041', '2021-05-07', 0),
    (415, 4, 12, 'POL-XR-289743', '2022-12-11', 0),
    (416, 95, 3, 'POL-VG-378350', '2023-04-22', 0),
    (417, 45, 3, 'POL-MF-102150', '2019-07-01', 0),
    (418, 110, 2, 'POL-JX-549971', '2020-02-05', 0),
    (419, 91, 5, 'POL-YU-265214', '2022-06-30', 0),
    (420, 63, 10, 'POL-DJ-578095', '2023-07-23', 0),
    (421, 88, 2, 'POL-YE-873115', '2018-08-24', 0),
    (422, 168, 1, 'POL-GJ-001360', '2018-07-21', 0),
    (423, 40, 2, 'POL-VK-389962', '2023-11-26', 0),
    (424, 72, 6, 'POL-PD-800368', '2021-08-20', 0),
    (425, 3, 8, 'POL-PV-711750', '2020-05-29', 0),
    (426, 61, 4, 'POL-TD-503897', '2022-11-03', 1),
    (427, 7, 10, 'POL-LC-065891', '2021-08-31', 0),
    (428, 154, 6, 'POL-VL-893346', '2018-10-01', 1),
    (429, 7, 4, 'POL-WB-059896', '2019-10-04', 1),
    (430, 22, 1, 'POL-QJ-077459', '2022-07-10', 1),
    (431, 20, 9, 'POL-JJ-125053', '2022-03-02', 0),
    (432, 7, 2, 'POL-KG-874657', '2018-02-10', 1),
    (433, 48, 1, 'POL-WG-839467', '2023-06-19', 0),
    (434, 119, 8, 'POL-FP-941140', '2022-10-24', 0),
    (435, 23, 3, 'POL-FF-825773', '2018-06-09', 0),
    (436, 55, 11, 'POL-YV-917070', '2018-09-15', 0),
    (437, 19, 8, 'POL-BJ-324799', '2018-03-12', 1),
    (438, 66, 3, 'POL-ZM-127830', '2023-02-20', 0),
    (439, 78, 1, 'POL-CZ-761102', '2020-09-01', 0),
    (440, 190, 12, 'POL-RR-585200', '2023-01-17', 0),
    (441, 219, 3, 'POL-PB-119770', '2020-11-10', 0),
    (442, 2, 10, 'POL-ES-400182', '2018-02-19', 0),
    (443, 61, 1, 'POL-CP-954846', '2022-07-31', 0),
    (444, 35, 4, 'POL-UL-875696', '2019-03-09', 1),
    (445, 119, 2, 'POL-HG-325406', '2018-08-20', 1),
    (446, 78, 2, 'POL-ER-793899', '2018-11-26', 0),
    (447, 185, 2, 'POL-FK-669145', '2020-01-06', 0),
    (448, 141, 2, 'POL-RY-151855', '2018-07-02', 0),
    (449, 135, 6, 'POL-QX-902726', '2023-05-21', 0),
    (450, 51, 12, 'POL-YC-962877', '2020-02-08', 0),
    (451, 41, 8, 'POL-YH-509414', '2023-10-18', 1),
    (452, 130, 2, 'POL-VH-505799', '2023-09-08', 0),
    (453, 115, 7, 'POL-QZ-036637', '2023-04-19', 0),
    (454, 190, 2, 'POL-GM-880873', '2020-05-27', 1),
    (455, 26, 5, 'POL-XM-188758', '2019-03-10', 0),
    (456, 54, 2, 'POL-VT-141385', '2023-01-16', 1),
    (457, 164, 2, 'POL-NS-268582', '2019-03-16', 1),
    (458, 149, 2, 'POL-KR-055791', '2019-10-01', 0),
    (459, 227, 6, 'POL-YT-080023', '2023-07-23', 1),
    (460, 25, 3, 'POL-FK-751717', '2018-05-16', 0),
    (461, 11, 9, 'POL-AL-002578', '2021-04-06', 1),
    (462, 61, 8, 'POL-RL-372590', '2022-03-06', 1),
    (463, 16, 4, 'POL-JU-128033', '2019-12-07', 1),
    (464, 83, 2, 'POL-LA-541962', '2022-06-12', 1),
    (465, 100, 1, 'POL-UX-549758', '2021-11-25', 0),
    (466, 5, 10, 'POL-NC-727121', '2020-10-20', 0),
    (467, 204, 4, 'POL-TB-534744', '2019-07-28', 1),
    (468, 46, 4, 'POL-XQ-021062', '2020-07-28', 0),
    (469, 14, 2, 'POL-NS-334218', '2023-08-01', 0),
    (470, 142, 7, 'POL-CS-034389', '2021-06-21', 0),
    (471, 227, 1, 'POL-UH-810521', '2023-11-19', 1),
    (472, 143, 2, 'POL-TG-146505', '2018-03-10', 1),
    (473, 244, 8, 'POL-QG-763149', '2018-02-24', 0),
    (474, 51, 9, 'POL-HZ-212483', '2018-11-13', 0),
    (475, 57, 5, 'POL-ZF-257848', '2020-03-19', 0),
    (476, 74, 7, 'POL-NQ-746445', '2021-07-14', 1),
    (477, 208, 7, 'POL-XY-123184', '2022-01-10', 1),
    (478, 9, 9, 'POL-RX-182168', '2020-11-01', 0),
    (479, 247, 2, 'POL-DN-069707', '2021-01-12', 1),
    (480, 10, 12, 'POL-UZ-979964', '2020-08-19', 0),
    (481, 200, 4, 'POL-YH-325308', '2020-04-16', 0),
    (482, 104, 1, 'POL-RG-902995', '2021-02-19', 0),
    (483, 7, 12, 'POL-WY-820555', '2019-03-09', 0),
    (484, 172, 4, 'POL-BY-924406', '2023-05-13', 0),
    (485, 42, 5, 'POL-KR-754246', '2018-09-28', 1),
    (486, 154, 10, 'POL-GY-890644', '2019-11-22', 0),
    (487, 25, 1, 'POL-AA-094277', '2022-06-30', 0),
    (488, 99, 4, 'POL-RM-518070', '2020-04-04', 0),
    (489, 159, 2, 'POL-TF-949194', '2019-10-21', 1),
    (490, 249, 9, 'POL-JX-958752', '2018-04-30', 0),
    (491, 20, 2, 'POL-MG-205914', '2018-06-23', 0),
    (492, 149, 1, 'POL-AT-135974', '2018-06-02', 0),
    (493, 20, 5, 'POL-GL-260498', '2022-12-19', 0),
    (494, 48, 3, 'POL-HK-586376', '2021-05-20', 1),
    (495, 42, 11, 'POL-WW-772698', '2021-09-01', 0),
    (496, 117, 1, 'POL-RC-405208', '2018-03-10', 0),
    (497, 38, 2, 'POL-HJ-495332', '2019-02-28', 0),
    (498, 150, 1, 'POL-XE-657170', '2019-02-28', 0),
    (499, 4, 7, 'POL-LE-495236', '2018-10-26', 0),
    (500, 28, 8, 'POL-LD-498812', '2021-12-14', 1),
    (501, 12, 9, 'POL-MV-001849', '2020-05-15', 0),
    (502, 154, 9, 'POL-WV-636018', '2019-03-30', 1),
    (503, 107, 2, 'POL-HK-925530', '2022-03-13', 1),
    (504, 57, 3, 'POL-RX-887934', '2021-11-14', 0),
    (505, 101, 3, 'POL-WD-245736', '2021-08-22', 0),
    (506, 58, 2, 'POL-YE-925431', '2020-09-04', 0),
    (507, 129, 4, 'POL-DD-906574', '2019-02-27', 0),
    (508, 6, 10, 'POL-BE-271444', '2019-12-12', 0),
    (509, 208, 2, 'POL-PA-348227', '2023-04-04', 0),
    (510, 97, 1, 'POL-XN-475454', '2021-03-02', 0),
    (511, 10, 3, 'POL-MX-205738', '2023-06-16', 0),
    (512, 3, 9, 'POL-LV-055816', '2021-06-09', 0),
    (513, 199, 1, 'POL-ES-948313', '2022-10-09', 0),
    (514, 21, 1, 'POL-PU-007907', '2018-01-22', 0),
    (515, 39, 3, 'POL-JT-124696', '2022-02-03', 0),
    (516, 222, 6, 'POL-AS-778714', '2023-12-24', 0),
    (517, 48, 10, 'POL-FC-249107', '2018-11-23', 0),
    (518, 2, 7, 'POL-GB-447623', '2021-09-07', 1),
    (519, 36, 8, 'POL-TE-150043', '2023-11-20', 1),
    (520, 214, 7, 'POL-JF-557289', '2018-09-09', 1),
    (521, 40, 6, 'POL-DZ-186068', '2023-07-30', 0),
    (522, 78, 9, 'POL-HF-478290', '2020-04-19', 0),
    (523, 18, 9, 'POL-EN-235992', '2022-05-01', 1),
    (524, 61, 3, 'POL-XY-196306', '2019-12-24', 1),
    (525, 211, 6, 'POL-HX-232208', '2020-10-26', 1),
    (526, 205, 2, 'POL-YL-675058', '2018-10-08', 0),
    (527, 48, 11, 'POL-MU-980909', '2023-09-04', 0),
    (528, 147, 12, 'POL-AX-164192', '2022-08-01', 1),
    (529, 77, 3, 'POL-BH-912817', '2019-05-12', 0),
    (530, 248, 5, 'POL-BV-115633', '2019-04-07', 1),
    (531, 95, 1, 'POL-WC-138412', '2022-09-09', 0),
    (532, 63, 3, 'POL-AC-772106', '2020-11-06', 1),
    (533, 250, 3, 'POL-WD-246627', '2021-07-08', 0),
    (534, 6, 9, 'POL-JT-363057', '2020-04-02', 0),
    (535, 160, 6, 'POL-AN-463087', '2022-12-24', 0),
    (536, 164, 10, 'POL-UV-026831', '2018-05-20', 0),
    (537, 162, 12, 'POL-JW-271190', '2018-12-23', 1),
    (538, 11, 8, 'POL-QJ-097604', '2022-08-19', 0),
    (539, 182, 7, 'POL-AE-085840', '2020-02-06', 0),
    (540, 56, 3, 'POL-EX-238137', '2022-06-25', 0),
    (541, 11, 5, 'POL-JG-803864', '2018-10-19', 0),
    (542, 170, 2, 'POL-DV-456866', '2018-02-24', 0),
    (543, 191, 2, 'POL-KV-265544', '2023-02-04', 1),
    (544, 126, 1, 'POL-GM-212398', '2018-12-29', 1),
    (545, 130, 10, 'POL-SH-913074', '2023-03-22', 0),
    (546, 171, 1, 'POL-CW-707011', '2022-02-24', 0),
    (547, 204, 1, 'POL-LX-455859', '2021-06-15', 0),
    (548, 92, 10, 'POL-VR-697896', '2021-04-07', 0),
    (549, 23, 2, 'POL-JK-873702', '2019-07-13', 0),
    (550, 33, 2, 'POL-PH-862148', '2018-02-06', 0),
    (551, 56, 2, 'POL-EV-037917', '2019-03-24', 1),
    (552, 61, 6, 'POL-FH-455896', '2020-10-10', 0),
    (553, 180, 2, 'POL-LD-312325', '2019-08-14', 0),
    (554, 120, 11, 'POL-MG-473046', '2021-05-03', 0),
    (555, 134, 10, 'POL-HU-826174', '2021-05-26', 0),
    (556, 121, 3, 'POL-TY-382627', '2022-11-13', 0),
    (557, 31, 6, 'POL-FV-864537', '2022-07-24', 0),
    (558, 90, 5, 'POL-TK-549222', '2022-04-09', 1),
    (559, 59, 12, 'POL-ZY-972135', '2019-02-21', 0),
    (560, 177, 8, 'POL-XA-980452', '2021-07-01', 0),
    (561, 20, 7, 'POL-TK-929502', '2024-01-01', 0),
    (562, 39, 5, 'POL-AY-850879', '2019-03-13', 1),
    (563, 62, 1, 'POL-EQ-866209', '2018-05-16', 1),
    (564, 1, 9, 'POL-TT-076033', '2022-04-07', 0),
    (565, 70, 11, 'POL-BD-851051', '2023-02-06', 0),
    (566, 9, 1, 'POL-TN-757770', '2020-10-17', 0),
    (567, 163, 9, 'POL-PT-768787', '2023-08-24', 1),
    (568, 50, 2, 'POL-AS-254838', '2022-02-15', 0),
    (569, 160, 3, 'POL-XP-120801', '2022-07-27', 0),
    (570, 79, 3, 'POL-RT-098822', '2023-08-20', 0),
    (571, 146, 2, 'POL-BN-749828', '2020-11-21', 0),
    (572, 238, 5, 'POL-FD-040336', '2022-06-24', 0),
    (573, 49, 1, 'POL-JN-658494', '2019-05-31', 0),
    (574, 35, 3, 'POL-UF-311362', '2020-12-09', 0),
    (575, 96, 1, 'POL-TG-010593', '2018-12-22', 1),
    (576, 43, 1, 'POL-SN-218211', '2021-07-23', 1),
    (577, 5, 9, 'POL-BE-550536', '2020-10-25', 1),
    (578, 187, 9, 'POL-MF-639285', '2021-08-24', 0),
    (579, 156, 11, 'POL-FZ-086725', '2020-12-26', 0),
    (580, 27, 4, 'POL-XK-224220', '2023-05-25', 0),
    (581, 60, 5, 'POL-HS-664808', '2019-04-14', 0),
    (582, 156, 3, 'POL-PJ-107439', '2019-08-19', 1),
    (583, 24, 2, 'POL-VQ-745688', '2018-05-24', 0),
    (584, 53, 8, 'POL-XK-853710', '2021-09-15', 0),
    (585, 116, 3, 'POL-UT-133952', '2021-02-15', 1),
    (586, 13, 5, 'POL-FV-573972', '2023-12-26', 0),
    (587, 4, 6, 'POL-AC-708419', '2018-11-20', 0),
    (588, 70, 1, 'POL-PZ-399923', '2022-01-31', 0),
    (589, 241, 3, 'POL-ZR-860906', '2021-07-24', 0),
    (590, 122, 12, 'POL-PJ-615561', '2020-12-14', 0),
    (591, 7, 6, 'POL-VA-546370', '2019-12-11', 0),
    (592, 1, 12, 'POL-HU-741156', '2018-03-07', 1),
    (593, 12, 2, 'POL-WJ-503179', '2019-03-27', 0),
    (594, 20, 4, 'POL-ND-953383', '2022-10-17', 0),
    (595, 127, 2, 'POL-KP-863185', '2019-11-21', 1),
    (596, 129, 12, 'POL-JA-719677', '2020-03-06', 1),
    (597, 65, 4, 'POL-FZ-150950', '2023-06-06', 0),
    (598, 204, 2, 'POL-CE-867955', '2018-06-29', 0),
    (599, 125, 9, 'POL-HA-722871', '2021-06-11', 0),
    (600, 84, 1, 'POL-XX-479814', '2021-07-29', 1);

INSERT INTO "patient_insurers" ("patient_insurer_id", "patient_id", "insurer_id", "policy_number", "coverage_start", "is_primary") VALUES
    (601, 35, 6, 'POL-PQ-960756', '2018-06-13', 0),
    (602, 142, 1, 'POL-EA-706545', '2018-07-17', 0),
    (603, 55, 1, 'POL-VH-400268', '2018-03-04', 0),
    (604, 52, 3, 'POL-TP-761551', '2019-06-27', 0),
    (605, 218, 10, 'POL-PT-862390', '2022-10-16', 0),
    (606, 114, 1, 'POL-TW-811795', '2021-03-06', 0),
    (607, 82, 5, 'POL-DN-936162', '2022-05-07', 0),
    (608, 37, 6, 'POL-LJ-395493', '2019-12-13', 0),
    (609, 216, 1, 'POL-ZX-805894', '2022-03-17', 1),
    (610, 169, 3, 'POL-XU-434196', '2019-06-03', 0),
    (611, 17, 3, 'POL-PF-501030', '2022-12-29', 0),
    (612, 107, 6, 'POL-BV-974761', '2022-08-20', 1),
    (613, 14, 11, 'POL-QW-790219', '2019-03-29', 0),
    (614, 167, 5, 'POL-FU-472932', '2022-05-18', 0),
    (615, 206, 5, 'POL-AJ-086244', '2021-02-05', 0),
    (616, 89, 3, 'POL-AE-142345', '2018-06-16', 1),
    (617, 2, 6, 'POL-CN-939840', '2020-12-15', 0),
    (618, 51, 10, 'POL-TJ-765761', '2018-06-18', 0),
    (619, 225, 2, 'POL-DJ-659205', '2023-05-22', 0),
    (620, 93, 2, 'POL-WV-522342', '2018-01-18', 0),
    (621, 22, 10, 'POL-TH-083067', '2020-12-13', 0),
    (622, 70, 2, 'POL-GM-567399', '2022-06-07', 0),
    (623, 82, 8, 'POL-WS-056000', '2022-11-09', 0),
    (624, 67, 6, 'POL-KC-809642', '2021-08-19', 1),
    (625, 16, 11, 'POL-HC-213830', '2018-07-08', 0),
    (626, 144, 8, 'POL-GG-435645', '2020-11-18', 0),
    (627, 67, 1, 'POL-WQ-261015', '2022-09-10', 1),
    (628, 202, 1, 'POL-NZ-542184', '2021-04-23', 0),
    (629, 56, 9, 'POL-MG-923825', '2018-04-16', 1),
    (630, 47, 6, 'POL-EB-694226', '2023-08-27', 1),
    (631, 101, 7, 'POL-CK-755286', '2021-07-30', 1),
    (632, 45, 1, 'POL-ZU-979493', '2023-11-26', 0),
    (633, 239, 3, 'POL-MA-243305', '2020-08-10', 1),
    (634, 241, 1, 'POL-VT-731981', '2019-03-12', 0),
    (635, 203, 1, 'POL-LW-637221', '2022-04-09', 0),
    (636, 111, 12, 'POL-SL-905519', '2023-10-06', 0),
    (637, 225, 9, 'POL-LB-714822', '2018-08-11', 1),
    (638, 165, 4, 'POL-GL-451543', '2022-04-12', 1),
    (639, 57, 2, 'POL-KZ-970272', '2018-07-28', 0),
    (640, 145, 1, 'POL-GL-246486', '2021-07-08', 0),
    (641, 199, 2, 'POL-JZ-173561', '2020-11-17', 0),
    (642, 251, 2, 'POL-UB-718011', '2020-03-02', 0),
    (643, 120, 3, 'POL-ZP-953007', '2019-05-09', 0),
    (644, 156, 4, 'POL-RD-116413', '2018-11-20', 0),
    (645, 5, 11, 'POL-ZK-379720', '2018-11-13', 1),
    (646, 34, 2, 'POL-XL-167144', '2018-07-30', 0),
    (647, 32, 5, 'POL-QH-986356', '2020-10-03', 1),
    (648, 85, 5, 'POL-UY-299013', '2021-02-13', 0),
    (649, 152, 11, 'POL-JW-843136', '2018-03-24', 0),
    (650, 177, 1, 'POL-UQ-257944', '2019-04-01', 0),
    (651, 153, 1, 'POL-EQ-089291', '2019-02-20', 0),
    (652, 183, 1, 'POL-XH-386966', '2020-06-24', 0),
    (653, 26, 11, 'POL-MU-820093', '2020-06-10', 0),
    (654, 2, 8, 'POL-FU-322266', '2021-08-29', 1),
    (655, 157, 7, 'POL-CJ-709412', '2019-08-06', 0),
    (656, 173, 10, 'POL-WQ-497130', '2020-02-17', 0),
    (657, 257, 2, 'POL-VF-168952', '2018-07-28', 0),
    (658, 20, 3, 'POL-MT-874623', '2021-08-24', 0),
    (659, 192, 1, 'POL-SF-616193', '2022-03-15', 0),
    (660, 46, 8, 'POL-YK-364400', '2019-03-23', 1),
    (661, 106, 1, 'POL-QS-522237', '2023-04-30', 0),
    (662, 62, 7, 'POL-NX-475195', '2020-05-22', 0),
    (663, 34, 5, 'POL-FT-452334', '2020-05-04', 0),
    (664, 15, 2, 'POL-ZQ-975253', '2021-01-11', 0),
    (665, 33, 10, 'POL-XE-913575', '2020-05-23', 1),
    (666, 31, 8, 'POL-KL-069752', '2022-02-14', 1),
    (667, 117, 2, 'POL-PW-140325', '2023-01-23', 0),
    (668, 33, 7, 'POL-BQ-110341', '2023-06-08', 0),
    (669, 223, 2, 'POL-SF-747347', '2019-03-26', 1),
    (670, 29, 8, 'POL-RU-718758', '2021-10-12', 1),
    (671, 194, 4, 'POL-KL-814882', '2018-09-22', 1),
    (672, 24, 4, 'POL-MN-603095', '2022-11-11', 1),
    (673, 47, 7, 'POL-VW-366154', '2022-07-11', 0),
    (674, 235, 1, 'POL-YR-609212', '2018-02-02', 0),
    (675, 47, 2, 'POL-MZ-634468', '2023-05-17', 0),
    (676, 255, 5, 'POL-ZU-490221', '2020-01-22', 0),
    (677, 37, 5, 'POL-LC-332451', '2022-11-01', 1),
    (678, 39, 10, 'POL-AK-765631', '2023-02-28', 1),
    (679, 74, 6, 'POL-QS-598137', '2019-09-29', 0),
    (680, 177, 5, 'POL-CF-586014', '2018-12-20', 1),
    (681, 57, 4, 'POL-CA-949692', '2019-06-02', 0),
    (682, 34, 12, 'POL-UR-148331', '2021-02-07', 0),
    (683, 239, 1, 'POL-XL-061784', '2020-09-12', 0),
    (684, 54, 3, 'POL-TA-862458', '2023-04-27', 1),
    (685, 146, 12, 'POL-FM-825505', '2022-05-19', 0),
    (686, 224, 6, 'POL-SN-281793', '2023-05-12', 0),
    (687, 27, 10, 'POL-ZA-229768', '2018-11-09', 1),
    (688, 37, 3, 'POL-GX-955155', '2019-02-03', 0),
    (689, 120, 1, 'POL-UL-582740', '2019-10-28', 0),
    (690, 41, 7, 'POL-MZ-083912', '2020-01-18', 1),
    (691, 242, 2, 'POL-VB-079903', '2020-06-09', 0),
    (692, 7, 8, 'POL-BK-445900', '2023-03-25', 0),
    (693, 89, 12, 'POL-RP-975606', '2019-04-29', 1),
    (694, 150, 10, 'POL-MG-239832', '2019-08-03', 1),
    (695, 29, 11, 'POL-NE-747950', '2018-07-11', 0),
    (696, 60, 8, 'POL-LV-515727', '2020-01-13', 0),
    (697, 24, 3, 'POL-AX-978014', '2022-06-27', 0),
    (698, 13, 7, 'POL-JA-671988', '2022-06-05', 0),
    (699, 13, 8, 'POL-WD-376151', '2023-08-16', 0),
    (700, 211, 3, 'POL-EJ-394496', '2021-04-26', 1),
    (701, 8, 6, 'POL-WB-476342', '2018-02-27', 0),
    (702, 228, 10, 'POL-TQ-973895', '2023-01-30', 0),
    (703, 18, 4, 'POL-FX-713958', '2020-10-09', 1),
    (704, 24, 6, 'POL-JK-823646', '2018-09-24', 0),
    (705, 77, 9, 'POL-WV-567523', '2022-12-03', 1),
    (706, 83, 9, 'POL-YC-311960', '2018-04-02', 0),
    (707, 35, 2, 'POL-JK-662255', '2018-11-19', 0),
    (708, 124, 4, 'POL-KW-992197', '2019-07-03', 0),
    (709, 196, 10, 'POL-HJ-754289', '2020-09-18', 1),
    (710, 229, 4, 'POL-EW-541518', '2018-09-18', 0),
    (711, 72, 2, 'POL-GU-945759', '2019-10-13', 0),
    (712, 109, 1, 'POL-BH-736341', '2021-07-29', 0),
    (713, 98, 3, 'POL-EF-070459', '2021-03-07', 0),
    (714, 81, 5, 'POL-XN-174033', '2022-12-21', 0),
    (715, 132, 1, 'POL-AJ-004314', '2019-04-29', 0),
    (716, 68, 2, 'POL-WE-107072', '2019-12-19', 0),
    (717, 149, 3, 'POL-DP-167930', '2018-07-21', 0),
    (718, 192, 2, 'POL-EW-461453', '2022-04-05', 1),
    (719, 92, 7, 'POL-DZ-553146', '2023-08-03', 1),
    (720, 130, 8, 'POL-ED-410842', '2023-07-01', 0),
    (721, 137, 12, 'POL-HP-079828', '2023-09-26', 1),
    (722, 39, 12, 'POL-DH-295619', '2023-07-31', 0),
    (723, 36, 2, 'POL-BV-161492', '2023-07-27', 0),
    (724, 6, 6, 'POL-CZ-114862', '2021-03-28', 0),
    (725, 179, 3, 'POL-QS-312206', '2019-09-04', 0),
    (726, 35, 1, 'POL-BB-785074', '2019-02-02', 1),
    (727, 141, 5, 'POL-NQ-400165', '2018-08-09', 0),
    (728, 206, 4, 'POL-GF-977151', '2020-04-15', 0),
    (729, 104, 8, 'POL-WT-939093', '2019-10-30', 0),
    (730, 89, 9, 'POL-JS-774283', '2022-04-10', 0),
    (731, 210, 6, 'POL-BV-511847', '2023-06-02', 1),
    (732, 125, 5, 'POL-BD-001840', '2020-10-03', 0),
    (733, 132, 2, 'POL-DQ-369785', '2021-06-17', 0),
    (734, 238, 8, 'POL-AM-102481', '2022-02-16', 0),
    (735, 53, 5, 'POL-LW-560674', '2020-10-11', 0),
    (736, 144, 9, 'POL-XG-132474', '2018-10-10', 0),
    (737, 248, 4, 'POL-FY-366658', '2019-08-14', 1),
    (738, 76, 7, 'POL-NS-599986', '2023-11-06', 1),
    (739, 63, 5, 'POL-ZL-562007', '2022-06-07', 0),
    (740, 243, 6, 'POL-YA-917617', '2023-03-30', 1),
    (741, 8, 5, 'POL-CS-060160', '2018-05-25', 0),
    (742, 228, 1, 'POL-PU-638611', '2023-07-23', 1),
    (743, 31, 7, 'POL-VB-296956', '2020-03-08', 0),
    (744, 31, 5, 'POL-MH-126722', '2023-04-24', 0),
    (745, 4, 9, 'POL-ZM-115922', '2022-07-03', 0),
    (746, 61, 11, 'POL-BS-835775', '2021-11-30', 1),
    (747, 8, 12, 'POL-TT-500929', '2019-03-16', 0),
    (748, 49, 10, 'POL-AX-384190', '2018-08-25', 1),
    (749, 232, 6, 'POL-TF-785776', '2021-07-05', 0),
    (750, 56, 1, 'POL-JC-186184', '2020-04-25', 0),
    (751, 81, 1, 'POL-YS-991860', '2020-11-23', 0),
    (752, 259, 3, 'POL-KH-771731', '2019-09-02', 0),
    (753, 256, 1, 'POL-LR-152776', '2018-05-04', 0),
    (754, 75, 12, 'POL-GT-252292', '2022-10-06', 0),
    (755, 121, 4, 'POL-LC-083701', '2020-03-05', 0),
    (756, 9, 3, 'POL-ER-894463', '2021-06-09', 0),
    (757, 255, 1, 'POL-HM-977058', '2018-07-18', 0),
    (758, 127, 3, 'POL-TH-869858', '2020-12-13', 0),
    (759, 39, 2, 'POL-YU-617884', '2018-08-30', 0),
    (760, 2, 4, 'POL-JD-890627', '2021-01-04', 0),
    (761, 132, 3, 'POL-XJ-944150', '2020-05-29', 0),
    (762, 7, 5, 'POL-TV-840819', '2022-01-25', 1),
    (763, 168, 8, 'POL-NG-119059', '2022-03-15', 1),
    (764, 24, 11, 'POL-QP-876764', '2022-11-27', 0),
    (765, 139, 8, 'POL-RH-900629', '2020-08-12', 0),
    (766, 143, 6, 'POL-BN-087024', '2023-10-11', 0),
    (767, 85, 1, 'POL-BQ-030872', '2023-08-28', 0),
    (768, 5, 7, 'POL-CN-806758', '2021-12-11', 1),
    (769, 215, 2, 'POL-KS-526396', '2023-03-18', 0),
    (770, 236, 4, 'POL-SZ-977352', '2022-08-21', 1),
    (771, 62, 4, 'POL-PH-791972', '2023-11-03', 0),
    (772, 94, 7, 'POL-UV-398919', '2023-10-09', 1),
    (773, 186, 1, 'POL-YP-074120', '2018-08-24', 1),
    (774, 109, 12, 'POL-DS-542695', '2018-09-16', 0),
    (775, 143, 4, 'POL-WG-790880', '2020-02-14', 0),
    (776, 69, 5, 'POL-WG-849628', '2019-02-04', 0),
    (777, 176, 7, 'POL-RV-819739', '2022-03-15', 0),
    (778, 43, 2, 'POL-MH-823240', '2022-12-28', 0),
    (779, 158, 2, 'POL-JH-829841', '2021-07-06', 1),
    (780, 10, 1, 'POL-TT-780606', '2021-03-29', 1),
    (781, 233, 2, 'POL-NL-664983', '2023-04-22', 0),
    (782, 63, 1, 'POL-XT-340858', '2020-08-08', 0),
    (783, 37, 9, 'POL-DB-382002', '2022-04-06', 1),
    (784, 21, 3, 'POL-JA-068881', '2018-07-02', 0),
    (785, 190, 1, 'POL-CQ-685932', '2021-04-28', 1),
    (786, 100, 8, 'POL-WV-905315', '2019-01-18', 0),
    (787, 53, 2, 'POL-CN-041170', '2019-09-08', 1),
    (788, 14, 3, 'POL-UY-662459', '2018-01-15', 0),
    (789, 39, 8, 'POL-HC-476767', '2023-01-29', 1),
    (790, 74, 9, 'POL-PW-941800', '2020-08-25', 0),
    (791, 21, 9, 'POL-FJ-419127', '2020-12-17', 0),
    (792, 27, 7, 'POL-HB-229290', '2022-12-04', 0),
    (793, 211, 2, 'POL-BL-412619', '2023-12-15', 0),
    (794, 215, 5, 'POL-PD-703719', '2020-11-16', 1),
    (795, 148, 2, 'POL-LZ-623623', '2019-08-13', 0),
    (796, 135, 2, 'POL-XG-363365', '2019-07-09', 1),
    (797, 14, 5, 'POL-GL-538165', '2019-01-09', 0),
    (798, 87, 1, 'POL-GS-336886', '2018-11-11', 0),
    (799, 144, 3, 'POL-UB-542005', '2018-08-27', 0),
    (800, 81, 11, 'POL-JE-029473', '2022-07-22', 0);

INSERT INTO "patient_insurers" ("patient_insurer_id", "patient_id", "insurer_id", "policy_number", "coverage_start", "is_primary") VALUES
    (801, 16, 5, 'POL-TR-371076', '2023-09-14', 0),
    (802, 40, 9, 'POL-WP-538427', '2023-07-20', 0),
    (803, 47, 5, 'POL-BR-616932', '2021-10-03', 0),
    (804, 152, 10, 'POL-ML-308939', '2022-05-06', 0),
    (805, 17, 8, 'POL-BX-957102', '2019-09-03', 0),
    (806, 82, 3, 'POL-BK-470235', '2020-04-21', 0),
    (807, 16, 7, 'POL-NR-365105', '2021-04-08', 1),
    (808, 73, 10, 'POL-AY-080914', '2019-04-08', 0),
    (809, 225, 7, 'POL-DR-755268', '2023-09-11', 1),
    (810, 75, 7, 'POL-UD-279310', '2018-07-22', 0),
    (811, 94, 1, 'POL-NH-959913', '2022-06-06', 0),
    (812, 9, 4, 'POL-WL-847492', '2018-06-27', 0),
    (813, 215, 4, 'POL-GW-249232', '2022-11-25', 0),
    (814, 68, 1, 'POL-KE-855410', '2019-06-19', 0),
    (815, 243, 2, 'POL-RX-893281', '2020-06-19', 0),
    (816, 167, 6, 'POL-AQ-524067', '2020-06-08', 1),
    (817, 25, 9, 'POL-QG-917980', '2022-03-03', 0),
    (818, 42, 3, 'POL-TX-882125', '2021-01-22', 0),
    (819, 9, 11, 'POL-MA-914192', '2022-12-23', 1),
    (820, 180, 5, 'POL-WJ-135912', '2022-03-22', 0),
    (821, 27, 8, 'POL-JA-113121', '2021-06-05', 0),
    (822, 81, 8, 'POL-NE-528602', '2021-12-12', 1),
    (823, 38, 9, 'POL-AN-255079', '2022-02-03', 0),
    (824, 110, 6, 'POL-YU-870946', '2023-07-28', 0),
    (825, 86, 6, 'POL-RQ-677089', '2023-09-06', 1),
    (826, 32, 1, 'POL-AE-258165', '2018-02-24', 0),
    (827, 246, 3, 'POL-WG-609027', '2021-01-19', 0),
    (828, 170, 8, 'POL-BB-432606', '2023-06-26', 0),
    (829, 23, 10, 'POL-RM-254447', '2020-05-27', 0),
    (830, 144, 1, 'POL-EY-230290', '2021-06-01', 0),
    (831, 54, 10, 'POL-WE-126736', '2019-08-27', 1),
    (832, 146, 1, 'POL-WV-064397', '2018-06-29', 0),
    (833, 253, 3, 'POL-QM-841520', '2018-06-04', 0),
    (834, 3, 12, 'POL-NS-299565', '2023-10-23', 0),
    (835, 175, 2, 'POL-MS-202305', '2022-08-17', 0),
    (836, 245, 2, 'POL-MG-752840', '2023-10-26', 0),
    (837, 33, 5, 'POL-XU-633037', '2018-10-18', 1),
    (838, 240, 1, 'POL-SE-726699', '2022-11-24', 0),
    (839, 22, 5, 'POL-UT-866959', '2021-03-31', 1),
    (840, 46, 6, 'POL-AN-977429', '2022-09-22', 0),
    (841, 15, 9, 'POL-UJ-948577', '2021-05-09', 0),
    (842, 149, 6, 'POL-QW-644271', '2022-09-13', 1),
    (843, 161, 5, 'POL-JQ-779626', '2020-03-02', 0),
    (844, 33, 8, 'POL-JH-000218', '2020-10-27', 0),
    (845, 203, 4, 'POL-RT-648048', '2022-06-11', 0),
    (846, 22, 7, 'POL-KF-928432', '2018-03-18', 0),
    (847, 223, 6, 'POL-CL-715298', '2019-02-21', 0),
    (848, 38, 3, 'POL-UD-183151', '2021-02-09', 1),
    (849, 69, 10, 'POL-AD-351601', '2019-11-05', 1),
    (850, 159, 1, 'POL-SD-636996', '2019-02-15', 1),
    (851, 98, 9, 'POL-TA-973676', '2018-12-05', 1),
    (852, 10, 2, 'POL-YH-969458', '2020-11-08', 0),
    (853, 32, 3, 'POL-YJ-785166', '2020-01-14', 0),
    (854, 159, 6, 'POL-JV-497143', '2023-07-18', 1),
    (855, 13, 3, 'POL-SC-878123', '2023-03-18', 0),
    (856, 203, 3, 'POL-CT-899356', '2022-10-19', 0),
    (857, 138, 3, 'POL-WQ-656421', '2020-07-08', 1),
    (858, 171, 2, 'POL-RL-119293', '2018-10-23', 1),
    (859, 163, 6, 'POL-DB-042463', '2018-11-20', 0),
    (860, 12, 7, 'POL-ZV-157576', '2022-01-29', 0),
    (861, 144, 12, 'POL-XY-560397', '2020-09-01', 0),
    (862, 43, 5, 'POL-RL-817714', '2021-06-01', 0),
    (863, 50, 1, 'POL-VS-180300', '2018-05-30', 0),
    (864, 75, 4, 'POL-AD-297670', '2023-07-31', 0),
    (865, 10, 9, 'POL-ET-858850', '2022-09-23', 0),
    (866, 171, 12, 'POL-YS-579936', '2020-08-05', 0),
    (867, 125, 8, 'POL-SL-927444', '2019-09-09', 1),
    (868, 235, 9, 'POL-PR-097406', '2019-09-16', 0),
    (869, 73, 5, 'POL-PD-881005', '2022-10-10', 0),
    (870, 27, 2, 'POL-HV-342539', '2019-06-25', 0),
    (871, 107, 11, 'POL-MZ-759053', '2020-05-31', 0),
    (872, 82, 12, 'POL-QZ-390424', '2018-06-21', 1),
    (873, 58, 3, 'POL-QB-339997', '2019-12-28', 1),
    (874, 244, 3, 'POL-JC-462790', '2020-06-06', 0),
    (875, 48, 4, 'POL-NR-801430', '2019-03-14', 1),
    (876, 153, 3, 'POL-EQ-000125', '2022-08-18', 0),
    (877, 44, 5, 'POL-LH-907837', '2023-04-23', 1),
    (878, 223, 3, 'POL-VZ-493508', '2022-08-22', 0),
    (879, 118, 5, 'POL-MA-419858', '2022-02-18', 0),
    (880, 210, 7, 'POL-DW-213541', '2018-12-10', 0),
    (881, 12, 8, 'POL-JD-218187', '2021-05-08', 0),
    (882, 188, 9, 'POL-MP-655293', '2020-05-07', 1),
    (883, 211, 4, 'POL-BN-882428', '2022-10-03', 0),
    (884, 9, 8, 'POL-CK-343456', '2020-09-08', 0),
    (885, 84, 4, 'POL-BR-767607', '2022-07-15', 0),
    (886, 149, 11, 'POL-ZH-835059', '2021-01-23', 0),
    (887, 38, 5, 'POL-PA-500128', '2019-06-01', 0),
    (888, 229, 2, 'POL-GW-974644', '2021-03-13', 0),
    (889, 123, 6, 'POL-LE-804052', '2019-06-05', 1),
    (890, 79, 2, 'POL-YA-476048', '2020-10-06', 0),
    (891, 139, 10, 'POL-QK-678738', '2021-05-19', 0),
    (892, 236, 1, 'POL-SF-875082', '2020-06-18', 0),
    (893, 122, 1, 'POL-XC-962456', '2020-03-16', 0),
    (894, 19, 1, 'POL-MU-556088', '2021-02-04', 0),
    (895, 133, 3, 'POL-ZU-148110', '2020-10-22', 0),
    (896, 5, 5, 'POL-WN-917268', '2022-12-25', 0),
    (897, 39, 7, 'POL-MQ-248709', '2020-03-12', 0),
    (898, 237, 3, 'POL-ZC-199958', '2020-06-22', 0),
    (899, 63, 2, 'POL-VL-848595', '2022-07-15', 0),
    (900, 211, 1, 'POL-YR-153566', '2023-03-19', 0),
    (901, 79, 1, 'POL-EW-105340', '2019-07-16', 0),
    (902, 92, 6, 'POL-XM-424178', '2019-05-30', 0),
    (903, 71, 8, 'POL-EZ-465830', '2021-03-14', 0),
    (904, 112, 8, 'POL-ZQ-213049', '2018-04-15', 0),
    (905, 195, 2, 'POL-BD-047026', '2021-05-20', 1),
    (906, 233, 8, 'POL-GY-571655', '2020-03-05', 0),
    (907, 59, 11, 'POL-AV-005424', '2023-08-17', 0),
    (908, 164, 1, 'POL-PQ-908763', '2022-03-18', 0),
    (909, 107, 7, 'POL-TX-344371', '2022-05-03', 1),
    (910, 7, 7, 'POL-RT-263731', '2020-05-27', 0),
    (911, 123, 1, 'POL-HL-320798', '2019-06-25', 0),
    (912, 44, 1, 'POL-HE-657088', '2018-03-29', 1),
    (913, 108, 6, 'POL-RN-717220', '2021-01-13', 0),
    (914, 13, 9, 'POL-SX-002774', '2021-09-09', 0),
    (915, 221, 2, 'POL-KS-965646', '2019-03-28', 0),
    (916, 103, 11, 'POL-BD-663133', '2019-04-23', 0),
    (917, 253, 2, 'POL-QE-688504', '2021-10-16', 0),
    (918, 103, 7, 'POL-LF-975709', '2019-02-07', 0),
    (919, 91, 7, 'POL-NU-677672', '2022-08-13', 0),
    (920, 6, 12, 'POL-HN-316279', '2019-07-04', 0),
    (921, 173, 1, 'POL-VD-759180', '2022-03-22', 1),
    (922, 174, 4, 'POL-WW-559017', '2021-12-18', 1),
    (923, 38, 4, 'POL-ZY-128420', '2019-03-05', 0),
    (924, 74, 8, 'POL-ZX-489136', '2020-08-23', 1),
    (925, 170, 10, 'POL-HK-966161', '2023-05-25', 0),
    (926, 51, 4, 'POL-RY-300695', '2020-02-26', 0),
    (927, 217, 12, 'POL-AH-225106', '2023-12-01', 1),
    (928, 199, 10, 'POL-JH-589535', '2020-04-23', 0),
    (929, 31, 11, 'POL-VK-715242', '2020-12-01', 1),
    (930, 244, 4, 'POL-TP-018356', '2019-03-27', 0),
    (931, 232, 3, 'POL-GL-401947', '2020-09-28', 0),
    (932, 123, 9, 'POL-BR-446405', '2021-04-04', 0),
    (933, 133, 11, 'POL-QY-862889', '2023-09-19', 1),
    (934, 185, 1, 'POL-YQ-829171', '2019-01-13', 1),
    (935, 53, 12, 'POL-KF-659543', '2020-08-22', 0),
    (936, 178, 4, 'POL-PU-975483', '2020-05-27', 0),
    (937, 140, 5, 'POL-SG-535152', '2023-05-15', 0),
    (938, 118, 3, 'POL-EK-848405', '2019-06-23', 0),
    (939, 165, 10, 'POL-DA-055263', '2019-10-09', 1),
    (940, 19, 2, 'POL-NZ-389334', '2021-03-05', 0),
    (941, 8, 8, 'POL-WQ-281743', '2022-06-09', 0),
    (942, 45, 2, 'POL-AD-764071', '2022-07-31', 0),
    (943, 144, 6, 'POL-NH-607217', '2022-04-16', 0),
    (944, 195, 1, 'POL-HB-122997', '2021-08-08', 0),
    (945, 29, 12, 'POL-KC-457774', '2019-04-25', 1),
    (946, 205, 1, 'POL-DF-012017', '2021-10-11', 1),
    (947, 65, 11, 'POL-CN-098013', '2021-03-13', 1),
    (948, 117, 10, 'POL-LS-598020', '2023-06-12', 1),
    (949, 98, 7, 'POL-WJ-954445', '2020-04-14', 0),
    (950, 22, 3, 'POL-WG-959837', '2021-01-10', 0),
    (951, 15, 10, 'POL-BD-153032', '2019-05-19', 0),
    (952, 92, 3, 'POL-KR-465204', '2023-11-08', 0),
    (953, 146, 6, 'POL-TN-884878', '2023-03-04', 0),
    (954, 26, 4, 'POL-JK-648929', '2022-04-17', 0),
    (955, 204, 5, 'POL-YT-067933', '2019-08-16', 0),
    (956, 174, 3, 'POL-JE-355534', '2018-11-04', 0),
    (957, 37, 10, 'POL-DV-312171', '2023-01-12', 0),
    (958, 68, 8, 'POL-CF-191016', '2021-10-28', 0),
    (959, 126, 7, 'POL-WN-517825', '2020-12-26', 1),
    (960, 216, 5, 'POL-XF-066555', '2018-07-02', 0),
    (961, 184, 10, 'POL-TS-114515', '2019-05-21', 0),
    (962, 124, 3, 'POL-JV-685960', '2018-12-01', 1),
    (963, 227, 11, 'POL-YF-547114', '2019-02-15', 0),
    (964, 244, 9, 'POL-BH-799400', '2019-03-07', 1),
    (965, 30, 3, 'POL-JT-535698', '2021-07-30', 0),
    (966, 48, 9, 'POL-PZ-791849', '2020-12-04', 0),
    (967, 214, 1, 'POL-JB-935333', '2018-12-02', 0),
    (968, 57, 12, 'POL-UX-841404', '2018-01-10', 0),
    (969, 182, 2, 'POL-QB-713184', '2019-01-25', 0),
    (970, 131, 2, 'POL-HB-953534', '2020-06-09', 1),
    (971, 113, 6, 'POL-BQ-653175', '2022-01-23', 0),
    (972, 21, 12, 'POL-KC-260571', '2019-05-19', 1),
    (973, 72, 10, 'POL-SA-826822', '2019-04-06', 0),
    (974, 176, 12, 'POL-TA-624786', '2022-08-02', 0),
    (975, 171, 9, 'POL-SG-677617', '2018-12-08', 0),
    (976, 69, 1, 'POL-PN-897255', '2019-08-29', 1),
    (977, 123, 7, 'POL-BY-748301', '2022-06-27', 0),
    (978, 18, 7, 'POL-DQ-235854', '2021-09-02', 0),
    (979, 206, 1, 'POL-JX-590307', '2022-03-22', 0),
    (980, 6, 11, 'POL-VW-600563', '2021-05-01', 0),
    (981, 111, 7, 'POL-YB-287065', '2020-06-22', 0),
    (982, 176, 2, 'POL-QF-186389', '2018-04-07', 0),
    (983, 250, 1, 'POL-PA-825060', '2022-09-29', 0),
    (984, 44, 11, 'POL-AG-588546', '2020-12-07', 0),
    (985, 131, 6, 'POL-XR-128148', '2019-07-20', 0),
    (986, 250, 4, 'POL-QH-994424', '2021-11-16', 0),
    (987, 222, 2, 'POL-DL-111388', '2023-04-26', 0),
    (988, 88, 5, 'POL-ZM-457898', '2019-07-25', 0),
    (989, 29, 3, 'POL-ZU-384056', '2023-02-21', 1),
    (990, 88, 6, 'POL-XS-639709', '2018-01-10', 0),
    (991, 106, 2, 'POL-WM-432259', '2019-06-29', 0),
    (992, 85, 8, 'POL-YD-434736', '2020-11-09', 1),
    (993, 19, 10, 'POL-WA-051454', '2023-12-17', 0),
    (994, 110, 1, 'POL-CS-973019', '2020-06-17', 0),
    (995, 195, 9, 'POL-WF-173141', '2018-04-27', 0),
    (996, 19, 9, 'POL-WD-536992', '2020-01-04', 0),
    (997, 31, 2, 'POL-YJ-819947', '2018-10-08', 0),
    (998, 118, 7, 'POL-MX-855422', '2022-10-11', 1),
    (999, 133, 5, 'POL-MB-165361', '2020-12-17', 1),
    (1000, 18, 5, 'POL-SQ-562092', '2018-04-10', 0);

INSERT INTO "patient_insurers" ("patient_insurer_id", "patient_id", "insurer_id", "policy_number", "coverage_start", "is_primary") VALUES
    (1001, 26, 1, 'POL-NH-082581', '2018-05-12', 1),
    (1002, 239, 11, 'POL-FP-796173', '2023-12-04', 0),
    (1003, 124, 10, 'POL-XD-147600', '2020-01-21', 0),
    (1004, 105, 3, 'POL-NF-880764', '2018-03-31', 0),
    (1005, 214, 4, 'POL-CJ-923003', '2020-11-23', 0),
    (1006, 107, 10, 'POL-NS-219852', '2022-07-10', 1),
    (1007, 137, 1, 'POL-AW-540306', '2020-08-04', 0),
    (1008, 152, 3, 'POL-VG-296364', '2022-05-22', 0),
    (1009, 23, 11, 'POL-FU-962128', '2020-09-19', 0),
    (1010, 16, 10, 'POL-FE-397952', '2021-06-24', 0),
    (1011, 69, 4, 'POL-FA-629178', '2019-11-19', 0),
    (1012, 17, 7, 'POL-XG-449835', '2022-07-13', 1),
    (1013, 160, 7, 'POL-CK-220998', '2023-12-04', 1),
    (1014, 26, 10, 'POL-CZ-903838', '2022-01-06', 0),
    (1015, 119, 10, 'POL-CP-122549', '2020-07-10', 1),
    (1016, 135, 4, 'POL-UE-331740', '2018-03-24', 0),
    (1017, 125, 4, 'POL-NQ-766421', '2021-05-16', 0),
    (1018, 61, 7, 'POL-SE-146259', '2020-12-12', 0),
    (1019, 108, 1, 'POL-NQ-587584', '2022-10-27', 0),
    (1020, 89, 4, 'POL-SF-663387', '2023-09-08', 1),
    (1021, 28, 11, 'POL-MX-857601', '2018-08-26', 0),
    (1022, 35, 12, 'POL-MG-024780', '2019-05-27', 0),
    (1023, 34, 11, 'POL-PK-810042', '2018-02-27', 0),
    (1024, 169, 1, 'POL-GQ-409706', '2018-01-23', 0),
    (1025, 123, 4, 'POL-FF-755748', '2020-10-09', 0),
    (1026, 145, 7, 'POL-SU-687533', '2018-07-27', 0),
    (1027, 49, 2, 'POL-NR-451185', '2023-09-16', 0),
    (1028, 12, 5, 'POL-FQ-466130', '2020-05-12', 0),
    (1029, 26, 8, 'POL-HF-102879', '2021-06-06', 0),
    (1030, 80, 1, 'POL-LU-473026', '2023-02-01', 0),
    (1031, 162, 1, 'POL-MG-543774', '2018-07-21', 0),
    (1032, 214, 5, 'POL-UA-254792', '2020-08-19', 0),
    (1033, 75, 3, 'POL-XG-489571', '2022-05-04', 0),
    (1034, 88, 1, 'POL-QZ-025549', '2023-01-12', 1),
    (1035, 42, 8, 'POL-UD-599667', '2019-06-14', 0),
    (1036, 220, 7, 'POL-TV-386992', '2022-10-13', 1),
    (1037, 17, 2, 'POL-HR-432090', '2023-02-16', 1),
    (1038, 236, 12, 'POL-AL-601761', '2023-02-21', 1),
    (1039, 130, 5, 'POL-LC-743272', '2023-06-07', 1),
    (1040, 102, 11, 'POL-EH-699369', '2018-05-28', 1),
    (1041, 7, 11, 'POL-KL-944852', '2020-11-29', 0),
    (1042, 171, 5, 'POL-NA-926233', '2020-02-20', 1),
    (1043, 184, 4, 'POL-ZW-397160', '2022-11-19', 0),
    (1044, 53, 6, 'POL-WM-633688', '2019-11-15', 0),
    (1045, 119, 5, 'POL-TM-134030', '2019-02-04', 1),
    (1046, 66, 5, 'POL-QK-851072', '2023-05-16', 0),
    (1047, 93, 6, 'POL-BB-809816', '2022-01-09', 0),
    (1048, 162, 11, 'POL-YQ-734729', '2019-01-27', 0),
    (1049, 6, 8, 'POL-JX-455413', '2020-08-19', 0),
    (1050, 129, 1, 'POL-MB-106965', '2018-05-30', 0),
    (1051, 54, 8, 'POL-XL-818035', '2022-01-29', 0),
    (1052, 98, 4, 'POL-PM-692132', '2020-12-11', 0),
    (1053, 41, 4, 'POL-QZ-716588', '2022-11-10', 0),
    (1054, 189, 4, 'POL-YK-764403', '2019-08-30', 0),
    (1055, 181, 2, 'POL-UD-807553', '2020-11-02', 1),
    (1056, 108, 3, 'POL-ZJ-583587', '2022-08-31', 0),
    (1057, 219, 1, 'POL-VY-227253', '2021-12-13', 0),
    (1058, 59, 4, 'POL-LT-778300', '2021-08-06', 0),
    (1059, 129, 9, 'POL-CC-172266', '2023-09-28', 0),
    (1060, 103, 3, 'POL-WW-746758', '2019-11-12', 1),
    (1061, 63, 4, 'POL-EE-819025', '2021-10-01', 0),
    (1062, 54, 5, 'POL-MX-666395', '2023-07-18', 1),
    (1063, 206, 8, 'POL-EW-761463', '2023-04-16', 1),
    (1064, 130, 1, 'POL-FD-222293', '2021-11-09', 0),
    (1065, 6, 4, 'POL-BB-908302', '2020-12-29', 0),
    (1066, 129, 3, 'POL-WF-380795', '2020-10-11', 0),
    (1067, 95, 9, 'POL-TW-590259', '2018-08-20', 0),
    (1068, 137, 7, 'POL-VA-234951', '2020-10-14', 0),
    (1069, 65, 2, 'POL-ZX-781388', '2021-10-15', 0),
    (1070, 77, 7, 'POL-AZ-315051', '2022-07-12', 0),
    (1071, 42, 2, 'POL-CC-374249', '2023-08-14', 0),
    (1072, 53, 1, 'POL-DY-333058', '2018-02-10', 0),
    (1073, 197, 3, 'POL-DH-505287', '2021-05-04', 0),
    (1074, 146, 8, 'POL-LB-933848', '2018-04-18', 0),
    (1075, 10, 5, 'POL-FP-715577', '2020-02-19', 0),
    (1076, 101, 8, 'POL-BD-417702', '2019-11-08', 0),
    (1077, 174, 12, 'POL-VQ-224268', '2023-09-26', 1),
    (1078, 218, 3, 'POL-NU-909576', '2021-07-28', 1),
    (1079, 73, 4, 'POL-AL-678456', '2018-01-28', 1),
    (1080, 50, 12, 'POL-ZD-357967', '2022-11-03', 0),
    (1081, 28, 10, 'POL-VB-311634', '2022-01-06', 0),
    (1082, 91, 2, 'POL-KE-940856', '2022-03-23', 0),
    (1083, 199, 3, 'POL-GT-787091', '2020-07-15', 1),
    (1084, 204, 12, 'POL-CD-656295', '2018-06-25', 1),
    (1085, 139, 1, 'POL-RB-112060', '2020-05-15', 0),
    (1086, 198, 5, 'POL-JW-905027', '2023-09-28', 0),
    (1087, 203, 11, 'POL-FW-332948', '2022-10-16', 1),
    (1088, 41, 3, 'POL-HB-993655', '2020-08-04', 0),
    (1089, 221, 11, 'POL-YN-506339', '2023-09-25', 0),
    (1090, 131, 3, 'POL-HH-292976', '2020-08-11', 1),
    (1091, 95, 5, 'POL-CW-564981', '2021-06-25', 0),
    (1092, 18, 3, 'POL-YJ-169195', '2018-10-06', 0),
    (1093, 233, 11, 'POL-RE-251635', '2021-09-29', 1),
    (1094, 191, 4, 'POL-AD-136076', '2022-03-13', 1),
    (1095, 187, 3, 'POL-YS-590170', '2019-07-26', 0),
    (1096, 116, 1, 'POL-ZC-259908', '2022-06-20', 0),
    (1097, 216, 10, 'POL-JG-733556', '2019-04-13', 0),
    (1098, 136, 2, 'POL-SC-665799', '2018-06-23', 0),
    (1099, 218, 5, 'POL-UB-572093', '2019-06-03', 0),
    (1100, 25, 2, 'POL-YX-317609', '2023-03-20', 1),
    (1101, 257, 5, 'POL-YP-389709', '2022-06-14', 0),
    (1102, 192, 3, 'POL-NS-049400', '2019-06-26', 1),
    (1103, 118, 9, 'POL-TQ-723250', '2022-01-30', 0),
    (1104, 94, 10, 'POL-EQ-663045', '2022-09-20', 0),
    (1105, 224, 9, 'POL-EM-790014', '2023-09-13', 0),
    (1106, 120, 7, 'POL-NL-967215', '2021-02-05', 0),
    (1107, 16, 9, 'POL-ZU-847115', '2021-07-21', 0),
    (1108, 22, 11, 'POL-AS-619677', '2019-02-02', 0),
    (1109, 233, 1, 'POL-QH-466986', '2020-02-08', 0),
    (1110, 187, 2, 'POL-KM-341636', '2022-12-07', 1),
    (1111, 185, 10, 'POL-NN-776565', '2023-12-17', 0),
    (1112, 45, 8, 'POL-LN-752412', '2018-09-21', 1),
    (1113, 238, 11, 'POL-WV-730370', '2019-06-16', 1),
    (1114, 139, 4, 'POL-JG-073369', '2019-07-02', 1),
    (1115, 61, 5, 'POL-PQ-569826', '2023-08-06', 1),
    (1116, 67, 3, 'POL-NY-261491', '2018-01-28', 0),
    (1117, 77, 2, 'POL-SP-790192', '2019-08-26', 0),
    (1118, 121, 5, 'POL-DE-582430', '2023-06-23', 0),
    (1119, 26, 2, 'POL-UJ-329634', '2019-05-08', 0),
    (1120, 249, 2, 'POL-DA-519088', '2019-05-09', 0),
    (1121, 70, 12, 'POL-KR-805539', '2023-11-01', 1),
    (1122, 172, 9, 'POL-CV-516259', '2022-08-14', 0),
    (1123, 96, 11, 'POL-ZP-885188', '2019-07-07', 0),
    (1124, 44, 12, 'POL-JS-195133', '2022-03-28', 1),
    (1125, 186, 4, 'POL-PP-655104', '2021-07-25', 1),
    (1126, 25, 12, 'POL-SL-723740', '2018-07-12', 0),
    (1127, 132, 8, 'POL-NL-838524', '2023-03-22', 0),
    (1128, 48, 7, 'POL-BK-406167', '2020-02-03', 0),
    (1129, 35, 7, 'POL-FU-185342', '2020-09-10', 1),
    (1130, 242, 1, 'POL-VB-587837', '2023-06-29', 0),
    (1131, 10, 10, 'POL-DF-266853', '2018-03-26', 0),
    (1132, 48, 12, 'POL-XE-260562', '2020-06-10', 0),
    (1133, 167, 10, 'POL-GH-530411', '2020-08-18', 0),
    (1134, 146, 4, 'POL-ZM-963911', '2021-07-23', 1),
    (1135, 83, 4, 'POL-ZD-428908', '2019-12-17', 1),
    (1136, 132, 12, 'POL-BA-651910', '2019-02-15', 0),
    (1137, 157, 5, 'POL-ZX-612559', '2020-10-16', 1),
    (1138, 17, 9, 'POL-HA-037129', '2021-10-11', 1),
    (1139, 194, 2, 'POL-GB-906830', '2019-05-24', 0),
    (1140, 67, 2, 'POL-LV-396000', '2020-03-29', 0),
    (1141, 168, 4, 'POL-RW-938238', '2019-11-18', 1),
    (1142, 196, 4, 'POL-TT-651256', '2021-02-15', 0),
    (1143, 157, 6, 'POL-ZW-562506', '2022-06-15', 0),
    (1144, 138, 2, 'POL-UY-028557', '2020-10-22', 1),
    (1145, 105, 6, 'POL-XU-517477', '2022-01-10', 0),
    (1146, 194, 9, 'POL-SW-924788', '2021-09-17', 1),
    (1147, 53, 9, 'POL-PX-329066', '2022-03-20', 0),
    (1148, 182, 3, 'POL-DG-383458', '2022-01-14', 0),
    (1149, 209, 2, 'POL-VD-773689', '2022-01-10', 1),
    (1150, 160, 4, 'POL-QS-960925', '2020-03-30', 0),
    (1151, 182, 1, 'POL-MN-585002', '2019-03-27', 0),
    (1152, 247, 3, 'POL-YV-768134', '2022-10-18', 1),
    (1153, 155, 5, 'POL-RC-208344', '2018-04-09', 0),
    (1154, 10, 6, 'POL-AE-328318', '2023-11-24', 0),
    (1155, 70, 4, 'POL-XW-235439', '2022-06-06', 1),
    (1156, 45, 6, 'POL-XX-529566', '2021-01-08', 0),
    (1157, 104, 3, 'POL-MB-604448', '2022-07-11', 0),
    (1158, 55, 5, 'POL-PE-458737', '2020-06-28', 0),
    (1159, 231, 2, 'POL-SB-167831', '2018-03-20', 1),
    (1160, 247, 7, 'POL-SC-035923', '2020-09-10', 1),
    (1161, 11, 10, 'POL-GF-449923', '2023-06-13', 0),
    (1162, 64, 12, 'POL-DA-447572', '2023-04-19', 0),
    (1163, 49, 11, 'POL-HY-735235', '2023-08-02', 0),
    (1164, 55, 3, 'POL-FJ-594287', '2018-02-11', 0),
    (1165, 233, 3, 'POL-EZ-865210', '2022-04-14', 0),
    (1166, 144, 2, 'POL-SB-139629', '2019-10-24', 0),
    (1167, 87, 6, 'POL-PL-406891', '2019-01-11', 0),
    (1168, 249, 7, 'POL-AX-397475', '2022-12-08', 0),
    (1169, 202, 3, 'POL-AL-931092', '2022-06-28', 0),
    (1170, 28, 3, 'POL-JV-494859', '2018-09-13', 0),
    (1171, 171, 10, 'POL-JV-210960', '2022-04-21', 0),
    (1172, 260, 1, 'POL-SY-971025', '2023-02-05', 0),
    (1173, 7, 9, 'POL-YL-030512', '2021-03-28', 1),
    (1174, 144, 5, 'POL-SR-282385', '2021-12-28', 1),
    (1175, 156, 2, 'POL-BS-720624', '2023-05-25', 0),
    (1176, 72, 4, 'POL-PW-382276', '2023-08-03', 1),
    (1177, 158, 6, 'POL-HA-470958', '2018-10-30', 0),
    (1178, 162, 4, 'POL-UL-124961', '2019-12-14', 1),
    (1179, 23, 8, 'POL-QD-005564', '2023-10-02', 0),
    (1180, 141, 4, 'POL-LL-462196', '2018-08-22', 0),
    (1181, 56, 11, 'POL-LF-826071', '2022-10-12', 0),
    (1182, 50, 3, 'POL-PV-631104', '2020-12-02', 1),
    (1183, 32, 11, 'POL-CF-824701', '2020-12-10', 0),
    (1184, 225, 1, 'POL-XG-149464', '2022-09-18', 0),
    (1185, 63, 6, 'POL-PM-240411', '2022-07-26', 1),
    (1186, 194, 10, 'POL-HB-282637', '2022-07-02', 0),
    (1187, 224, 1, 'POL-UY-335088', '2023-12-12', 0),
    (1188, 17, 10, 'POL-XL-463658', '2021-08-09', 1),
    (1189, 99, 5, 'POL-RX-731772', '2022-05-28', 1),
    (1190, 16, 3, 'POL-GL-490631', '2019-07-04', 1),
    (1191, 136, 6, 'POL-RJ-269989', '2019-01-03', 0),
    (1192, 131, 4, 'POL-VW-804664', '2023-03-06', 0),
    (1193, 241, 2, 'POL-SX-779179', '2019-08-17', 1),
    (1194, 71, 6, 'POL-DY-568451', '2019-11-14', 0),
    (1195, 9, 10, 'POL-CV-740517', '2019-02-28', 0),
    (1196, 243, 1, 'POL-FC-087563', '2022-01-19', 1),
    (1197, 49, 6, 'POL-HA-343061', '2022-10-22', 0),
    (1198, 90, 2, 'POL-LL-651275', '2019-12-10', 0),
    (1199, 74, 2, 'POL-NN-767934', '2020-09-29', 0),
    (1200, 71, 7, 'POL-VX-949104', '2018-02-04', 0);

INSERT INTO "treatment_plans" ("treatment_plan_id", "patient_id", "therapist_id", "diagnosis_code", "start_date", "authorized_visits", "status") VALUES
    (1, 6, 169, 'M11.7', '2022-09-23', 5, 'Completed'),
    (2, 39, 14, 'M60.9', '2024-08-30', 35, 'Active'),
    (3, 90, 177, 'M53.3', '2024-03-17', 8, 'Completed'),
    (4, 4, 14, 'M74.2', '2023-06-22', 18, 'On Hold'),
    (5, 7, 8, 'M71.5', '2023-04-03', 26, 'Active'),
    (6, 42, 97, 'M49.4', '2021-08-29', 13, 'Completed'),
    (7, 114, 1, 'M05.2', '2022-05-22', 8, 'Cancelled'),
    (8, 1, 4, 'M58.3', '2024-04-06', 11, 'Completed'),
    (9, 101, 4, 'M58.2', '2021-12-17', 22, 'Active'),
    (10, 189, 216, 'M08.6', '2021-08-24', 25, 'Discharged'),
    (11, 211, 177, 'M92.5', '2024-03-12', 29, 'Completed'),
    (12, 168, 33, 'M46.9', '2024-04-09', 26, 'On Hold'),
    (13, 8, 5, 'M93.8', '2022-06-26', 32, 'Discharged'),
    (14, 144, 9, 'M07.1', '2024-02-09', 7, 'Active'),
    (15, 4, 10, 'M04.1', '2024-04-07', 19, 'Completed'),
    (16, 132, 10, 'M55.3', '2024-06-25', 11, 'On Hold'),
    (17, 11, 15, 'M50.0', '2024-05-29', 27, 'Active'),
    (18, 213, 36, 'M45.1', '2024-08-30', 10, 'Discharged'),
    (19, 19, 102, 'M47.3', '2023-07-07', 6, 'Discharged'),
    (20, 102, 18, 'M34.3', '2024-11-07', 10, 'Active'),
    (21, 10, 2, 'M06.7', '2024-06-06', 23, 'Active'),
    (22, 17, 1, 'M21.9', '2025-01-09', 6, 'Completed'),
    (23, 117, 193, 'M24.7', '2025-02-24', 25, 'On Hold'),
    (24, 40, 1, 'M31.3', '2024-01-18', 19, 'Completed'),
    (25, 1, 35, 'M97.1', '2024-11-12', 21, 'Completed'),
    (26, 6, 156, 'M69.7', '2023-12-07', 14, 'Discharged'),
    (27, 153, 51, 'M99.7', '2023-07-15', 11, 'On Hold'),
    (28, 28, 12, 'M58.0', '2023-08-10', 16, 'Discharged'),
    (29, 6, 2, 'M04.1', '2023-10-28', 30, 'Active'),
    (30, 149, 33, 'M45.7', '2023-11-07', 35, 'Discharged'),
    (31, 1, 220, 'M74.7', '2025-01-30', 31, 'On Hold'),
    (32, 160, 212, 'M07.0', '2022-12-30', 32, 'Cancelled'),
    (33, 122, 219, 'M44.2', '2024-12-16', 11, 'Cancelled'),
    (34, 10, 22, 'M72.6', '2023-10-06', 27, 'On Hold'),
    (35, 205, 1, 'M65.5', '2024-09-09', 31, 'Active'),
    (36, 240, 47, 'M32.0', '2024-12-25', 34, 'On Hold'),
    (37, 19, 1, 'M54.9', '2024-08-26', 4, 'On Hold'),
    (38, 17, 12, 'M65.5', '2024-07-01', 26, 'Cancelled'),
    (39, 2, 52, 'M60.4', '2024-04-02', 12, 'Completed'),
    (40, 4, 11, 'M87.0', '2022-04-04', 26, 'Active'),
    (41, 219, 63, 'M67.5', '2024-12-12', 27, 'On Hold'),
    (42, 1, 2, 'M92.9', '2023-11-08', 26, 'Cancelled'),
    (43, 92, 38, 'M24.6', '2024-02-06', 26, 'Active'),
    (44, 2, 2, 'M41.2', '2023-12-31', 29, 'Completed'),
    (45, 97, 72, 'M88.7', '2025-01-17', 20, 'Completed'),
    (46, 109, 31, 'M24.0', '2024-11-08', 23, 'Active'),
    (47, 195, 3, 'M95.3', '2024-11-10', 8, 'Completed'),
    (48, 8, 190, 'M42.0', '2024-08-29', 31, 'Discharged'),
    (49, 1, 5, 'M28.7', '2024-09-26', 5, 'Completed'),
    (50, 99, 8, 'M23.8', '2024-01-27', 5, 'Discharged'),
    (51, 1, 13, 'M86.3', '2024-12-07', 17, 'Active'),
    (52, 155, 7, 'M93.1', '2024-10-29', 29, 'Active'),
    (53, 221, 1, 'M33.1', '2024-05-07', 13, 'Discharged'),
    (54, 25, 249, 'M24.2', '2024-08-31', 25, 'Completed'),
    (55, 239, 145, 'M18.6', '2023-02-04', 9, 'Cancelled'),
    (56, 24, 10, 'M75.2', '2024-06-21', 21, 'Active'),
    (57, 1, 90, 'M84.1', '2023-06-24', 19, 'Active'),
    (58, 90, 57, 'M18.2', '2022-09-14', 5, 'Completed'),
    (59, 4, 137, 'M90.8', '2021-06-20', 8, 'On Hold'),
    (60, 138, 61, 'M70.3', '2024-01-02', 34, 'Discharged'),
    (61, 19, 183, 'M68.5', '2024-08-13', 28, 'Completed'),
    (62, 196, 1, 'M05.5', '2023-11-21', 27, 'Completed'),
    (63, 71, 4, 'M93.2', '2022-12-02', 10, 'Active'),
    (64, 27, 12, 'M21.3', '2021-04-29', 9, 'Completed'),
    (65, 16, 134, 'M02.1', '2021-11-24', 11, 'Active'),
    (66, 176, 7, 'M38.5', '2024-11-22', 22, 'Completed'),
    (67, 67, 30, 'M83.6', '2025-03-12', 23, 'Completed'),
    (68, 4, 20, 'M36.1', '2023-01-05', 12, 'Cancelled'),
    (69, 77, 162, 'M33.6', '2022-08-18', 7, 'Active'),
    (70, 10, 199, 'M21.6', '2023-08-12', 7, 'Discharged'),
    (71, 67, 196, 'M35.2', '2024-05-22', 11, 'Active'),
    (72, 1, 144, 'M79.7', '2021-10-08', 22, 'Completed'),
    (73, 12, 107, 'M68.3', '2024-05-27', 31, 'Discharged'),
    (74, 2, 11, 'M89.9', '2023-04-16', 31, 'Completed'),
    (75, 18, 40, 'M89.9', '2023-09-11', 15, 'Completed'),
    (76, 4, 81, 'M70.5', '2024-02-04', 30, 'Active'),
    (77, 123, 3, 'M61.0', '2023-02-07', 32, 'Completed'),
    (78, 36, 18, 'M45.1', '2024-06-23', 22, 'On Hold'),
    (79, 10, 196, 'M05.4', '2021-09-20', 28, 'Completed'),
    (80, 120, 20, 'M08.2', '2022-12-27', 9, 'Active'),
    (81, 70, 2, 'M97.5', '2024-06-05', 29, 'Active'),
    (82, 191, 23, 'M95.0', '2024-04-10', 30, 'On Hold'),
    (83, 112, 48, 'M13.9', '2025-02-11', 28, 'Completed'),
    (84, 193, 55, 'M82.5', '2024-12-14', 15, 'Active'),
    (85, 143, 50, 'M14.5', '2024-07-14', 17, 'Active'),
    (86, 4, 239, 'M06.8', '2022-06-11', 19, 'Active'),
    (87, 6, 15, 'M46.4', '2023-01-10', 14, 'Discharged'),
    (88, 3, 107, 'M97.3', '2023-11-26', 11, 'Active'),
    (89, 150, 23, 'M85.0', '2024-09-26', 14, 'On Hold'),
    (90, 29, 10, 'M35.2', '2022-10-17', 9, 'Discharged'),
    (91, 126, 35, 'M90.1', '2023-07-09', 21, 'Completed'),
    (92, 28, 71, 'M82.3', '2024-08-11', 13, 'Cancelled'),
    (93, 21, 8, 'M02.3', '2025-03-10', 20, 'Active'),
    (94, 255, 72, 'M24.5', '2022-02-14', 11, 'Cancelled'),
    (95, 1, 52, 'M08.7', '2023-02-16', 27, 'Completed'),
    (96, 8, 2, 'M34.3', '2023-03-05', 36, 'Active'),
    (97, 160, 8, 'M89.2', '2024-04-23', 30, 'Completed'),
    (98, 20, 80, 'M70.4', '2021-06-23', 34, 'Discharged'),
    (99, 14, 51, 'M42.2', '2024-04-08', 30, 'Discharged'),
    (100, 10, 1, 'M14.4', '2024-07-27', 35, 'Active'),
    (101, 96, 2, 'M07.1', '2024-01-29', 7, 'Completed'),
    (102, 2, 55, 'M63.1', '2022-01-06', 18, 'Active'),
    (103, 10, 25, 'M05.5', '2024-04-24', 8, 'Cancelled'),
    (104, 5, 59, 'M01.8', '2024-03-16', 5, 'Discharged'),
    (105, 3, 102, 'M50.6', '2024-10-08', 10, 'Active'),
    (106, 1, 14, 'M32.8', '2024-12-21', 22, 'On Hold'),
    (107, 72, 3, 'M92.7', '2024-05-27', 6, 'Discharged'),
    (108, 224, 139, 'M30.2', '2025-02-10', 23, 'Active'),
    (109, 1, 147, 'M78.4', '2025-01-31', 31, 'On Hold'),
    (110, 24, 174, 'M73.0', '2022-05-06', 26, 'On Hold'),
    (111, 151, 259, 'M93.8', '2022-05-16', 18, 'Discharged'),
    (112, 128, 29, 'M55.6', '2023-12-15', 33, 'Active'),
    (113, 85, 112, 'M31.1', '2023-06-22', 12, 'Completed'),
    (114, 83, 2, 'M15.1', '2022-05-05', 31, 'Completed'),
    (115, 151, 2, 'M78.0', '2024-01-09', 6, 'On Hold'),
    (116, 12, 65, 'M02.3', '2024-11-06', 21, 'Cancelled'),
    (117, 163, 96, 'M75.0', '2025-03-08', 29, 'Active'),
    (118, 47, 11, 'M15.5', '2024-10-12', 34, 'Active'),
    (119, 231, 24, 'M76.9', '2022-06-23', 29, 'Discharged'),
    (120, 2, 61, 'M31.8', '2023-10-28', 21, 'Completed'),
    (121, 92, 12, 'M76.6', '2024-12-06', 15, 'Discharged'),
    (122, 252, 59, 'M66.7', '2024-07-31', 29, 'Active'),
    (123, 162, 29, 'M31.9', '2023-04-24', 31, 'Active'),
    (124, 34, 25, 'M73.7', '2025-01-24', 29, 'On Hold'),
    (125, 252, 1, 'M07.1', '2021-09-27', 22, 'Cancelled'),
    (126, 3, 39, 'M24.3', '2022-09-19', 10, 'Active'),
    (127, 92, 57, 'M89.0', '2024-11-30', 21, 'Completed'),
    (128, 185, 1, 'M40.2', '2024-10-14', 9, 'Active'),
    (129, 68, 13, 'M18.1', '2023-12-19', 25, 'Active'),
    (130, 111, 135, 'M83.9', '2024-07-24', 26, 'Cancelled'),
    (131, 31, 2, 'M90.0', '2022-12-25', 5, 'Completed'),
    (132, 36, 6, 'M48.5', '2024-06-23', 9, 'Active'),
    (133, 22, 110, 'M90.4', '2024-05-16', 4, 'Discharged'),
    (134, 14, 197, 'M14.4', '2023-01-30', 6, 'Discharged'),
    (135, 82, 55, 'M22.7', '2025-01-08', 11, 'Active'),
    (136, 62, 30, 'M32.5', '2025-01-24', 21, 'On Hold'),
    (137, 19, 77, 'M65.2', '2024-04-14', 31, 'Discharged'),
    (138, 21, 7, 'M01.4', '2023-03-26', 15, 'Active'),
    (139, 208, 114, 'M82.2', '2023-08-15', 15, 'On Hold'),
    (140, 95, 6, 'M03.6', '2024-03-09', 10, 'Active'),
    (141, 1, 5, 'M02.9', '2025-01-28', 32, 'Discharged'),
    (142, 142, 45, 'M68.4', '2024-11-07', 28, 'Completed'),
    (143, 66, 156, 'M84.2', '2024-04-17', 5, 'Discharged'),
    (144, 44, 62, 'M62.5', '2023-04-08', 17, 'Active'),
    (145, 31, 7, 'M66.5', '2023-06-25', 15, 'Active'),
    (146, 16, 66, 'M82.5', '2024-01-23', 7, 'Completed'),
    (147, 46, 147, 'M31.2', '2024-09-29', 30, 'Active'),
    (148, 207, 19, 'M05.5', '2024-11-20', 34, 'Active'),
    (149, 200, 120, 'M82.5', '2024-08-28', 16, 'Discharged'),
    (150, 5, 8, 'M90.3', '2023-04-25', 16, 'Cancelled'),
    (151, 52, 11, 'M35.6', '2023-06-05', 8, 'Active'),
    (152, 5, 16, 'M39.9', '2023-12-25', 15, 'On Hold'),
    (153, 6, 59, 'M08.7', '2024-12-08', 15, 'Discharged'),
    (154, 25, 141, 'M02.0', '2025-01-30', 12, 'Completed'),
    (155, 174, 237, 'M47.2', '2024-11-10', 28, 'Cancelled'),
    (156, 184, 2, 'M48.8', '2023-09-29', 13, 'Active'),
    (157, 41, 22, 'M37.6', '2023-10-15', 13, 'On Hold'),
    (158, 52, 33, 'M54.9', '2023-08-04', 20, 'Active'),
    (159, 33, 190, 'M90.4', '2024-02-27', 32, 'Cancelled'),
    (160, 15, 1, 'M89.8', '2024-09-16', 21, 'Discharged'),
    (161, 52, 1, 'M60.6', '2022-10-05', 6, 'Completed'),
    (162, 4, 1, 'M31.7', '2024-12-25', 16, 'Active'),
    (163, 6, 3, 'M92.5', '2021-10-24', 25, 'Active'),
    (164, 1, 1, 'M44.9', '2024-10-26', 32, 'Completed'),
    (165, 9, 45, 'M29.6', '2024-12-23', 17, 'Active'),
    (166, 3, 25, 'M73.4', '2023-11-09', 17, 'Discharged'),
    (167, 1, 11, 'M62.0', '2024-04-08', 18, 'Active'),
    (168, 169, 2, 'M02.1', '2023-07-22', 8, 'Active'),
    (169, 7, 50, 'M92.1', '2024-08-23', 24, 'On Hold'),
    (170, 22, 26, 'M16.2', '2024-03-11', 9, 'On Hold'),
    (171, 66, 28, 'M47.7', '2024-03-06', 25, 'Discharged'),
    (172, 132, 55, 'M18.2', '2025-03-19', 20, 'Active'),
    (173, 4, 1, 'M31.2', '2021-05-27', 34, 'Active'),
    (174, 33, 30, 'M82.2', '2025-02-08', 16, 'Active'),
    (175, 10, 48, 'M54.5', '2022-05-05', 22, 'Active'),
    (176, 11, 39, 'M07.3', '2024-10-22', 27, 'Discharged'),
    (177, 5, 2, 'M94.5', '2024-01-08', 9, 'Discharged'),
    (178, 43, 25, 'M73.9', '2023-01-14', 15, 'Active'),
    (179, 33, 2, 'M33.4', '2024-08-03', 26, 'Active'),
    (180, 1, 10, 'M95.6', '2023-12-30', 22, 'Active'),
    (181, 48, 119, 'M09.0', '2024-09-18', 35, 'Discharged'),
    (182, 102, 132, 'M71.2', '2024-11-17', 19, 'Active'),
    (183, 142, 76, 'M26.7', '2024-10-20', 15, 'On Hold'),
    (184, 114, 8, 'M66.6', '2022-07-09', 33, 'Active'),
    (185, 167, 3, 'M12.3', '2024-11-11', 35, 'Active'),
    (186, 67, 48, 'M32.6', '2023-01-09', 16, 'Discharged'),
    (187, 129, 254, 'M07.7', '2024-02-23', 8, 'Discharged'),
    (188, 10, 4, 'M71.9', '2024-05-29', 15, 'Cancelled'),
    (189, 22, 76, 'M24.2', '2023-06-23', 10, 'Completed'),
    (190, 155, 230, 'M14.4', '2023-03-07', 30, 'Cancelled'),
    (191, 12, 82, 'M80.2', '2022-05-30', 13, 'Active'),
    (192, 100, 20, 'M48.2', '2021-12-26', 24, 'On Hold'),
    (193, 2, 13, 'M49.2', '2023-01-07', 4, 'Active'),
    (194, 136, 4, 'M47.7', '2022-11-18', 35, 'Completed'),
    (195, 140, 44, 'M07.0', '2023-08-27', 14, 'Active'),
    (196, 5, 12, 'M23.4', '2022-05-16', 17, 'Active'),
    (197, 17, 7, 'M56.8', '2023-08-23', 7, 'Discharged'),
    (198, 2, 1, 'M53.7', '2025-01-23', 21, 'Discharged'),
    (199, 13, 116, 'M19.6', '2022-03-27', 14, 'Active'),
    (200, 2, 59, 'M25.1', '2025-01-14', 11, 'Active');

INSERT INTO "treatment_plans" ("treatment_plan_id", "patient_id", "therapist_id", "diagnosis_code", "start_date", "authorized_visits", "status") VALUES
    (201, 22, 4, 'M74.0', '2022-07-05', 7, 'On Hold'),
    (202, 188, 24, 'M01.9', '2023-10-10', 21, 'Active'),
    (203, 1, 2, 'M21.4', '2024-04-07', 26, 'Active'),
    (204, 30, 39, 'M41.3', '2025-01-09', 34, 'Completed'),
    (205, 7, 98, 'M69.9', '2022-11-16', 22, 'Active'),
    (206, 100, 8, 'M72.4', '2025-03-05', 16, 'Discharged'),
    (207, 1, 160, 'M90.2', '2025-03-26', 25, 'Cancelled'),
    (208, 17, 112, 'M00.5', '2023-11-24', 8, 'On Hold'),
    (209, 47, 255, 'M55.6', '2024-11-09', 4, 'Active'),
    (210, 7, 3, 'M63.4', '2025-01-13', 8, 'On Hold'),
    (211, 5, 49, 'M91.2', '2023-06-27', 17, 'On Hold'),
    (212, 26, 5, 'M42.3', '2024-04-13', 25, 'Discharged'),
    (213, 10, 6, 'M74.3', '2023-06-08', 32, 'Cancelled'),
    (214, 20, 230, 'M49.5', '2024-03-07', 11, 'On Hold'),
    (215, 5, 44, 'M19.7', '2024-06-20', 16, 'Cancelled'),
    (216, 6, 8, 'M08.8', '2024-12-08', 30, 'Active'),
    (217, 131, 14, 'M39.4', '2023-11-05', 30, 'Active'),
    (218, 100, 25, 'M41.5', '2022-10-17', 26, 'Discharged'),
    (219, 4, 78, 'M90.0', '2024-01-18', 6, 'Completed'),
    (220, 112, 57, 'M56.2', '2025-03-24', 34, 'Completed'),
    (221, 3, 3, 'M85.3', '2024-03-18', 16, 'Discharged'),
    (222, 19, 1, 'M26.5', '2024-09-08', 29, 'Active'),
    (223, 236, 63, 'M70.2', '2023-08-21', 23, 'On Hold'),
    (224, 10, 110, 'M38.4', '2022-04-14', 5, 'Active'),
    (225, 11, 8, 'M71.8', '2023-10-15', 11, 'Cancelled'),
    (226, 236, 13, 'M13.7', '2023-07-06', 5, 'Completed'),
    (227, 2, 12, 'M83.3', '2022-05-07', 19, 'Completed'),
    (228, 12, 71, 'M72.8', '2024-11-02', 24, 'Discharged'),
    (229, 44, 7, 'M38.5', '2021-06-19', 26, 'Discharged'),
    (230, 248, 7, 'M28.0', '2023-01-25', 7, 'Active'),
    (231, 58, 79, 'M91.4', '2024-10-28', 16, 'Cancelled'),
    (232, 120, 59, 'M39.6', '2022-01-23', 15, 'Discharged'),
    (233, 45, 112, 'M42.3', '2025-02-03', 16, 'Active'),
    (234, 15, 1, 'M80.2', '2025-03-18', 32, 'On Hold'),
    (235, 111, 1, 'M95.7', '2025-03-01', 16, 'Active'),
    (236, 75, 45, 'M78.8', '2022-03-08', 5, 'Active'),
    (237, 8, 6, 'M26.2', '2022-09-02', 7, 'Discharged'),
    (238, 134, 30, 'M03.6', '2022-12-06', 31, 'On Hold'),
    (239, 38, 59, 'M12.8', '2024-04-09', 5, 'Active'),
    (240, 155, 112, 'M03.2', '2023-02-28', 16, 'Active'),
    (241, 170, 68, 'M35.7', '2023-04-08', 9, 'Active'),
    (242, 43, 30, 'M03.3', '2024-01-04', 14, 'Cancelled'),
    (243, 232, 49, 'M19.5', '2025-02-23', 17, 'Active'),
    (244, 138, 142, 'M80.7', '2024-10-27', 31, 'On Hold'),
    (245, 147, 190, 'M49.2', '2024-10-23', 25, 'Active'),
    (246, 1, 10, 'M12.3', '2024-05-12', 33, 'On Hold'),
    (247, 12, 3, 'M94.7', '2022-05-22', 19, 'Active'),
    (248, 34, 99, 'M69.2', '2022-11-09', 5, 'Discharged'),
    (249, 16, 1, 'M10.3', '2024-06-06', 5, 'Completed'),
    (250, 3, 23, 'M27.5', '2024-08-25', 24, 'Completed'),
    (251, 128, 251, 'M53.1', '2022-05-11', 10, 'Active'),
    (252, 168, 2, 'M31.5', '2025-02-27', 28, 'On Hold'),
    (253, 72, 1, 'M36.4', '2022-04-15', 7, 'Active'),
    (254, 55, 7, 'M34.1', '2021-12-03', 5, 'Discharged'),
    (255, 2, 172, 'M84.7', '2025-03-01', 29, 'Active'),
    (256, 5, 6, 'M68.4', '2022-08-21', 8, 'Active'),
    (257, 66, 8, 'M53.9', '2024-09-12', 30, 'On Hold'),
    (258, 204, 2, 'M93.0', '2024-03-14', 31, 'Active'),
    (259, 183, 206, 'M61.3', '2023-05-29', 20, 'Completed'),
    (260, 106, 10, 'M99.9', '2024-01-31', 7, 'Cancelled');

INSERT INTO "appointments" ("appointment_id", "treatment_plan_id", "therapist_id", "clinic_id", "appointment_datetime", "status", "duration_minutes", "billed_amount") VALUES
    (1, 14, 1, 10, '2022-06-28 19:35:00', 'Rescheduled', 65, 76.08),
    (2, 111, 21, 8, '2021-04-22 10:55:00', 'In Progress', 63, 77.88),
    (3, 123, 69, 11, '2022-09-06 11:40:00', 'Completed', 87, 97.73),
    (4, 92, 31, 11, '2023-07-16 08:50:00', 'Rescheduled', 53, 92.37),
    (5, 69, 26, 6, '2021-02-06 09:45:00', 'Cancelled', 49, 93.05),
    (6, 4, 146, 6, '2021-01-06 12:00:00', 'Completed', 39, 91.98),
    (7, 44, 7, 11, '2024-12-05 14:25:00', 'Rescheduled', 60, 97.07),
    (8, 80, 118, 2, '2022-09-03 18:15:00', 'Cancelled', 56, 80.2),
    (9, 3, 108, 9, '2023-05-21 11:50:00', 'In Progress', 58, 81.16),
    (10, 8, 22, 10, '2025-01-31 15:00:00', 'No-Show', 51, 83.17),
    (11, 20, 18, 2, '2023-07-17 16:40:00', 'Completed', 48, 166.78),
    (12, 15, 215, 12, '2022-10-07 15:25:00', 'Rescheduled', 57, 86.1),
    (13, 155, 1, 7, '2022-07-07 18:25:00', 'Completed', 62, 92.0),
    (14, 36, 75, 3, '2025-06-22 19:30:00', 'Cancelled', 69, 92.11),
    (15, 2, 1, 2, '2025-04-07 11:00:00', 'No-Show', 52, 79.45),
    (16, 4, 179, 10, '2022-12-12 09:50:00', 'No-Show', 60, 90.62),
    (17, 112, 64, 4, '2021-05-08 07:45:00', 'No-Show', 64, 80.32),
    (18, 15, 8, 6, '2021-04-17 08:10:00', 'No-Show', 59, 103.29),
    (19, 133, 35, 10, '2024-06-18 19:20:00', 'Cancelled', 77, 167.32),
    (20, 178, 138, 6, '2022-05-25 10:55:00', 'Completed', 42, 81.67),
    (21, 1, 16, 6, '2021-06-17 09:00:00', 'Completed', 55, 79.24),
    (22, 125, 113, 5, '2023-11-16 19:15:00', 'Completed', 51, 88.06),
    (23, 13, 109, 5, '2023-12-11 14:40:00', 'Rescheduled', 63, 80.99),
    (24, 56, 208, 10, '2022-01-02 17:45:00', 'Completed', 73, 75.75),
    (25, 67, 18, 6, '2023-06-06 19:00:00', 'No-Show', 65, 104.05),
    (26, 251, 245, 9, '2025-02-19 07:20:00', 'Cancelled', 39, 110.5),
    (27, 21, 1, 12, '2022-07-06 09:50:00', 'No-Show', 79, 396.64),
    (28, 2, 82, 6, '2023-10-25 19:50:00', 'Cancelled', 53, 122.94),
    (29, 179, 26, 5, '2024-11-10 07:55:00', 'In Progress', 60, 88.51),
    (30, 45, 51, 2, '2022-10-30 08:45:00', 'No-Show', 56, 111.14),
    (31, 252, 1, 8, '2025-05-26 13:30:00', 'No-Show', 46, 175.02),
    (32, 78, 4, 4, '2025-06-14 07:45:00', 'Completed', 50, 78.46),
    (33, 197, 1, 8, '2021-07-11 16:25:00', 'Completed', 58, 115.45),
    (34, 10, 27, 8, '2024-08-20 13:10:00', 'Rescheduled', 78, 304.93),
    (35, 73, 2, 6, '2025-06-25 14:50:00', 'Cancelled', 57, 81.97),
    (36, 54, 7, 10, '2021-11-28 10:30:00', 'Cancelled', 53, 203.73),
    (37, 58, 222, 12, '2024-03-26 07:15:00', 'Cancelled', 66, 122.88),
    (38, 2, 22, 8, '2024-04-18 17:00:00', 'No-Show', 63, 76.79),
    (39, 8, 230, 12, '2021-04-27 19:50:00', 'Cancelled', 62, 80.02),
    (40, 48, 89, 10, '2022-02-13 19:30:00', 'Completed', 52, 86.81),
    (41, 163, 1, 4, '2025-04-25 07:05:00', 'Completed', 61, 117.37),
    (42, 245, 94, 9, '2023-03-06 12:50:00', 'Completed', 58, 131.11),
    (43, 100, 22, 2, '2024-07-29 13:15:00', 'Rescheduled', 72, 100.72),
    (44, 108, 28, 4, '2022-12-16 16:45:00', 'No-Show', 42, 101.77),
    (45, 32, 151, 2, '2021-11-07 19:10:00', 'Cancelled', 90, 108.91),
    (46, 32, 4, 11, '2022-07-21 15:10:00', 'Completed', 57, 86.07),
    (47, 1, 21, 8, '2021-07-26 12:50:00', 'Completed', 79, 193.55),
    (48, 43, 71, 6, '2024-06-25 09:00:00', 'Rescheduled', 61, 124.27),
    (49, 35, 99, 8, '2023-12-20 10:55:00', 'In Progress', 64, 87.11),
    (50, 14, 199, 8, '2021-04-02 17:00:00', 'No-Show', 43, 107.31),
    (51, 206, 3, 12, '2023-08-12 17:35:00', 'No-Show', 58, 77.17),
    (52, 5, 181, 11, '2021-11-07 15:20:00', 'Rescheduled', 74, 111.01),
    (53, 2, 53, 12, '2024-12-30 13:05:00', 'Completed', 65, 135.26),
    (54, 53, 124, 12, '2023-04-07 16:45:00', 'In Progress', 50, 137.64),
    (55, 90, 8, 9, '2023-03-30 17:20:00', 'Cancelled', 61, 157.27),
    (56, 2, 3, 5, '2021-08-02 07:15:00', 'No-Show', 55, 372.9),
    (57, 1, 2, 5, '2021-08-18 11:15:00', 'No-Show', 55, 100.2),
    (58, 187, 152, 10, '2022-02-20 10:35:00', 'Cancelled', 52, 87.4),
    (59, 119, 24, 3, '2023-08-10 09:30:00', 'In Progress', 57, 86.35),
    (60, 72, 1, 3, '2021-12-12 16:10:00', 'Completed', 50, 120.76),
    (61, 3, 5, 5, '2024-11-17 12:05:00', 'In Progress', 73, 88.75),
    (62, 236, 1, 3, '2024-01-25 11:50:00', 'In Progress', 64, 84.57),
    (63, 3, 23, 12, '2022-06-03 10:25:00', 'Completed', 56, 91.13),
    (64, 97, 1, 9, '2023-05-17 15:45:00', 'Completed', 63, 82.68),
    (65, 22, 86, 5, '2022-03-18 19:00:00', 'No-Show', 65, 232.57),
    (66, 3, 3, 11, '2021-11-01 15:15:00', 'Cancelled', 70, 77.61),
    (67, 20, 12, 6, '2024-09-09 15:50:00', 'Cancelled', 57, 116.37),
    (68, 120, 43, 7, '2021-10-03 12:10:00', 'Completed', 54, 82.97),
    (69, 21, 34, 6, '2022-09-14 10:05:00', 'In Progress', 71, 303.99),
    (70, 18, 99, 7, '2024-07-23 18:20:00', 'Completed', 44, 80.36),
    (71, 12, 118, 11, '2024-05-09 17:30:00', 'Completed', 78, 142.81),
    (72, 23, 30, 10, '2023-06-11 11:05:00', 'Completed', 48, 129.87),
    (73, 92, 61, 8, '2022-12-13 07:15:00', 'No-Show', 64, 97.77),
    (74, 109, 46, 8, '2022-09-02 12:10:00', 'Completed', 74, 76.39),
    (75, 150, 44, 8, '2021-12-18 15:50:00', 'Cancelled', 63, 120.14),
    (76, 14, 15, 5, '2021-06-26 09:00:00', 'No-Show', 61, 115.12),
    (77, 62, 16, 1, '2025-04-17 08:30:00', 'Cancelled', 52, 103.75),
    (78, 91, 10, 10, '2023-09-07 15:35:00', 'In Progress', 58, 104.89),
    (79, 157, 82, 4, '2021-11-20 09:15:00', 'Completed', 54, 193.09),
    (80, 44, 227, 4, '2024-08-23 10:30:00', 'Rescheduled', 42, 101.38),
    (81, 117, 26, 3, '2024-05-30 08:00:00', 'Rescheduled', 69, 295.67),
    (82, 207, 15, 12, '2022-03-01 15:00:00', 'Completed', 68, 86.9),
    (83, 1, 75, 5, '2022-12-22 17:10:00', 'No-Show', 45, 112.22),
    (84, 18, 27, 1, '2021-11-14 10:40:00', 'No-Show', 58, 262.9),
    (85, 98, 118, 4, '2021-11-25 13:35:00', 'Cancelled', 58, 81.99),
    (86, 26, 188, 11, '2022-03-01 14:40:00', 'No-Show', 64, 96.76),
    (87, 3, 12, 9, '2024-06-10 19:10:00', 'Rescheduled', 58, 76.2),
    (88, 61, 90, 5, '2024-03-31 16:35:00', 'Rescheduled', 73, 105.68),
    (89, 161, 104, 8, '2022-12-27 12:15:00', 'Rescheduled', 60, 79.22),
    (90, 119, 3, 5, '2021-05-25 15:40:00', 'Rescheduled', 53, 178.41),
    (91, 14, 177, 4, '2022-09-02 18:30:00', 'In Progress', 60, 79.8),
    (92, 13, 101, 1, '2022-08-19 14:25:00', 'Rescheduled', 61, 133.64),
    (93, 7, 2, 12, '2021-10-13 16:20:00', 'Cancelled', 65, 94.55),
    (94, 31, 4, 1, '2022-02-20 13:10:00', 'In Progress', 50, 119.35),
    (95, 192, 38, 10, '2021-10-21 16:55:00', 'In Progress', 56, 101.22),
    (96, 78, 222, 9, '2023-04-01 14:15:00', 'No-Show', 73, 81.61),
    (97, 223, 1, 3, '2023-08-31 18:10:00', 'Completed', 37, 82.5),
    (98, 5, 6, 8, '2022-05-17 16:20:00', 'Completed', 73, 75.43),
    (99, 3, 24, 8, '2021-06-21 17:55:00', 'In Progress', 73, 114.16),
    (100, 120, 37, 6, '2023-06-27 18:10:00', 'Cancelled', 76, 108.07),
    (101, 7, 25, 3, '2022-05-28 17:20:00', 'No-Show', 63, 116.19),
    (102, 13, 3, 9, '2023-05-20 11:30:00', 'No-Show', 72, 92.99),
    (103, 50, 47, 7, '2021-03-18 10:20:00', 'Completed', 39, 400.0),
    (104, 196, 129, 3, '2021-06-15 19:45:00', 'Cancelled', 61, 253.71),
    (105, 193, 9, 12, '2025-05-22 16:30:00', 'Cancelled', 74, 83.66),
    (106, 166, 114, 9, '2022-11-09 09:50:00', 'Cancelled', 78, 87.22),
    (107, 194, 114, 12, '2024-10-25 16:10:00', 'Cancelled', 53, 262.17),
    (108, 74, 39, 10, '2021-12-28 09:40:00', 'In Progress', 71, 85.02),
    (109, 3, 57, 2, '2023-08-05 17:30:00', 'Rescheduled', 66, 124.04),
    (110, 108, 140, 10, '2024-03-23 16:30:00', 'No-Show', 69, 85.57),
    (111, 96, 110, 10, '2023-11-12 16:35:00', 'Cancelled', 57, 79.82),
    (112, 126, 114, 8, '2023-08-30 12:45:00', 'Cancelled', 52, 85.29),
    (113, 104, 17, 2, '2022-10-28 11:55:00', 'Completed', 77, 202.44),
    (114, 1, 84, 2, '2022-01-30 11:05:00', 'Completed', 63, 77.63),
    (115, 4, 167, 10, '2024-12-27 07:20:00', 'Cancelled', 46, 94.68),
    (116, 35, 30, 1, '2021-12-07 11:15:00', 'Completed', 59, 82.04),
    (117, 248, 33, 6, '2021-06-23 19:15:00', 'Completed', 64, 85.87),
    (118, 246, 20, 1, '2023-11-04 10:15:00', 'Completed', 66, 400.0),
    (119, 3, 79, 9, '2023-09-24 13:20:00', 'No-Show', 54, 77.37),
    (120, 11, 4, 3, '2024-12-05 07:10:00', 'Completed', 42, 77.45),
    (121, 21, 6, 1, '2022-04-10 11:55:00', 'No-Show', 73, 112.2),
    (122, 3, 5, 8, '2025-03-10 14:40:00', 'Rescheduled', 70, 89.96),
    (123, 136, 85, 7, '2023-11-20 12:25:00', 'No-Show', 57, 95.99),
    (124, 88, 49, 5, '2021-09-30 11:45:00', 'Rescheduled', 69, 95.91),
    (125, 28, 51, 5, '2023-09-10 17:50:00', 'Rescheduled', 62, 168.74),
    (126, 1, 26, 5, '2022-11-22 19:40:00', 'Completed', 79, 98.73),
    (127, 9, 8, 7, '2023-05-04 11:35:00', 'Cancelled', 69, 136.13),
    (128, 51, 3, 3, '2025-02-23 18:20:00', 'Completed', 63, 392.42),
    (129, 61, 7, 12, '2021-12-11 09:55:00', 'Cancelled', 57, 88.93),
    (130, 15, 5, 6, '2024-08-10 08:35:00', 'Cancelled', 58, 78.44),
    (131, 3, 93, 10, '2021-08-18 11:25:00', 'Completed', 67, 136.08),
    (132, 57, 216, 12, '2022-03-11 15:20:00', 'Completed', 59, 88.13),
    (133, 1, 3, 7, '2024-10-06 09:30:00', 'Completed', 68, 98.09),
    (134, 85, 1, 2, '2024-09-19 09:15:00', 'Completed', 64, 153.64),
    (135, 2, 39, 1, '2024-02-21 09:55:00', 'In Progress', 49, 79.7),
    (136, 75, 72, 8, '2024-12-15 07:35:00', 'No-Show', 66, 114.13),
    (137, 3, 13, 11, '2023-07-13 08:10:00', 'Cancelled', 72, 80.76),
    (138, 176, 2, 10, '2022-01-01 11:25:00', 'Completed', 62, 98.01),
    (139, 248, 7, 11, '2023-11-10 19:45:00', 'Cancelled', 58, 96.3),
    (140, 163, 28, 5, '2023-04-17 18:10:00', 'No-Show', 54, 98.26),
    (141, 96, 1, 9, '2021-05-09 08:55:00', 'Rescheduled', 67, 104.38),
    (142, 18, 122, 12, '2024-12-22 18:35:00', 'Completed', 55, 82.4),
    (143, 5, 128, 1, '2025-04-10 19:45:00', 'Completed', 73, 131.89),
    (144, 64, 25, 9, '2023-01-25 10:25:00', 'Completed', 56, 114.37),
    (145, 14, 141, 12, '2024-03-17 17:45:00', 'No-Show', 54, 118.58),
    (146, 253, 235, 7, '2023-10-15 08:05:00', 'No-Show', 55, 75.64),
    (147, 234, 4, 9, '2024-12-15 07:20:00', 'Rescheduled', 56, 105.83),
    (148, 96, 1, 4, '2021-03-30 10:50:00', 'Completed', 63, 93.38),
    (149, 57, 65, 3, '2022-11-03 12:35:00', 'In Progress', 73, 97.06),
    (150, 13, 2, 10, '2024-11-03 07:45:00', 'Completed', 61, 75.48),
    (151, 89, 4, 8, '2023-10-02 09:35:00', 'Completed', 36, 121.26),
    (152, 1, 36, 3, '2025-04-09 09:05:00', 'Completed', 72, 86.4),
    (153, 4, 32, 4, '2021-05-14 16:00:00', 'Completed', 61, 109.46),
    (154, 39, 13, 6, '2022-01-16 12:50:00', 'Rescheduled', 61, 174.2),
    (155, 25, 49, 10, '2023-05-19 18:10:00', 'Completed', 65, 79.23),
    (156, 249, 16, 9, '2024-01-05 10:45:00', 'In Progress', 74, 82.63),
    (157, 194, 8, 11, '2025-01-02 10:05:00', 'Completed', 57, 122.41),
    (158, 203, 43, 4, '2024-04-06 07:00:00', 'No-Show', 66, 400.0),
    (159, 82, 1, 7, '2023-10-08 11:00:00', 'No-Show', 75, 109.53),
    (160, 42, 5, 9, '2023-12-12 16:15:00', 'Completed', 64, 80.03),
    (161, 179, 4, 4, '2022-08-06 14:50:00', 'Completed', 60, 75.75),
    (162, 56, 20, 5, '2022-05-31 14:20:00', 'Completed', 63, 81.02),
    (163, 25, 10, 8, '2023-11-08 08:30:00', 'Completed', 59, 181.35),
    (164, 127, 72, 7, '2021-11-23 07:45:00', 'In Progress', 71, 102.94),
    (165, 9, 43, 1, '2022-04-11 12:10:00', 'Rescheduled', 64, 94.34),
    (166, 176, 2, 12, '2023-09-11 10:10:00', 'No-Show', 72, 80.92),
    (167, 83, 20, 7, '2022-12-05 18:40:00', 'No-Show', 57, 83.18),
    (168, 229, 1, 7, '2025-05-07 14:10:00', 'No-Show', 55, 92.65),
    (169, 60, 81, 8, '2023-12-29 08:35:00', 'Rescheduled', 60, 91.06),
    (170, 148, 4, 7, '2021-09-21 16:45:00', 'Rescheduled', 58, 99.24),
    (171, 60, 8, 3, '2021-11-14 17:20:00', 'No-Show', 61, 157.02),
    (172, 188, 1, 10, '2025-05-22 11:00:00', 'Cancelled', 64, 179.0),
    (173, 14, 70, 4, '2024-11-06 19:40:00', 'Rescheduled', 53, 103.96),
    (174, 45, 240, 7, '2022-04-22 14:15:00', 'Completed', 75, 215.82),
    (175, 45, 18, 6, '2023-07-17 12:25:00', 'Cancelled', 48, 86.41),
    (176, 2, 194, 9, '2025-06-11 13:45:00', 'Rescheduled', 83, 77.97),
    (177, 207, 249, 2, '2024-02-18 12:10:00', 'In Progress', 58, 75.29),
    (178, 186, 3, 9, '2023-04-29 14:50:00', 'No-Show', 67, 87.72),
    (179, 230, 4, 5, '2022-09-18 09:15:00', 'Completed', 65, 118.66),
    (180, 7, 175, 9, '2024-09-12 18:10:00', 'Completed', 65, 91.39),
    (181, 3, 14, 8, '2022-12-08 18:40:00', 'No-Show', 79, 124.91),
    (182, 42, 53, 3, '2024-11-25 09:40:00', 'Completed', 55, 97.73),
    (183, 257, 7, 12, '2022-04-06 17:45:00', 'Completed', 58, 75.57),
    (184, 64, 179, 3, '2021-03-27 12:05:00', 'Completed', 61, 89.89),
    (185, 7, 159, 5, '2022-09-18 12:15:00', 'No-Show', 51, 183.17),
    (186, 130, 19, 10, '2023-07-25 13:20:00', 'Rescheduled', 60, 94.23),
    (187, 19, 7, 9, '2023-08-23 10:30:00', 'No-Show', 61, 85.8),
    (188, 167, 1, 10, '2023-10-25 17:50:00', 'Cancelled', 69, 131.47),
    (189, 87, 57, 9, '2024-03-27 15:50:00', 'Rescheduled', 53, 102.77),
    (190, 10, 83, 2, '2024-07-20 14:05:00', 'In Progress', 68, 77.01),
    (191, 166, 29, 4, '2024-09-24 16:20:00', 'No-Show', 51, 94.02),
    (192, 81, 117, 6, '2023-08-14 10:30:00', 'No-Show', 63, 88.93),
    (193, 1, 5, 3, '2022-12-26 16:55:00', 'Completed', 59, 208.51),
    (194, 19, 165, 12, '2023-09-10 09:00:00', 'Completed', 58, 90.77),
    (195, 2, 160, 2, '2024-11-30 16:45:00', 'Rescheduled', 58, 122.98),
    (196, 40, 25, 8, '2023-12-02 15:15:00', 'In Progress', 46, 97.32),
    (197, 103, 67, 5, '2023-01-18 08:35:00', 'Completed', 64, 124.05),
    (198, 10, 229, 6, '2023-03-28 08:30:00', 'In Progress', 72, 114.3),
    (199, 1, 81, 8, '2021-12-23 10:25:00', 'Completed', 65, 88.22),
    (200, 3, 199, 1, '2021-04-06 08:50:00', 'No-Show', 66, 81.84);

INSERT INTO "appointments" ("appointment_id", "treatment_plan_id", "therapist_id", "clinic_id", "appointment_datetime", "status", "duration_minutes", "billed_amount") VALUES
    (201, 2, 10, 1, '2023-12-05 07:25:00', 'No-Show', 52, 78.14),
    (202, 8, 85, 2, '2023-06-06 17:00:00', 'Cancelled', 71, 77.49),
    (203, 154, 68, 11, '2021-06-23 08:50:00', 'Completed', 69, 77.18),
    (204, 4, 68, 3, '2021-07-23 17:05:00', 'Completed', 55, 89.65),
    (205, 57, 89, 8, '2021-08-27 08:05:00', 'Completed', 48, 125.37),
    (206, 84, 11, 3, '2023-03-15 09:55:00', 'Completed', 57, 77.36),
    (207, 15, 79, 2, '2022-04-16 10:35:00', 'No-Show', 73, 106.28),
    (208, 2, 2, 10, '2022-08-21 17:20:00', 'Cancelled', 43, 99.42),
    (209, 4, 3, 12, '2022-01-02 19:05:00', 'Cancelled', 61, 97.11),
    (210, 238, 227, 2, '2023-12-29 15:05:00', 'Cancelled', 55, 251.55),
    (211, 209, 87, 6, '2022-03-03 15:40:00', 'No-Show', 53, 337.4),
    (212, 20, 2, 9, '2024-08-11 17:00:00', 'Rescheduled', 54, 78.36),
    (213, 74, 28, 7, '2024-05-15 13:50:00', 'No-Show', 58, 130.6),
    (214, 4, 31, 6, '2024-10-21 11:50:00', 'Cancelled', 60, 88.83),
    (215, 135, 42, 7, '2024-07-28 14:45:00', 'No-Show', 53, 98.15),
    (216, 114, 120, 6, '2023-11-02 12:05:00', 'Cancelled', 60, 89.23),
    (217, 30, 11, 5, '2023-05-15 15:10:00', 'Rescheduled', 51, 362.65),
    (218, 45, 70, 3, '2022-06-27 17:10:00', 'Completed', 61, 251.34),
    (219, 64, 185, 8, '2025-06-05 16:30:00', 'Completed', 63, 184.75),
    (220, 31, 1, 2, '2025-03-06 10:40:00', 'Rescheduled', 55, 173.25),
    (221, 31, 109, 7, '2024-12-17 17:05:00', 'Cancelled', 60, 100.42),
    (222, 44, 19, 4, '2024-02-10 13:30:00', 'Cancelled', 63, 78.09),
    (223, 24, 6, 11, '2023-05-25 17:05:00', 'No-Show', 51, 123.97),
    (224, 18, 12, 5, '2021-07-31 18:50:00', 'No-Show', 53, 133.77),
    (225, 1, 114, 3, '2021-07-02 11:35:00', 'Completed', 49, 83.36),
    (226, 59, 29, 1, '2021-10-21 08:45:00', 'No-Show', 41, 117.61),
    (227, 46, 53, 4, '2021-10-30 18:40:00', 'Rescheduled', 51, 87.91),
    (228, 4, 99, 6, '2023-12-04 11:05:00', 'Cancelled', 74, 77.18),
    (229, 116, 79, 6, '2025-01-06 16:15:00', 'Completed', 49, 101.3),
    (230, 99, 103, 3, '2025-02-08 15:45:00', 'Completed', 47, 111.2),
    (231, 260, 26, 5, '2025-06-26 14:10:00', 'Cancelled', 64, 99.34),
    (232, 60, 127, 10, '2021-01-10 15:40:00', 'Cancelled', 72, 221.43),
    (233, 11, 18, 7, '2024-05-01 18:25:00', 'No-Show', 45, 98.11),
    (234, 14, 118, 3, '2025-06-11 19:15:00', 'Completed', 68, 175.55),
    (235, 12, 98, 6, '2023-05-17 18:45:00', 'Completed', 59, 78.4),
    (236, 111, 1, 2, '2022-09-27 18:35:00', 'Completed', 49, 111.59),
    (237, 1, 255, 3, '2022-06-27 19:45:00', 'No-Show', 76, 86.92),
    (238, 111, 65, 7, '2021-09-26 16:50:00', 'Cancelled', 61, 117.44),
    (239, 9, 55, 6, '2024-01-07 13:25:00', 'Cancelled', 54, 83.93),
    (240, 3, 5, 11, '2023-10-14 18:00:00', 'Cancelled', 46, 78.2),
    (241, 161, 3, 6, '2022-04-15 07:35:00', 'Completed', 51, 83.89),
    (242, 65, 92, 10, '2022-06-01 12:15:00', 'In Progress', 72, 79.56),
    (243, 1, 2, 5, '2022-09-28 14:15:00', 'Completed', 53, 78.15),
    (244, 1, 211, 7, '2024-12-25 18:45:00', 'Rescheduled', 67, 79.46),
    (245, 1, 55, 10, '2022-07-07 15:20:00', 'Completed', 70, 130.1),
    (246, 116, 9, 5, '2024-12-25 12:05:00', 'Completed', 62, 86.27),
    (247, 40, 171, 11, '2023-12-15 17:40:00', 'Completed', 58, 92.22),
    (248, 26, 136, 9, '2024-07-28 13:10:00', 'No-Show', 56, 188.13),
    (249, 77, 1, 9, '2024-11-10 16:15:00', 'Rescheduled', 67, 89.98),
    (250, 115, 4, 12, '2025-01-19 10:15:00', 'Completed', 44, 400.0),
    (251, 229, 3, 5, '2024-12-09 12:05:00', 'No-Show', 62, 81.65),
    (252, 7, 87, 1, '2024-07-15 07:25:00', 'Completed', 50, 134.4),
    (253, 19, 4, 12, '2022-11-19 10:30:00', 'Completed', 56, 86.67),
    (254, 30, 144, 3, '2023-10-22 18:05:00', 'Completed', 73, 81.91),
    (255, 112, 15, 4, '2023-06-27 13:55:00', 'In Progress', 53, 83.38),
    (256, 78, 166, 3, '2021-02-04 17:35:00', 'Completed', 67, 104.43),
    (257, 102, 47, 9, '2024-09-19 10:20:00', 'Completed', 47, 81.42),
    (258, 2, 66, 10, '2025-01-08 16:25:00', 'Completed', 60, 83.58),
    (259, 3, 146, 12, '2024-09-08 17:35:00', 'Completed', 66, 86.89),
    (260, 48, 112, 8, '2022-04-14 17:10:00', 'Completed', 59, 90.58),
    (261, 1, 21, 7, '2024-03-09 07:00:00', 'No-Show', 72, 81.74),
    (262, 3, 161, 10, '2024-06-16 12:15:00', 'Cancelled', 72, 90.85),
    (263, 1, 238, 10, '2021-12-23 11:10:00', 'No-Show', 82, 105.9),
    (264, 6, 170, 7, '2021-10-31 13:30:00', 'Rescheduled', 69, 230.31),
    (265, 176, 19, 6, '2022-06-25 11:40:00', 'Completed', 54, 357.19),
    (266, 8, 15, 7, '2024-03-30 08:50:00', 'Completed', 67, 89.22),
    (267, 126, 49, 3, '2024-05-10 13:20:00', 'No-Show', 65, 133.76),
    (268, 93, 125, 6, '2022-11-25 09:50:00', 'Completed', 56, 135.58),
    (269, 60, 104, 2, '2022-11-24 13:35:00', 'Completed', 69, 103.64),
    (270, 54, 1, 3, '2022-12-08 15:55:00', 'In Progress', 74, 108.5),
    (271, 1, 15, 11, '2021-07-07 17:30:00', 'Cancelled', 66, 93.13),
    (272, 83, 1, 5, '2022-06-13 16:40:00', 'No-Show', 80, 76.63),
    (273, 212, 97, 5, '2021-08-20 16:00:00', 'No-Show', 59, 84.11),
    (274, 19, 36, 8, '2023-09-22 15:35:00', 'Rescheduled', 65, 79.63),
    (275, 238, 234, 11, '2023-04-17 17:50:00', 'Cancelled', 77, 214.22),
    (276, 125, 163, 11, '2022-08-09 17:35:00', 'Completed', 60, 243.49),
    (277, 34, 152, 11, '2022-10-05 11:10:00', 'In Progress', 54, 119.33),
    (278, 225, 112, 7, '2021-09-12 17:05:00', 'No-Show', 56, 138.88),
    (279, 17, 113, 3, '2023-12-25 12:40:00', 'Completed', 53, 79.59),
    (280, 4, 1, 11, '2025-04-21 07:00:00', 'No-Show', 54, 167.15),
    (281, 1, 34, 10, '2022-09-26 17:05:00', 'Completed', 57, 77.17),
    (282, 1, 165, 7, '2021-12-25 07:55:00', 'Completed', 71, 284.5),
    (283, 192, 73, 4, '2024-09-08 19:10:00', 'Rescheduled', 54, 79.68),
    (284, 186, 42, 8, '2023-07-03 13:20:00', 'Cancelled', 56, 209.45),
    (285, 9, 90, 9, '2023-09-04 15:50:00', 'No-Show', 60, 79.78),
    (286, 14, 2, 5, '2023-09-22 07:55:00', 'Cancelled', 59, 123.83),
    (287, 62, 105, 11, '2023-09-30 16:35:00', 'Completed', 45, 77.1),
    (288, 38, 123, 2, '2025-06-15 11:35:00', 'Completed', 61, 189.65),
    (289, 178, 102, 3, '2025-06-08 14:20:00', 'No-Show', 47, 76.62),
    (290, 8, 9, 1, '2022-02-16 16:25:00', 'Completed', 56, 85.15),
    (291, 26, 101, 12, '2022-06-02 09:30:00', 'No-Show', 48, 87.39),
    (292, 25, 20, 7, '2024-08-19 18:25:00', 'Completed', 65, 114.09),
    (293, 172, 176, 12, '2022-08-13 18:55:00', 'Rescheduled', 58, 105.81),
    (294, 26, 4, 10, '2023-12-19 08:50:00', 'Completed', 47, 83.09),
    (295, 3, 46, 3, '2021-10-07 17:20:00', 'Completed', 31, 154.6),
    (296, 126, 1, 12, '2022-12-09 16:55:00', 'Completed', 60, 118.92),
    (297, 130, 125, 7, '2021-03-17 16:50:00', 'Completed', 53, 186.57),
    (298, 105, 133, 1, '2023-06-03 09:55:00', 'In Progress', 65, 94.23),
    (299, 80, 71, 8, '2023-09-07 14:00:00', 'Cancelled', 60, 243.45),
    (300, 206, 22, 10, '2024-09-01 12:30:00', 'Rescheduled', 76, 96.04),
    (301, 18, 6, 10, '2021-02-07 19:50:00', 'No-Show', 79, 112.02),
    (302, 18, 6, 12, '2021-06-02 13:35:00', 'Completed', 66, 91.03),
    (303, 10, 90, 9, '2021-03-24 15:40:00', 'No-Show', 60, 295.12),
    (304, 169, 7, 10, '2022-03-21 12:05:00', 'In Progress', 61, 134.84),
    (305, 244, 156, 8, '2024-05-10 09:55:00', 'Rescheduled', 59, 75.77),
    (306, 62, 25, 12, '2022-05-01 17:45:00', 'Completed', 50, 176.35),
    (307, 17, 179, 9, '2022-10-07 08:40:00', 'Completed', 50, 250.3),
    (308, 23, 145, 7, '2022-09-30 09:15:00', 'Completed', 52, 189.44),
    (309, 4, 206, 2, '2023-10-01 13:20:00', 'In Progress', 74, 112.64),
    (310, 230, 23, 6, '2023-12-11 15:40:00', 'Rescheduled', 54, 86.51),
    (311, 65, 107, 5, '2023-06-26 09:00:00', 'No-Show', 54, 77.02),
    (312, 217, 95, 3, '2025-03-09 07:35:00', 'Cancelled', 63, 78.08),
    (313, 1, 29, 5, '2022-03-02 17:10:00', 'No-Show', 32, 81.96),
    (314, 20, 128, 12, '2024-07-05 17:55:00', 'Completed', 69, 81.13),
    (315, 196, 201, 1, '2021-05-13 16:50:00', 'Rescheduled', 52, 88.48),
    (316, 90, 1, 8, '2021-10-07 19:20:00', 'Completed', 41, 79.73),
    (317, 29, 122, 8, '2024-04-14 08:10:00', 'In Progress', 68, 123.11),
    (318, 78, 9, 12, '2021-07-13 11:00:00', 'Completed', 58, 106.34),
    (319, 126, 17, 9, '2024-12-23 12:40:00', 'Rescheduled', 64, 85.34),
    (320, 252, 3, 6, '2023-08-14 14:05:00', 'Cancelled', 43, 89.79),
    (321, 36, 1, 4, '2022-02-06 18:05:00', 'Completed', 45, 129.82),
    (322, 4, 45, 9, '2025-05-31 07:50:00', 'No-Show', 61, 145.4),
    (323, 50, 151, 6, '2022-09-21 09:00:00', 'Cancelled', 74, 163.22),
    (324, 21, 38, 8, '2025-04-29 10:40:00', 'Rescheduled', 61, 85.92),
    (325, 8, 22, 9, '2024-06-08 16:20:00', 'Completed', 78, 85.1),
    (326, 1, 110, 3, '2024-09-29 14:55:00', 'Rescheduled', 63, 78.43),
    (327, 53, 2, 2, '2023-12-11 11:55:00', 'No-Show', 68, 93.91),
    (328, 49, 4, 8, '2021-09-26 07:55:00', 'Completed', 64, 81.8),
    (329, 218, 106, 12, '2022-12-10 11:50:00', 'Completed', 76, 105.73),
    (330, 129, 40, 10, '2024-05-24 07:10:00', 'No-Show', 62, 116.49),
    (331, 76, 128, 10, '2025-05-05 07:20:00', 'In Progress', 60, 77.76),
    (332, 21, 7, 4, '2022-08-13 16:15:00', 'In Progress', 59, 105.02),
    (333, 17, 161, 2, '2022-09-01 18:15:00', 'No-Show', 45, 147.64),
    (334, 220, 243, 8, '2021-02-28 17:40:00', 'No-Show', 60, 75.17),
    (335, 22, 133, 8, '2021-12-12 11:35:00', 'Cancelled', 46, 188.3),
    (336, 1, 16, 9, '2025-02-07 19:30:00', 'No-Show', 58, 75.54),
    (337, 2, 5, 2, '2021-05-14 18:25:00', 'Cancelled', 72, 129.05),
    (338, 57, 64, 6, '2021-11-26 18:20:00', 'Completed', 51, 75.86),
    (339, 205, 47, 5, '2022-03-20 14:10:00', 'Completed', 64, 109.78),
    (340, 4, 75, 12, '2021-06-19 19:45:00', 'No-Show', 41, 81.5),
    (341, 190, 17, 6, '2022-12-09 08:55:00', 'In Progress', 67, 93.65),
    (342, 195, 16, 9, '2024-07-03 14:25:00', 'Cancelled', 58, 105.97),
    (343, 29, 41, 11, '2021-09-28 14:50:00', 'Completed', 87, 88.47),
    (344, 39, 1, 8, '2025-06-06 11:20:00', 'In Progress', 47, 105.41),
    (345, 67, 148, 5, '2021-09-26 10:15:00', 'Rescheduled', 53, 101.1),
    (346, 228, 37, 5, '2022-11-23 12:55:00', 'No-Show', 63, 75.75),
    (347, 1, 193, 11, '2024-08-03 18:55:00', 'Completed', 41, 75.83),
    (348, 62, 1, 12, '2022-09-02 11:50:00', 'Completed', 58, 106.82),
    (349, 201, 233, 1, '2022-04-30 10:10:00', 'No-Show', 57, 123.9),
    (350, 134, 1, 6, '2024-10-17 08:50:00', 'Completed', 65, 80.15),
    (351, 3, 186, 2, '2022-07-08 11:35:00', 'No-Show', 49, 78.79),
    (352, 79, 8, 11, '2022-07-29 08:00:00', 'No-Show', 57, 77.34),
    (353, 22, 5, 8, '2024-10-29 19:00:00', 'No-Show', 62, 76.04),
    (354, 70, 223, 9, '2022-07-18 15:30:00', 'Completed', 50, 76.97),
    (355, 21, 24, 5, '2023-09-14 18:55:00', 'Completed', 52, 90.56),
    (356, 116, 38, 8, '2023-06-22 08:10:00', 'Completed', 53, 88.06),
    (357, 7, 45, 6, '2021-10-11 16:15:00', 'Completed', 57, 80.65),
    (358, 9, 29, 7, '2023-04-01 11:45:00', 'Completed', 70, 113.84),
    (359, 179, 10, 10, '2025-01-06 11:25:00', 'Completed', 60, 88.11),
    (360, 52, 94, 1, '2021-08-05 14:50:00', 'Completed', 75, 89.46),
    (361, 1, 43, 4, '2024-11-11 13:35:00', 'Cancelled', 80, 167.91),
    (362, 6, 2, 4, '2022-07-25 09:50:00', 'Rescheduled', 82, 88.18),
    (363, 160, 1, 1, '2021-10-11 07:55:00', 'No-Show', 47, 78.52),
    (364, 1, 93, 1, '2021-06-05 12:00:00', 'Completed', 47, 87.07),
    (365, 175, 20, 3, '2024-12-15 13:35:00', 'Completed', 59, 82.8),
    (366, 1, 3, 1, '2023-10-08 19:35:00', 'No-Show', 45, 82.11),
    (367, 19, 2, 5, '2022-07-23 07:35:00', 'Completed', 60, 110.85),
    (368, 71, 40, 11, '2023-12-13 07:05:00', 'Completed', 42, 81.21),
    (369, 22, 8, 3, '2023-11-21 11:05:00', 'Cancelled', 63, 78.26),
    (370, 85, 79, 11, '2023-02-24 11:55:00', 'Completed', 52, 80.32),
    (371, 2, 226, 1, '2023-07-31 14:30:00', 'No-Show', 78, 219.62),
    (372, 93, 47, 3, '2022-08-20 18:05:00', 'Completed', 59, 155.14),
    (373, 2, 213, 2, '2024-01-23 18:10:00', 'No-Show', 46, 78.0),
    (374, 44, 86, 5, '2023-02-17 07:35:00', 'Completed', 53, 91.16),
    (375, 2, 18, 6, '2024-03-24 13:30:00', 'Cancelled', 74, 185.91),
    (376, 219, 149, 9, '2024-07-20 19:35:00', 'Cancelled', 44, 122.2),
    (377, 100, 1, 6, '2023-12-20 07:00:00', 'In Progress', 52, 117.32),
    (378, 1, 1, 3, '2023-08-18 14:20:00', 'In Progress', 64, 85.23),
    (379, 239, 108, 10, '2021-04-21 07:30:00', 'No-Show', 71, 98.01),
    (380, 174, 122, 8, '2023-05-30 09:35:00', 'Cancelled', 41, 93.03),
    (381, 2, 227, 6, '2022-06-16 08:45:00', 'Completed', 61, 80.81),
    (382, 21, 62, 11, '2023-08-23 07:30:00', 'In Progress', 57, 78.97),
    (383, 120, 6, 10, '2023-09-21 18:30:00', 'Completed', 65, 84.79),
    (384, 106, 1, 9, '2021-04-17 13:25:00', 'Completed', 62, 98.15),
    (385, 165, 131, 8, '2024-01-04 19:30:00', 'Rescheduled', 71, 263.5),
    (386, 30, 167, 7, '2025-02-05 09:50:00', 'Completed', 49, 400.0),
    (387, 80, 1, 3, '2022-11-09 14:05:00', 'In Progress', 44, 76.84),
    (388, 8, 170, 12, '2023-10-10 07:55:00', 'Completed', 66, 131.98),
    (389, 102, 189, 4, '2021-07-02 17:05:00', 'No-Show', 66, 96.48),
    (390, 138, 253, 1, '2022-10-15 09:05:00', 'In Progress', 68, 77.18),
    (391, 123, 173, 5, '2021-01-24 09:45:00', 'No-Show', 57, 213.91),
    (392, 48, 164, 7, '2023-08-15 10:40:00', 'No-Show', 58, 76.84),
    (393, 26, 24, 8, '2023-09-07 19:45:00', 'In Progress', 58, 184.77),
    (394, 3, 1, 12, '2023-07-18 17:05:00', 'In Progress', 50, 102.58),
    (395, 82, 8, 4, '2023-09-22 08:50:00', 'Cancelled', 79, 99.57),
    (396, 116, 107, 6, '2022-11-09 13:15:00', 'No-Show', 42, 79.84),
    (397, 6, 1, 1, '2023-08-10 18:40:00', 'In Progress', 55, 400.0),
    (398, 21, 41, 3, '2021-11-07 08:30:00', 'No-Show', 69, 123.04),
    (399, 34, 32, 1, '2024-07-02 15:45:00', 'No-Show', 60, 87.98),
    (400, 62, 1, 8, '2024-08-14 10:45:00', 'Completed', 59, 132.13);

INSERT INTO "appointments" ("appointment_id", "treatment_plan_id", "therapist_id", "clinic_id", "appointment_datetime", "status", "duration_minutes", "billed_amount") VALUES
    (401, 134, 191, 6, '2024-05-04 10:50:00', 'No-Show', 67, 140.59),
    (402, 1, 212, 6, '2021-06-21 08:20:00', 'Rescheduled', 51, 400.0),
    (403, 119, 29, 8, '2023-12-07 15:35:00', 'Rescheduled', 65, 102.06),
    (404, 22, 130, 8, '2024-04-10 11:40:00', 'Completed', 55, 116.69),
    (405, 20, 2, 3, '2023-12-24 18:10:00', 'Cancelled', 56, 224.8),
    (406, 96, 2, 2, '2024-08-19 08:35:00', 'Completed', 53, 107.37),
    (407, 7, 29, 11, '2022-11-16 11:35:00', 'Cancelled', 60, 161.96),
    (408, 157, 6, 1, '2023-10-17 17:55:00', 'Rescheduled', 64, 99.02),
    (409, 16, 1, 2, '2025-04-30 17:55:00', 'Completed', 75, 113.8),
    (410, 14, 98, 8, '2024-07-03 19:35:00', 'Cancelled', 69, 264.21),
    (411, 218, 5, 1, '2021-12-19 13:45:00', 'No-Show', 55, 99.47),
    (412, 12, 45, 9, '2022-08-31 16:10:00', 'In Progress', 59, 135.84),
    (413, 4, 97, 1, '2023-12-17 08:20:00', 'Cancelled', 49, 144.54),
    (414, 47, 39, 4, '2025-05-14 17:00:00', 'Cancelled', 45, 76.91),
    (415, 1, 3, 4, '2022-05-26 09:30:00', 'No-Show', 66, 76.38),
    (416, 170, 42, 3, '2025-03-27 17:55:00', 'Completed', 71, 92.36),
    (417, 1, 1, 3, '2024-03-23 11:35:00', 'Cancelled', 48, 132.5),
    (418, 80, 41, 2, '2022-12-26 14:10:00', 'Rescheduled', 64, 79.14),
    (419, 71, 20, 9, '2025-05-17 15:00:00', 'Rescheduled', 59, 80.24),
    (420, 2, 48, 5, '2023-12-22 15:10:00', 'In Progress', 57, 78.3),
    (421, 207, 58, 11, '2024-11-09 19:45:00', 'No-Show', 58, 269.8),
    (422, 1, 189, 9, '2025-06-22 18:35:00', 'No-Show', 73, 85.55),
    (423, 10, 12, 9, '2024-12-06 17:45:00', 'No-Show', 67, 96.1),
    (424, 1, 7, 5, '2021-05-21 09:25:00', 'No-Show', 77, 99.56),
    (425, 111, 9, 3, '2023-10-30 13:50:00', 'Cancelled', 63, 79.62),
    (426, 75, 56, 6, '2025-01-01 16:55:00', 'No-Show', 59, 95.58),
    (427, 23, 43, 2, '2023-11-30 14:25:00', 'Rescheduled', 51, 76.52),
    (428, 77, 4, 4, '2021-03-22 19:25:00', 'Rescheduled', 72, 87.58),
    (429, 4, 174, 6, '2024-06-18 19:35:00', 'Cancelled', 62, 329.47),
    (430, 17, 82, 1, '2022-08-07 14:25:00', 'No-Show', 62, 77.9),
    (431, 2, 2, 11, '2022-08-16 12:25:00', 'No-Show', 41, 157.53),
    (432, 199, 118, 6, '2023-10-30 08:20:00', 'Cancelled', 55, 86.65),
    (433, 49, 53, 11, '2023-07-20 12:45:00', 'Rescheduled', 56, 79.92),
    (434, 144, 171, 2, '2023-05-29 09:50:00', 'In Progress', 51, 89.47),
    (435, 1, 5, 8, '2024-06-21 09:15:00', 'Rescheduled', 70, 124.78),
    (436, 19, 4, 10, '2023-09-25 15:00:00', 'Completed', 76, 110.82),
    (437, 4, 114, 8, '2024-04-09 18:35:00', 'Rescheduled', 72, 82.38),
    (438, 1, 92, 8, '2024-07-01 17:50:00', 'Rescheduled', 46, 247.26),
    (439, 69, 1, 10, '2022-11-05 11:00:00', 'Completed', 58, 89.7),
    (440, 72, 33, 9, '2024-10-31 15:25:00', 'Completed', 40, 77.49),
    (441, 39, 2, 6, '2023-07-28 13:45:00', 'Cancelled', 66, 84.15),
    (442, 26, 123, 9, '2024-12-01 07:00:00', 'Cancelled', 55, 127.95),
    (443, 6, 21, 9, '2022-10-16 18:25:00', 'In Progress', 80, 115.65),
    (444, 40, 26, 5, '2023-05-12 19:35:00', 'Completed', 72, 400.0),
    (445, 81, 214, 7, '2021-05-05 15:40:00', 'In Progress', 58, 108.1),
    (446, 51, 8, 6, '2023-02-09 07:05:00', 'Cancelled', 65, 109.05),
    (447, 49, 49, 1, '2021-07-29 13:10:00', 'Completed', 67, 77.48),
    (448, 1, 68, 4, '2021-12-26 12:00:00', 'Cancelled', 66, 76.18),
    (449, 5, 6, 11, '2024-08-18 12:20:00', 'Cancelled', 55, 94.77),
    (450, 131, 3, 11, '2024-11-30 08:35:00', 'Completed', 60, 77.5),
    (451, 18, 43, 10, '2021-11-13 18:20:00', 'Completed', 52, 92.48),
    (452, 17, 5, 6, '2025-04-25 08:25:00', 'Completed', 65, 101.35),
    (453, 1, 13, 5, '2022-12-10 10:25:00', 'Completed', 63, 390.44),
    (454, 55, 53, 4, '2023-08-19 14:55:00', 'Completed', 56, 152.5),
    (455, 5, 151, 2, '2023-06-13 09:15:00', 'Completed', 56, 114.63),
    (456, 9, 64, 10, '2022-12-27 17:15:00', 'Cancelled', 59, 103.2),
    (457, 103, 19, 10, '2023-07-23 18:25:00', 'Completed', 60, 77.07),
    (458, 6, 1, 6, '2024-03-28 08:25:00', 'In Progress', 50, 283.56),
    (459, 257, 15, 8, '2022-12-25 10:40:00', 'Cancelled', 43, 98.54),
    (460, 4, 117, 3, '2022-10-03 10:50:00', 'Cancelled', 41, 92.7),
    (461, 84, 87, 7, '2023-06-22 07:40:00', 'No-Show', 64, 93.95),
    (462, 16, 128, 10, '2021-03-13 16:55:00', 'In Progress', 33, 138.34),
    (463, 3, 6, 12, '2025-05-09 16:30:00', 'Completed', 62, 120.26),
    (464, 172, 4, 8, '2022-02-17 09:25:00', 'Completed', 58, 76.06),
    (465, 40, 230, 7, '2024-08-20 10:00:00', 'Rescheduled', 74, 99.14),
    (466, 156, 12, 11, '2024-04-10 15:15:00', 'Completed', 45, 111.56),
    (467, 50, 46, 4, '2023-12-26 18:00:00', 'No-Show', 63, 96.53),
    (468, 2, 45, 11, '2023-06-09 13:45:00', 'In Progress', 68, 75.84),
    (469, 87, 51, 11, '2025-04-16 10:50:00', 'Completed', 75, 82.41),
    (470, 56, 36, 6, '2022-03-02 18:10:00', 'Cancelled', 65, 154.65),
    (471, 37, 177, 1, '2022-07-23 12:10:00', 'Completed', 71, 86.53),
    (472, 4, 1, 7, '2024-09-30 12:25:00', 'Cancelled', 30, 176.8),
    (473, 3, 2, 3, '2021-08-11 11:20:00', 'Completed', 58, 76.12),
    (474, 36, 48, 12, '2024-05-03 19:25:00', 'Rescheduled', 48, 201.41),
    (475, 108, 16, 4, '2024-07-31 16:25:00', 'Rescheduled', 83, 90.29),
    (476, 6, 3, 10, '2025-06-12 15:10:00', 'Completed', 38, 87.5),
    (477, 115, 1, 5, '2023-11-05 08:25:00', 'Cancelled', 47, 123.13),
    (478, 54, 197, 3, '2023-04-15 09:40:00', 'No-Show', 56, 81.58),
    (479, 11, 63, 6, '2025-03-14 11:45:00', 'No-Show', 56, 83.27),
    (480, 156, 27, 6, '2021-11-13 09:10:00', 'No-Show', 84, 75.06),
    (481, 95, 1, 11, '2022-09-09 15:50:00', 'Completed', 46, 79.03),
    (482, 128, 8, 1, '2021-11-20 15:55:00', 'Cancelled', 57, 153.69),
    (483, 3, 3, 8, '2024-10-14 08:25:00', 'No-Show', 88, 82.2),
    (484, 4, 59, 2, '2021-08-18 18:30:00', 'No-Show', 37, 79.07),
    (485, 12, 12, 3, '2022-10-25 12:20:00', 'Completed', 55, 124.93),
    (486, 1, 237, 12, '2025-01-20 14:35:00', 'In Progress', 55, 86.38),
    (487, 26, 63, 5, '2021-08-20 07:00:00', 'Rescheduled', 58, 111.93),
    (488, 19, 1, 4, '2022-11-06 16:25:00', 'Completed', 75, 76.65),
    (489, 248, 192, 1, '2022-03-07 11:40:00', 'Rescheduled', 53, 214.08),
    (490, 1, 27, 4, '2024-12-03 09:20:00', 'In Progress', 63, 101.56),
    (491, 5, 31, 10, '2021-12-20 16:15:00', 'No-Show', 55, 85.4),
    (492, 1, 30, 11, '2022-02-10 10:40:00', 'Completed', 62, 97.28),
    (493, 29, 41, 8, '2022-10-13 19:00:00', 'Completed', 58, 76.56),
    (494, 175, 6, 1, '2021-12-24 08:40:00', 'Completed', 64, 85.51),
    (495, 82, 4, 10, '2022-12-24 14:40:00', 'Rescheduled', 33, 79.2),
    (496, 55, 1, 12, '2023-03-20 17:40:00', 'Cancelled', 62, 82.52),
    (497, 13, 9, 4, '2021-11-18 18:35:00', 'No-Show', 54, 75.69),
    (498, 5, 155, 11, '2022-08-16 08:55:00', 'Rescheduled', 74, 133.35),
    (499, 192, 7, 2, '2023-04-12 07:55:00', 'In Progress', 68, 82.08),
    (500, 54, 36, 3, '2022-01-16 18:35:00', 'Cancelled', 66, 108.43),
    (501, 55, 14, 11, '2022-06-02 13:35:00', 'Completed', 63, 98.45),
    (502, 138, 109, 3, '2024-10-30 14:10:00', 'No-Show', 48, 132.42),
    (503, 1, 30, 6, '2023-02-16 09:25:00', 'Completed', 77, 77.06),
    (504, 2, 121, 2, '2022-05-01 15:15:00', 'No-Show', 58, 142.14),
    (505, 192, 182, 10, '2023-09-04 16:35:00', 'Completed', 59, 77.9),
    (506, 214, 12, 1, '2021-08-02 07:20:00', 'Completed', 43, 215.28),
    (507, 175, 1, 7, '2022-08-22 19:25:00', 'No-Show', 47, 149.45),
    (508, 1, 115, 10, '2021-01-15 16:55:00', 'No-Show', 70, 106.85),
    (509, 117, 26, 12, '2024-10-06 14:05:00', 'No-Show', 74, 335.18),
    (510, 1, 168, 7, '2022-10-08 18:35:00', 'Rescheduled', 70, 268.14),
    (511, 144, 7, 10, '2024-07-06 12:00:00', 'No-Show', 64, 107.13),
    (512, 2, 176, 5, '2022-02-08 08:50:00', 'Completed', 58, 97.53),
    (513, 111, 35, 5, '2023-04-25 12:15:00', 'Cancelled', 58, 83.57),
    (514, 92, 227, 12, '2021-01-23 09:40:00', 'In Progress', 59, 78.27),
    (515, 44, 233, 3, '2024-08-17 11:05:00', 'In Progress', 48, 89.92),
    (516, 20, 71, 5, '2023-11-21 18:25:00', 'Cancelled', 61, 87.19),
    (517, 146, 131, 2, '2021-08-08 15:30:00', 'Completed', 67, 86.77),
    (518, 5, 1, 12, '2024-12-16 08:30:00', 'Completed', 52, 88.23),
    (519, 7, 186, 2, '2024-08-23 18:10:00', 'Cancelled', 55, 84.61),
    (520, 39, 194, 8, '2025-05-05 18:45:00', 'In Progress', 60, 99.39),
    (521, 2, 31, 7, '2025-04-16 09:20:00', 'No-Show', 65, 95.95),
    (522, 45, 121, 8, '2022-07-13 18:15:00', 'No-Show', 61, 82.18),
    (523, 8, 37, 5, '2022-10-28 09:05:00', 'Completed', 69, 79.13),
    (524, 6, 110, 3, '2021-12-13 11:05:00', 'No-Show', 54, 88.38),
    (525, 51, 10, 11, '2024-08-15 09:30:00', 'Completed', 46, 79.76),
    (526, 12, 203, 9, '2021-06-28 11:15:00', 'No-Show', 84, 221.26),
    (527, 102, 12, 7, '2022-12-25 13:55:00', 'No-Show', 52, 82.96),
    (528, 138, 16, 12, '2023-12-07 14:30:00', 'No-Show', 69, 87.8),
    (529, 255, 8, 4, '2022-11-26 18:20:00', 'Completed', 58, 94.88),
    (530, 41, 190, 7, '2021-04-08 14:15:00', 'Cancelled', 67, 82.66),
    (531, 30, 42, 5, '2022-07-20 15:40:00', 'No-Show', 61, 120.91),
    (532, 5, 19, 10, '2024-12-21 11:05:00', 'Completed', 63, 76.49),
    (533, 1, 55, 9, '2021-04-06 10:15:00', 'No-Show', 58, 75.71),
    (534, 2, 1, 5, '2022-08-26 13:10:00', 'Cancelled', 52, 76.51),
    (535, 9, 136, 1, '2024-05-06 15:15:00', 'Completed', 54, 254.78),
    (536, 146, 38, 2, '2024-08-09 18:50:00', 'Completed', 75, 218.6),
    (537, 42, 41, 8, '2023-04-02 17:40:00', 'Completed', 57, 105.51),
    (538, 56, 1, 5, '2025-02-13 08:55:00', 'Cancelled', 63, 147.7),
    (539, 13, 1, 6, '2024-05-11 11:55:00', 'Cancelled', 76, 102.63),
    (540, 146, 11, 4, '2024-02-07 14:35:00', 'Completed', 65, 98.64),
    (541, 201, 61, 10, '2022-11-06 16:05:00', 'Completed', 60, 93.34),
    (542, 164, 65, 1, '2021-09-20 10:40:00', 'Cancelled', 67, 106.47),
    (543, 50, 105, 10, '2025-05-11 13:40:00', 'In Progress', 44, 120.75),
    (544, 2, 18, 10, '2023-11-25 10:05:00', 'Completed', 54, 88.16),
    (545, 1, 72, 5, '2024-10-11 09:45:00', 'Cancelled', 54, 111.67),
    (546, 106, 1, 10, '2021-08-11 09:15:00', 'Rescheduled', 69, 91.7),
    (547, 67, 105, 8, '2022-11-12 14:20:00', 'Cancelled', 71, 115.37),
    (548, 12, 1, 8, '2021-05-14 10:15:00', 'Completed', 55, 208.04),
    (549, 2, 9, 12, '2021-09-06 13:45:00', 'No-Show', 80, 79.07),
    (550, 14, 173, 10, '2024-12-02 12:25:00', 'Completed', 59, 79.48),
    (551, 40, 2, 9, '2021-09-22 18:35:00', 'Rescheduled', 63, 81.27),
    (552, 1, 7, 6, '2023-12-18 09:30:00', 'No-Show', 54, 400.0),
    (553, 3, 12, 1, '2021-12-30 12:10:00', 'Rescheduled', 54, 75.81),
    (554, 40, 194, 8, '2023-01-29 18:20:00', 'Completed', 57, 93.73),
    (555, 61, 55, 3, '2023-09-05 15:55:00', 'Completed', 57, 79.68),
    (556, 219, 218, 11, '2025-04-04 11:00:00', 'In Progress', 65, 400.0),
    (557, 106, 3, 11, '2023-10-12 19:15:00', 'Completed', 55, 88.66),
    (558, 17, 233, 11, '2021-05-12 08:00:00', 'In Progress', 50, 167.8),
    (559, 84, 18, 10, '2022-01-03 12:25:00', 'In Progress', 60, 80.53),
    (560, 69, 52, 11, '2021-11-14 17:05:00', 'Rescheduled', 59, 77.4),
    (561, 206, 4, 3, '2021-06-17 19:35:00', 'Completed', 56, 78.05),
    (562, 2, 5, 2, '2022-05-26 12:30:00', 'Rescheduled', 64, 97.4),
    (563, 7, 22, 10, '2024-06-02 17:00:00', 'Completed', 62, 91.23),
    (564, 6, 14, 11, '2024-10-20 09:50:00', 'Cancelled', 59, 98.46),
    (565, 3, 6, 5, '2023-03-13 08:40:00', 'No-Show', 66, 88.1),
    (566, 65, 139, 6, '2023-12-08 15:15:00', 'In Progress', 67, 400.0),
    (567, 1, 36, 10, '2023-07-18 11:20:00', 'In Progress', 49, 90.9),
    (568, 53, 42, 10, '2024-09-18 18:05:00', 'In Progress', 61, 116.99),
    (569, 73, 100, 10, '2021-12-12 12:15:00', 'Completed', 67, 78.53),
    (570, 89, 2, 9, '2023-07-24 15:30:00', 'No-Show', 59, 108.52),
    (571, 126, 58, 10, '2022-09-19 11:40:00', 'Cancelled', 57, 75.08),
    (572, 12, 15, 6, '2025-05-22 15:10:00', 'Completed', 58, 83.07),
    (573, 9, 3, 1, '2022-08-22 15:10:00', 'Completed', 60, 107.02),
    (574, 58, 81, 8, '2024-06-20 18:30:00', 'Completed', 69, 86.62),
    (575, 3, 55, 10, '2021-12-18 18:05:00', 'No-Show', 71, 82.86),
    (576, 57, 91, 5, '2023-10-04 13:05:00', 'Rescheduled', 50, 79.74),
    (577, 9, 1, 11, '2021-04-07 12:45:00', 'In Progress', 64, 75.82),
    (578, 205, 97, 12, '2022-11-05 08:50:00', 'Cancelled', 63, 232.23),
    (579, 3, 51, 9, '2023-11-10 09:15:00', 'Completed', 67, 170.51),
    (580, 238, 35, 6, '2024-03-09 18:05:00', 'No-Show', 79, 400.0),
    (581, 3, 8, 4, '2022-11-09 07:45:00', 'Completed', 67, 115.7),
    (582, 29, 12, 5, '2024-10-14 18:05:00', 'Completed', 40, 94.21),
    (583, 220, 64, 9, '2022-03-05 19:15:00', 'Completed', 37, 91.21),
    (584, 211, 167, 8, '2024-08-09 17:20:00', 'Rescheduled', 71, 78.91),
    (585, 2, 1, 8, '2025-05-11 08:15:00', 'Completed', 60, 167.74),
    (586, 60, 79, 12, '2022-10-18 15:00:00', 'Rescheduled', 48, 78.04),
    (587, 61, 188, 5, '2021-08-06 14:45:00', 'Completed', 36, 77.03),
    (588, 7, 119, 1, '2023-05-15 15:25:00', 'Completed', 70, 100.15),
    (589, 11, 3, 3, '2023-06-14 08:20:00', 'No-Show', 64, 83.52),
    (590, 10, 77, 1, '2024-07-07 15:35:00', 'Completed', 55, 78.36),
    (591, 23, 127, 3, '2021-08-26 15:00:00', 'Completed', 51, 107.31),
    (592, 14, 35, 6, '2025-06-15 19:00:00', 'No-Show', 47, 83.95),
    (593, 196, 230, 3, '2024-06-09 13:20:00', 'No-Show', 59, 146.57),
    (594, 48, 4, 3, '2021-11-11 16:40:00', 'Completed', 68, 122.7),
    (595, 81, 10, 1, '2021-07-01 16:40:00', 'Cancelled', 60, 98.11),
    (596, 18, 14, 3, '2024-12-04 19:00:00', 'Rescheduled', 66, 86.33),
    (597, 183, 146, 8, '2022-11-24 07:15:00', 'Cancelled', 73, 80.13),
    (598, 154, 145, 1, '2025-03-12 12:00:00', 'Completed', 69, 91.07),
    (599, 2, 2, 11, '2022-11-19 13:20:00', 'Cancelled', 49, 95.13),
    (600, 112, 21, 3, '2022-01-29 17:25:00', 'Completed', 55, 91.93);

INSERT INTO "appointments" ("appointment_id", "treatment_plan_id", "therapist_id", "clinic_id", "appointment_datetime", "status", "duration_minutes", "billed_amount") VALUES
    (601, 17, 40, 6, '2021-08-12 14:05:00', 'Rescheduled', 54, 99.35),
    (602, 255, 3, 5, '2023-03-20 07:15:00', 'No-Show', 70, 82.34),
    (603, 18, 54, 9, '2022-11-08 12:00:00', 'Cancelled', 60, 80.67),
    (604, 68, 216, 6, '2023-03-06 07:45:00', 'Completed', 52, 98.26),
    (605, 24, 27, 8, '2023-03-21 18:40:00', 'Completed', 44, 125.6),
    (606, 2, 1, 10, '2024-10-17 15:25:00', 'Rescheduled', 42, 83.75),
    (607, 91, 139, 9, '2025-06-04 13:15:00', 'In Progress', 69, 88.26),
    (608, 57, 31, 9, '2021-11-25 08:35:00', 'Completed', 55, 146.47),
    (609, 10, 145, 2, '2022-12-14 07:45:00', 'Completed', 76, 170.15),
    (610, 27, 30, 12, '2025-06-14 18:30:00', 'Cancelled', 69, 91.12),
    (611, 255, 42, 7, '2023-10-09 17:50:00', 'Rescheduled', 62, 366.25),
    (612, 1, 7, 8, '2023-05-08 17:40:00', 'Completed', 43, 91.9),
    (613, 19, 8, 2, '2021-11-03 13:05:00', 'No-Show', 68, 79.85),
    (614, 9, 115, 6, '2023-11-16 13:00:00', 'Completed', 66, 79.38),
    (615, 146, 10, 10, '2022-11-04 16:40:00', 'Completed', 46, 78.26),
    (616, 114, 3, 8, '2025-05-19 18:05:00', 'Completed', 66, 80.9),
    (617, 6, 6, 8, '2025-05-18 13:55:00', 'In Progress', 56, 95.19),
    (618, 1, 72, 6, '2022-05-10 16:50:00', 'Completed', 55, 82.33),
    (619, 140, 1, 2, '2022-11-24 10:40:00', 'Cancelled', 61, 141.68),
    (620, 1, 89, 4, '2021-07-22 16:10:00', 'In Progress', 59, 105.36),
    (621, 29, 1, 7, '2022-08-10 18:05:00', 'Rescheduled', 64, 123.66),
    (622, 2, 1, 9, '2021-03-29 18:15:00', 'Completed', 63, 224.5),
    (623, 170, 45, 3, '2021-01-09 14:35:00', 'Completed', 66, 81.58),
    (624, 12, 134, 9, '2023-08-05 08:35:00', 'Completed', 67, 108.51),
    (625, 123, 227, 2, '2024-08-12 18:45:00', 'Completed', 64, 257.48),
    (626, 5, 2, 3, '2021-03-02 18:05:00', 'Completed', 70, 76.8),
    (627, 91, 42, 9, '2024-05-01 08:45:00', 'Cancelled', 64, 149.79),
    (628, 212, 137, 1, '2025-04-12 19:20:00', 'Cancelled', 55, 101.66),
    (629, 2, 8, 9, '2022-02-14 12:45:00', 'In Progress', 69, 93.7),
    (630, 205, 1, 7, '2021-09-16 15:55:00', 'No-Show', 70, 81.8),
    (631, 6, 134, 12, '2023-06-27 17:25:00', 'In Progress', 67, 75.56),
    (632, 19, 24, 3, '2021-12-27 12:45:00', 'Cancelled', 50, 92.63),
    (633, 26, 96, 6, '2024-03-13 13:45:00', 'Cancelled', 69, 100.6),
    (634, 34, 149, 7, '2023-08-30 17:45:00', 'Rescheduled', 64, 121.42),
    (635, 1, 16, 6, '2024-10-10 17:20:00', 'Completed', 58, 106.74),
    (636, 2, 12, 4, '2024-01-31 08:40:00', 'Completed', 74, 96.65),
    (637, 12, 4, 4, '2021-05-10 13:50:00', 'Cancelled', 62, 153.44),
    (638, 103, 28, 4, '2025-04-22 11:20:00', 'Completed', 54, 169.44),
    (639, 8, 33, 10, '2022-10-26 17:30:00', 'Cancelled', 52, 79.47),
    (640, 2, 189, 5, '2024-05-30 09:55:00', 'No-Show', 58, 184.03),
    (641, 68, 11, 1, '2023-02-26 16:35:00', 'In Progress', 74, 75.98),
    (642, 36, 15, 8, '2022-11-16 18:55:00', 'Cancelled', 58, 76.42),
    (643, 189, 12, 5, '2021-10-28 07:50:00', 'In Progress', 51, 75.03),
    (644, 31, 2, 9, '2021-08-10 11:10:00', 'No-Show', 37, 75.87),
    (645, 19, 27, 12, '2024-03-30 16:10:00', 'Rescheduled', 55, 76.91),
    (646, 8, 1, 5, '2022-11-24 15:20:00', 'Completed', 40, 97.89),
    (647, 250, 10, 4, '2024-05-29 16:25:00', 'Rescheduled', 59, 75.88),
    (648, 260, 193, 9, '2023-09-07 13:00:00', 'In Progress', 41, 77.92),
    (649, 8, 42, 12, '2024-05-07 14:15:00', 'Completed', 55, 82.06),
    (650, 1, 65, 5, '2023-05-12 18:25:00', 'No-Show', 72, 252.36),
    (651, 4, 36, 4, '2022-08-18 18:05:00', 'Cancelled', 60, 87.08),
    (652, 44, 55, 4, '2024-06-27 14:25:00', 'Completed', 47, 83.09),
    (653, 160, 209, 11, '2024-01-23 13:40:00', 'Cancelled', 52, 75.92),
    (654, 5, 1, 1, '2024-12-02 19:10:00', 'Completed', 53, 151.51),
    (655, 76, 1, 1, '2023-05-11 08:20:00', 'No-Show', 57, 169.56),
    (656, 50, 113, 8, '2021-11-27 09:25:00', 'Completed', 61, 94.49),
    (657, 130, 38, 3, '2023-01-11 07:10:00', 'In Progress', 59, 94.9),
    (658, 255, 167, 11, '2021-09-13 12:30:00', 'Completed', 54, 190.58),
    (659, 26, 4, 4, '2021-10-25 07:40:00', 'Rescheduled', 64, 168.3),
    (660, 176, 15, 7, '2021-02-20 13:10:00', 'In Progress', 41, 98.29),
    (661, 1, 180, 11, '2022-08-31 13:00:00', 'In Progress', 52, 75.47),
    (662, 9, 62, 12, '2024-12-16 07:05:00', 'Completed', 77, 93.17),
    (663, 33, 222, 4, '2022-11-01 15:15:00', 'Cancelled', 59, 99.85),
    (664, 80, 3, 4, '2022-05-14 14:10:00', 'No-Show', 54, 400.0),
    (665, 4, 124, 1, '2021-04-04 08:05:00', 'Cancelled', 56, 147.33),
    (666, 9, 4, 10, '2024-10-17 15:25:00', 'No-Show', 69, 93.58),
    (667, 5, 4, 3, '2021-08-11 18:25:00', 'Rescheduled', 69, 88.91),
    (668, 53, 21, 6, '2025-04-23 09:50:00', 'Cancelled', 64, 109.41),
    (669, 135, 171, 11, '2022-07-21 10:20:00', 'Completed', 60, 105.2),
    (670, 29, 2, 2, '2024-07-02 08:55:00', 'No-Show', 58, 98.09),
    (671, 98, 2, 3, '2024-07-20 12:15:00', 'Completed', 45, 145.58),
    (672, 3, 1, 9, '2022-09-04 13:25:00', 'No-Show', 57, 172.6),
    (673, 56, 12, 8, '2023-01-08 10:05:00', 'Rescheduled', 44, 400.0),
    (674, 2, 136, 10, '2023-05-17 12:00:00', 'No-Show', 73, 131.19),
    (675, 197, 40, 11, '2023-11-21 14:05:00', 'Completed', 64, 180.33),
    (676, 183, 26, 7, '2023-09-25 18:45:00', 'Completed', 71, 318.53),
    (677, 72, 23, 4, '2025-02-12 08:00:00', 'No-Show', 70, 87.9),
    (678, 48, 183, 4, '2023-11-07 07:35:00', 'Rescheduled', 48, 146.47),
    (679, 12, 222, 4, '2025-02-20 16:05:00', 'No-Show', 54, 90.17),
    (680, 21, 1, 8, '2024-11-14 16:00:00', 'No-Show', 52, 87.59),
    (681, 80, 161, 1, '2024-06-15 12:05:00', 'Rescheduled', 80, 109.44),
    (682, 33, 11, 11, '2022-04-23 11:55:00', 'Cancelled', 54, 176.35),
    (683, 229, 43, 9, '2025-05-01 13:50:00', 'No-Show', 55, 82.32),
    (684, 86, 32, 10, '2021-06-07 19:45:00', 'No-Show', 67, 130.54),
    (685, 193, 37, 6, '2022-11-10 17:30:00', 'Rescheduled', 46, 99.12),
    (686, 196, 17, 12, '2022-09-06 18:25:00', 'No-Show', 83, 160.99),
    (687, 9, 40, 4, '2021-09-21 10:05:00', 'No-Show', 80, 95.82),
    (688, 86, 179, 10, '2021-12-11 17:25:00', 'Completed', 68, 149.86),
    (689, 6, 189, 2, '2021-01-25 14:25:00', 'Cancelled', 58, 109.41),
    (690, 99, 203, 1, '2024-08-06 15:10:00', 'Completed', 58, 116.66),
    (691, 8, 7, 2, '2022-04-20 13:30:00', 'In Progress', 49, 124.8),
    (692, 8, 3, 2, '2025-05-21 13:15:00', 'No-Show', 54, 98.91),
    (693, 189, 43, 12, '2021-12-16 10:15:00', 'Completed', 69, 109.53),
    (694, 12, 148, 9, '2022-11-27 15:45:00', 'Cancelled', 58, 80.68),
    (695, 241, 85, 3, '2024-11-30 07:55:00', 'Completed', 71, 125.27),
    (696, 178, 100, 11, '2025-06-24 19:15:00', 'Cancelled', 55, 184.9),
    (697, 63, 205, 1, '2025-05-23 08:40:00', 'Completed', 50, 176.73),
    (698, 20, 11, 9, '2021-12-14 07:05:00', 'Cancelled', 61, 129.4),
    (699, 128, 73, 8, '2022-08-08 09:50:00', 'Rescheduled', 60, 85.29),
    (700, 4, 85, 3, '2023-04-12 16:40:00', 'Completed', 55, 75.43),
    (701, 9, 29, 1, '2023-12-06 10:55:00', 'No-Show', 64, 137.47),
    (702, 2, 32, 9, '2024-09-20 08:55:00', 'Rescheduled', 49, 101.58),
    (703, 45, 2, 8, '2023-09-15 14:45:00', 'No-Show', 41, 179.04),
    (704, 1, 5, 2, '2024-01-11 18:05:00', 'Rescheduled', 59, 80.25),
    (705, 14, 1, 1, '2024-08-17 19:35:00', 'Completed', 65, 207.0),
    (706, 248, 11, 11, '2024-04-01 10:10:00', 'No-Show', 49, 178.68),
    (707, 141, 4, 8, '2024-12-05 12:35:00', 'Rescheduled', 82, 95.86),
    (708, 4, 181, 11, '2021-11-20 17:15:00', 'Cancelled', 37, 99.25),
    (709, 67, 4, 2, '2021-10-20 15:10:00', 'Completed', 50, 78.04),
    (710, 135, 35, 11, '2025-05-13 10:50:00', 'No-Show', 48, 212.17),
    (711, 60, 19, 5, '2022-06-17 08:05:00', 'Completed', 76, 185.95),
    (712, 1, 11, 6, '2024-06-09 19:50:00', 'In Progress', 68, 75.86),
    (713, 1, 53, 8, '2024-02-20 19:20:00', 'Rescheduled', 45, 127.8),
    (714, 2, 1, 2, '2022-07-06 10:45:00', 'Completed', 32, 202.97),
    (715, 15, 24, 6, '2021-07-17 10:15:00', 'No-Show', 78, 109.45),
    (716, 66, 2, 1, '2023-09-04 19:10:00', 'Completed', 71, 162.66),
    (717, 128, 10, 4, '2024-07-12 15:05:00', 'No-Show', 64, 128.14),
    (718, 35, 6, 12, '2021-07-26 08:15:00', 'No-Show', 57, 76.48),
    (719, 19, 156, 5, '2022-10-05 11:50:00', 'In Progress', 43, 84.11),
    (720, 1, 112, 8, '2023-03-17 12:05:00', 'Completed', 66, 110.08),
    (721, 42, 166, 11, '2021-10-20 14:50:00', 'No-Show', 40, 107.83),
    (722, 104, 86, 11, '2022-03-01 12:45:00', 'Completed', 50, 116.11),
    (723, 2, 1, 4, '2021-12-22 10:45:00', 'No-Show', 55, 86.03),
    (724, 11, 1, 9, '2022-07-13 18:20:00', 'Completed', 53, 400.0),
    (725, 4, 81, 10, '2024-10-01 19:30:00', 'No-Show', 64, 84.78),
    (726, 159, 14, 4, '2024-05-20 16:45:00', 'Completed', 47, 81.88),
    (727, 8, 136, 5, '2023-10-01 12:30:00', 'In Progress', 59, 75.79),
    (728, 200, 1, 2, '2022-04-29 13:25:00', 'Cancelled', 60, 77.34),
    (729, 4, 249, 2, '2021-07-06 08:50:00', 'Rescheduled', 63, 168.9),
    (730, 127, 36, 12, '2021-02-15 10:20:00', 'No-Show', 69, 134.32),
    (731, 12, 159, 12, '2022-11-05 11:45:00', 'No-Show', 49, 81.11),
    (732, 12, 192, 7, '2021-07-29 15:00:00', 'Completed', 53, 81.49),
    (733, 65, 126, 1, '2024-06-10 12:25:00', 'Cancelled', 57, 233.88),
    (734, 67, 228, 1, '2024-03-20 18:30:00', 'No-Show', 75, 282.78),
    (735, 11, 231, 2, '2023-12-16 14:15:00', 'Completed', 59, 400.0),
    (736, 2, 5, 12, '2024-02-29 17:50:00', 'In Progress', 74, 180.02),
    (737, 49, 11, 3, '2021-10-07 15:45:00', 'No-Show', 61, 77.61),
    (738, 151, 58, 7, '2021-11-10 19:10:00', 'Completed', 58, 109.97),
    (739, 1, 128, 4, '2022-10-29 19:30:00', 'Completed', 44, 104.59),
    (740, 5, 79, 10, '2021-11-24 19:15:00', 'No-Show', 38, 89.49),
    (741, 73, 63, 7, '2023-12-17 10:15:00', 'Cancelled', 56, 76.19),
    (742, 63, 39, 6, '2023-09-12 17:45:00', 'Completed', 65, 160.48),
    (743, 41, 209, 11, '2022-03-06 16:00:00', 'Cancelled', 77, 184.26),
    (744, 2, 173, 12, '2022-01-08 14:00:00', 'Completed', 45, 226.36),
    (745, 55, 209, 7, '2023-04-16 08:30:00', 'Cancelled', 51, 81.22),
    (746, 204, 1, 2, '2024-06-16 13:10:00', 'Cancelled', 73, 81.2),
    (747, 74, 8, 5, '2022-12-06 14:40:00', 'No-Show', 49, 192.26),
    (748, 59, 4, 8, '2022-08-22 19:55:00', 'Completed', 62, 226.23),
    (749, 25, 6, 3, '2022-07-27 10:00:00', 'Rescheduled', 59, 92.71),
    (750, 166, 4, 9, '2024-10-04 08:10:00', 'Cancelled', 60, 83.61),
    (751, 15, 31, 8, '2021-11-01 13:05:00', 'No-Show', 51, 94.06),
    (752, 21, 2, 11, '2021-12-30 09:45:00', 'Completed', 51, 76.61),
    (753, 78, 110, 3, '2023-12-01 17:15:00', 'No-Show', 55, 122.19),
    (754, 34, 81, 7, '2024-10-24 14:30:00', 'Completed', 71, 77.06),
    (755, 1, 5, 11, '2021-05-16 13:05:00', 'In Progress', 58, 88.69),
    (756, 226, 129, 9, '2023-05-07 13:10:00', 'Completed', 53, 84.62),
    (757, 31, 99, 1, '2025-03-22 17:20:00', 'Cancelled', 63, 75.57),
    (758, 1, 6, 12, '2023-01-04 17:45:00', 'No-Show', 50, 193.36),
    (759, 12, 15, 6, '2023-05-18 10:15:00', 'In Progress', 67, 78.89),
    (760, 187, 1, 12, '2022-12-21 10:40:00', 'In Progress', 62, 94.15),
    (761, 123, 9, 11, '2022-12-27 14:35:00', 'Completed', 48, 83.56),
    (762, 1, 28, 6, '2022-06-24 14:20:00', 'Completed', 61, 75.24),
    (763, 25, 10, 12, '2024-04-05 13:55:00', 'Completed', 60, 400.0),
    (764, 82, 64, 5, '2022-04-18 17:20:00', 'Completed', 80, 78.48),
    (765, 2, 167, 4, '2024-07-26 12:10:00', 'Cancelled', 60, 256.52),
    (766, 51, 1, 6, '2021-02-21 15:15:00', 'Completed', 49, 95.38),
    (767, 2, 22, 8, '2022-12-20 10:20:00', 'Rescheduled', 44, 112.41),
    (768, 22, 37, 1, '2025-04-06 09:35:00', 'Completed', 58, 106.52),
    (769, 35, 4, 9, '2024-05-03 15:40:00', 'Rescheduled', 79, 125.6),
    (770, 21, 31, 10, '2021-07-20 19:00:00', 'In Progress', 82, 184.3),
    (771, 123, 10, 6, '2023-06-18 13:45:00', 'Rescheduled', 55, 90.16),
    (772, 7, 53, 11, '2025-02-28 17:15:00', 'In Progress', 68, 98.23),
    (773, 9, 58, 5, '2021-11-24 08:00:00', 'In Progress', 71, 158.76),
    (774, 17, 16, 12, '2022-09-20 15:40:00', 'In Progress', 48, 101.2),
    (775, 18, 214, 10, '2021-05-12 17:05:00', 'Completed', 60, 177.92),
    (776, 13, 106, 1, '2024-12-08 17:10:00', 'In Progress', 75, 76.68),
    (777, 89, 15, 11, '2022-04-06 19:25:00', 'In Progress', 59, 84.26),
    (778, 196, 18, 5, '2022-04-08 13:00:00', 'Completed', 46, 75.61),
    (779, 56, 67, 1, '2021-11-02 13:30:00', 'Completed', 69, 102.53),
    (780, 107, 88, 1, '2024-10-24 10:15:00', 'Completed', 58, 130.14),
    (781, 29, 219, 12, '2023-07-18 10:00:00', 'Completed', 66, 203.17),
    (782, 32, 36, 7, '2021-07-17 07:10:00', 'Completed', 57, 76.13),
    (783, 22, 107, 10, '2023-01-06 19:10:00', 'No-Show', 53, 130.08),
    (784, 3, 8, 6, '2022-07-03 18:30:00', 'No-Show', 81, 95.56),
    (785, 64, 189, 11, '2021-08-07 15:45:00', 'Cancelled', 53, 114.61),
    (786, 86, 236, 12, '2021-04-25 15:35:00', 'Cancelled', 61, 100.79),
    (787, 89, 15, 12, '2022-06-23 12:40:00', 'Completed', 58, 89.73),
    (788, 103, 44, 8, '2021-08-31 19:25:00', 'Completed', 70, 102.21),
    (789, 3, 56, 9, '2021-07-24 11:20:00', 'No-Show', 52, 83.23),
    (790, 43, 18, 8, '2022-05-11 12:35:00', 'Completed', 57, 324.47),
    (791, 60, 66, 5, '2022-09-17 19:10:00', 'Completed', 57, 176.07),
    (792, 253, 31, 1, '2023-12-03 08:00:00', 'Completed', 44, 82.25),
    (793, 8, 2, 8, '2021-10-25 13:25:00', 'No-Show', 71, 77.43),
    (794, 1, 199, 10, '2024-01-01 19:40:00', 'Rescheduled', 79, 134.03),
    (795, 1, 129, 12, '2024-07-02 16:30:00', 'In Progress', 51, 225.11),
    (796, 29, 250, 5, '2022-11-05 11:05:00', 'Rescheduled', 67, 77.41),
    (797, 12, 26, 8, '2021-12-19 08:40:00', 'No-Show', 64, 100.39),
    (798, 13, 115, 2, '2022-12-26 12:50:00', 'Completed', 53, 139.04),
    (799, 4, 3, 6, '2021-09-15 07:50:00', 'Cancelled', 70, 160.68),
    (800, 4, 1, 8, '2022-06-20 17:10:00', 'Cancelled', 64, 93.94);

INSERT INTO "appointments" ("appointment_id", "treatment_plan_id", "therapist_id", "clinic_id", "appointment_datetime", "status", "duration_minutes", "billed_amount") VALUES
    (801, 99, 138, 8, '2023-08-10 13:10:00', 'Rescheduled', 69, 112.28),
    (802, 5, 91, 10, '2025-03-11 08:00:00', 'Rescheduled', 81, 84.69),
    (803, 91, 4, 10, '2022-07-08 11:45:00', 'Completed', 71, 243.0),
    (804, 93, 202, 7, '2022-11-25 10:40:00', 'Cancelled', 68, 109.51),
    (805, 13, 28, 7, '2022-03-31 12:40:00', 'Completed', 59, 97.53),
    (806, 1, 169, 10, '2025-06-30 18:15:00', 'Completed', 67, 94.16),
    (807, 32, 56, 11, '2021-12-30 19:50:00', 'Completed', 74, 80.46),
    (808, 12, 11, 5, '2024-11-25 08:35:00', 'Cancelled', 66, 81.07),
    (809, 29, 36, 3, '2023-05-25 13:40:00', 'Completed', 46, 160.46),
    (810, 126, 59, 12, '2022-07-13 11:35:00', 'Completed', 47, 171.88),
    (811, 73, 1, 1, '2023-10-24 18:45:00', 'No-Show', 48, 83.42),
    (812, 18, 137, 9, '2023-11-19 07:20:00', 'Cancelled', 55, 153.14),
    (813, 145, 62, 4, '2021-10-21 10:40:00', 'Cancelled', 47, 85.13),
    (814, 2, 70, 4, '2021-11-16 11:40:00', 'In Progress', 49, 88.56),
    (815, 27, 30, 10, '2025-06-08 07:05:00', 'No-Show', 52, 94.3),
    (816, 80, 3, 6, '2025-06-19 13:00:00', 'Completed', 86, 112.6),
    (817, 45, 125, 1, '2025-01-11 18:35:00', 'Rescheduled', 35, 91.9),
    (818, 220, 2, 2, '2023-02-26 17:25:00', 'No-Show', 70, 288.21),
    (819, 1, 14, 10, '2021-05-02 13:50:00', 'Cancelled', 60, 75.18),
    (820, 4, 43, 5, '2025-02-21 16:40:00', 'In Progress', 43, 107.63),
    (821, 124, 4, 6, '2022-11-28 14:00:00', 'Cancelled', 76, 134.87),
    (822, 56, 69, 3, '2025-03-06 11:55:00', 'Cancelled', 53, 90.05),
    (823, 26, 1, 4, '2024-08-11 14:30:00', 'No-Show', 45, 123.37),
    (824, 2, 2, 3, '2023-12-15 14:55:00', 'Completed', 59, 329.59),
    (825, 230, 65, 12, '2023-12-08 10:05:00', 'Cancelled', 48, 102.56),
    (826, 134, 19, 3, '2021-11-23 19:10:00', 'Completed', 54, 117.33),
    (827, 8, 36, 10, '2021-04-24 17:10:00', 'No-Show', 38, 79.7),
    (828, 47, 161, 1, '2022-03-29 17:40:00', 'In Progress', 81, 147.42),
    (829, 32, 12, 3, '2023-10-01 13:40:00', 'In Progress', 68, 84.02),
    (830, 47, 63, 10, '2022-04-26 10:35:00', 'Completed', 50, 99.54),
    (831, 195, 10, 8, '2024-08-15 18:30:00', 'Completed', 77, 222.84),
    (832, 42, 92, 6, '2024-12-14 08:35:00', 'Completed', 57, 78.77),
    (833, 77, 249, 8, '2024-06-03 17:40:00', 'In Progress', 49, 79.23),
    (834, 13, 142, 8, '2024-02-27 13:45:00', 'No-Show', 55, 136.83),
    (835, 8, 3, 11, '2021-10-31 16:00:00', 'In Progress', 58, 75.51),
    (836, 1, 28, 4, '2021-05-22 09:25:00', 'Cancelled', 63, 106.19),
    (837, 6, 35, 10, '2024-09-02 15:55:00', 'Completed', 48, 114.93),
    (838, 11, 26, 9, '2025-01-07 16:55:00', 'Cancelled', 60, 84.74),
    (839, 140, 5, 5, '2023-11-21 14:50:00', 'Cancelled', 55, 118.54),
    (840, 4, 3, 2, '2023-05-29 08:00:00', 'No-Show', 85, 75.15),
    (841, 14, 32, 10, '2021-10-12 18:55:00', 'Completed', 60, 120.93),
    (842, 39, 173, 5, '2021-10-22 17:10:00', 'Completed', 55, 167.5),
    (843, 254, 16, 8, '2023-09-29 16:25:00', 'Cancelled', 55, 75.17),
    (844, 181, 2, 2, '2025-06-17 11:50:00', 'Cancelled', 54, 79.11),
    (845, 162, 68, 1, '2023-08-23 19:45:00', 'Completed', 55, 83.25),
    (846, 49, 159, 6, '2023-08-05 08:40:00', 'Cancelled', 82, 159.47),
    (847, 149, 174, 4, '2024-05-07 10:05:00', 'No-Show', 47, 82.91),
    (848, 17, 19, 4, '2021-12-02 18:00:00', 'No-Show', 62, 87.95),
    (849, 101, 1, 1, '2022-07-31 11:10:00', 'Completed', 55, 100.15),
    (850, 121, 3, 7, '2022-09-10 16:15:00', 'Completed', 59, 111.61),
    (851, 13, 190, 5, '2023-08-02 08:40:00', 'Completed', 60, 81.46),
    (852, 8, 31, 11, '2023-02-23 07:30:00', 'Cancelled', 76, 88.46),
    (853, 220, 92, 1, '2024-05-25 11:20:00', 'Completed', 58, 224.51),
    (854, 221, 1, 1, '2023-05-01 18:20:00', 'Completed', 57, 94.55),
    (855, 85, 1, 12, '2024-08-14 19:20:00', 'No-Show', 57, 109.36),
    (856, 1, 210, 1, '2023-08-01 15:05:00', 'No-Show', 56, 103.09),
    (857, 3, 133, 12, '2022-07-27 15:40:00', 'Rescheduled', 57, 111.55),
    (858, 18, 1, 10, '2021-12-02 17:50:00', 'Completed', 36, 123.21),
    (859, 141, 40, 7, '2022-11-24 17:25:00', 'Cancelled', 57, 95.76),
    (860, 1, 108, 8, '2023-07-29 16:00:00', 'No-Show', 54, 135.75),
    (861, 60, 182, 2, '2022-09-01 16:20:00', 'Cancelled', 46, 78.46),
    (862, 4, 180, 11, '2024-12-06 08:40:00', 'Cancelled', 58, 79.6),
    (863, 242, 16, 11, '2024-02-28 09:25:00', 'No-Show', 63, 89.23),
    (864, 220, 139, 3, '2023-08-15 08:25:00', 'Cancelled', 60, 146.39),
    (865, 98, 103, 8, '2021-11-29 12:20:00', 'No-Show', 74, 78.26),
    (866, 128, 8, 8, '2024-12-15 14:00:00', 'No-Show', 55, 116.03),
    (867, 190, 26, 4, '2024-05-21 11:35:00', 'Completed', 59, 85.17),
    (868, 72, 1, 6, '2022-10-28 15:05:00', 'Rescheduled', 41, 95.38),
    (869, 3, 79, 11, '2024-02-14 12:50:00', 'Completed', 72, 81.0),
    (870, 2, 86, 1, '2025-03-16 13:20:00', 'Completed', 48, 97.37),
    (871, 193, 9, 4, '2023-10-06 08:00:00', 'No-Show', 62, 356.35),
    (872, 105, 28, 3, '2023-06-01 15:55:00', 'Cancelled', 55, 82.69),
    (873, 2, 6, 10, '2021-09-20 12:45:00', 'In Progress', 66, 92.75),
    (874, 226, 36, 6, '2023-05-01 10:25:00', 'No-Show', 65, 78.05),
    (875, 30, 22, 2, '2022-03-09 14:20:00', 'No-Show', 45, 105.52),
    (876, 236, 56, 6, '2025-05-06 14:00:00', 'Completed', 77, 101.7),
    (877, 166, 33, 7, '2024-12-29 16:55:00', 'Rescheduled', 50, 207.96),
    (878, 211, 4, 7, '2024-11-02 13:25:00', 'In Progress', 50, 86.94),
    (879, 68, 4, 6, '2024-01-14 10:10:00', 'Rescheduled', 58, 75.39),
    (880, 18, 69, 1, '2021-07-04 14:10:00', 'No-Show', 61, 115.48),
    (881, 229, 3, 5, '2021-05-23 15:40:00', 'Completed', 63, 83.96),
    (882, 3, 77, 12, '2024-08-12 14:05:00', 'No-Show', 58, 91.95),
    (883, 89, 48, 9, '2021-08-26 08:00:00', 'Completed', 38, 400.0),
    (884, 7, 73, 10, '2022-09-03 07:35:00', 'Completed', 50, 78.59),
    (885, 127, 11, 6, '2023-03-27 13:35:00', 'Rescheduled', 60, 194.15),
    (886, 54, 205, 11, '2024-08-03 15:50:00', 'Completed', 49, 129.79),
    (887, 11, 3, 8, '2021-02-15 08:45:00', 'Completed', 51, 76.86),
    (888, 180, 1, 9, '2023-08-04 12:45:00', 'Completed', 58, 82.73),
    (889, 41, 4, 7, '2022-11-12 13:45:00', 'Cancelled', 64, 122.24),
    (890, 59, 2, 10, '2022-06-07 10:15:00', 'Cancelled', 82, 102.05),
    (891, 16, 45, 11, '2023-12-14 13:10:00', 'No-Show', 55, 130.52),
    (892, 24, 2, 8, '2021-10-28 17:55:00', 'No-Show', 51, 87.76),
    (893, 226, 90, 3, '2022-11-21 17:10:00', 'Completed', 66, 80.9),
    (894, 113, 127, 11, '2023-01-12 19:35:00', 'Completed', 71, 136.95),
    (895, 128, 47, 4, '2024-11-04 10:25:00', 'Completed', 84, 79.66),
    (896, 29, 3, 10, '2022-12-31 17:30:00', 'Completed', 65, 146.27),
    (897, 2, 79, 4, '2022-03-08 19:15:00', 'Rescheduled', 52, 88.03),
    (898, 3, 14, 8, '2024-04-21 08:45:00', 'Completed', 68, 100.45),
    (899, 9, 155, 11, '2021-07-07 17:45:00', 'Completed', 75, 102.03),
    (900, 8, 64, 5, '2023-11-19 08:35:00', 'Completed', 54, 123.24),
    (901, 47, 10, 10, '2024-11-26 13:40:00', 'In Progress', 52, 78.06),
    (902, 2, 33, 7, '2024-01-31 18:40:00', 'No-Show', 58, 77.11),
    (903, 1, 65, 10, '2023-11-23 08:50:00', 'No-Show', 61, 103.88),
    (904, 62, 1, 2, '2022-03-09 16:55:00', 'Completed', 58, 103.64),
    (905, 36, 175, 7, '2024-07-20 11:50:00', 'Completed', 76, 88.86),
    (906, 147, 233, 4, '2021-05-10 17:20:00', 'Completed', 75, 378.76),
    (907, 2, 166, 11, '2023-11-04 13:55:00', 'Completed', 58, 92.49),
    (908, 1, 120, 4, '2025-05-05 10:50:00', 'Completed', 52, 132.25),
    (909, 18, 77, 6, '2024-09-27 18:30:00', 'No-Show', 77, 168.16),
    (910, 213, 117, 10, '2021-05-29 14:05:00', 'Completed', 59, 82.03),
    (911, 216, 173, 1, '2021-11-14 19:50:00', 'No-Show', 52, 85.51),
    (912, 7, 14, 6, '2021-01-23 10:25:00', 'Completed', 51, 95.91),
    (913, 19, 19, 1, '2021-04-29 12:40:00', 'In Progress', 62, 76.2),
    (914, 25, 2, 12, '2022-08-29 17:05:00', 'In Progress', 42, 78.34),
    (915, 7, 14, 3, '2021-11-20 10:05:00', 'In Progress', 55, 118.64),
    (916, 59, 174, 6, '2022-09-09 09:15:00', 'Completed', 67, 179.54),
    (917, 12, 208, 4, '2022-06-04 09:15:00', 'In Progress', 47, 165.63),
    (918, 3, 26, 11, '2023-07-16 11:45:00', 'Completed', 53, 93.23),
    (919, 24, 78, 6, '2024-12-10 10:05:00', 'Cancelled', 67, 81.17),
    (920, 1, 9, 1, '2024-12-15 07:35:00', 'Cancelled', 74, 83.44),
    (921, 245, 38, 5, '2022-03-09 08:40:00', 'Cancelled', 74, 75.29),
    (922, 107, 2, 6, '2023-10-22 08:35:00', 'Completed', 58, 108.78),
    (923, 53, 1, 4, '2024-11-15 11:55:00', 'Rescheduled', 53, 78.07),
    (924, 52, 163, 10, '2022-11-11 19:25:00', 'Completed', 69, 75.75),
    (925, 81, 30, 7, '2022-12-21 16:00:00', 'Completed', 81, 98.53),
    (926, 9, 35, 11, '2023-06-11 17:00:00', 'In Progress', 67, 118.28),
    (927, 1, 13, 9, '2022-09-04 16:40:00', 'Rescheduled', 55, 84.52),
    (928, 21, 2, 3, '2022-05-07 17:20:00', 'In Progress', 49, 82.77),
    (929, 44, 255, 9, '2024-05-19 13:15:00', 'Cancelled', 40, 116.37),
    (930, 13, 43, 11, '2022-11-14 14:45:00', 'No-Show', 51, 79.54),
    (931, 11, 2, 11, '2024-06-24 08:45:00', 'Rescheduled', 55, 95.67),
    (932, 171, 1, 2, '2023-06-28 17:00:00', 'Completed', 66, 104.22),
    (933, 19, 29, 8, '2023-07-15 17:05:00', 'Completed', 35, 101.28),
    (934, 4, 68, 6, '2022-11-28 15:05:00', 'Rescheduled', 51, 94.16),
    (935, 59, 14, 4, '2023-12-15 15:30:00', 'Completed', 56, 79.5),
    (936, 75, 204, 11, '2022-12-03 07:50:00', 'No-Show', 52, 97.07),
    (937, 118, 3, 7, '2024-03-30 17:40:00', 'Cancelled', 79, 77.84),
    (938, 139, 94, 7, '2022-04-10 08:20:00', 'Cancelled', 45, 136.29),
    (939, 6, 95, 3, '2023-09-04 16:45:00', 'Completed', 56, 75.76),
    (940, 82, 9, 12, '2021-10-16 15:30:00', 'Completed', 63, 110.16),
    (941, 48, 17, 8, '2022-08-30 14:30:00', 'No-Show', 70, 76.97),
    (942, 1, 184, 4, '2021-08-12 17:00:00', 'Completed', 47, 93.74),
    (943, 7, 252, 11, '2021-12-29 10:55:00', 'Completed', 45, 100.41),
    (944, 64, 10, 1, '2022-08-08 14:20:00', 'Completed', 70, 119.06),
    (945, 159, 130, 6, '2023-08-29 12:20:00', 'Completed', 53, 85.83),
    (946, 46, 34, 10, '2024-04-16 08:30:00', 'Cancelled', 30, 98.89),
    (947, 53, 87, 1, '2021-03-20 17:20:00', 'No-Show', 78, 88.68),
    (948, 1, 225, 7, '2021-01-05 07:00:00', 'Rescheduled', 60, 400.0),
    (949, 11, 8, 1, '2023-10-29 16:20:00', 'Completed', 51, 75.83),
    (950, 19, 1, 10, '2022-04-04 19:20:00', 'Rescheduled', 58, 82.6),
    (951, 25, 41, 10, '2021-11-08 12:20:00', 'In Progress', 81, 100.69),
    (952, 3, 72, 5, '2022-10-26 15:55:00', 'Completed', 65, 249.0),
    (953, 4, 151, 6, '2024-07-03 17:35:00', 'No-Show', 65, 188.14),
    (954, 151, 3, 1, '2022-12-25 17:45:00', 'In Progress', 70, 77.63),
    (955, 29, 13, 10, '2022-05-19 10:50:00', 'Completed', 62, 184.06),
    (956, 75, 25, 1, '2022-05-10 15:10:00', 'Completed', 56, 99.89),
    (957, 148, 5, 4, '2023-03-26 11:45:00', 'No-Show', 57, 81.38),
    (958, 6, 60, 8, '2021-06-05 08:10:00', 'Rescheduled', 58, 113.15),
    (959, 61, 16, 3, '2021-08-14 09:25:00', 'Completed', 53, 88.81),
    (960, 7, 6, 1, '2024-08-14 15:50:00', 'Completed', 47, 361.71),
    (961, 108, 257, 2, '2024-10-24 17:55:00', 'Completed', 62, 84.79),
    (962, 13, 11, 3, '2025-02-23 09:50:00', 'In Progress', 43, 194.67),
    (963, 15, 51, 11, '2023-03-08 11:15:00', 'In Progress', 61, 284.07),
    (964, 4, 101, 8, '2023-07-21 17:40:00', 'Completed', 51, 90.78),
    (965, 80, 166, 11, '2021-06-16 19:35:00', 'Completed', 68, 95.83),
    (966, 250, 114, 6, '2023-01-07 10:00:00', 'No-Show', 62, 400.0),
    (967, 202, 3, 5, '2021-05-03 07:10:00', 'Rescheduled', 68, 85.33),
    (968, 102, 1, 2, '2023-12-15 09:15:00', 'Completed', 60, 88.31),
    (969, 208, 42, 12, '2022-06-17 16:30:00', 'No-Show', 74, 135.0),
    (970, 142, 67, 7, '2024-05-09 10:00:00', 'Cancelled', 58, 88.31),
    (971, 57, 87, 9, '2022-12-08 17:05:00', 'Completed', 44, 158.82),
    (972, 12, 36, 5, '2021-08-23 08:35:00', 'Completed', 59, 90.39),
    (973, 210, 65, 7, '2022-09-04 16:00:00', 'Cancelled', 59, 125.68),
    (974, 136, 73, 6, '2023-05-25 08:25:00', 'Rescheduled', 54, 249.55),
    (975, 2, 236, 1, '2023-07-04 14:15:00', 'Completed', 52, 400.0),
    (976, 78, 1, 12, '2023-11-06 12:50:00', 'Cancelled', 65, 95.31),
    (977, 31, 62, 2, '2021-01-20 13:50:00', 'Rescheduled', 53, 103.93),
    (978, 154, 70, 7, '2021-09-30 16:25:00', 'Cancelled', 46, 75.8),
    (979, 31, 242, 8, '2022-01-23 07:30:00', 'Cancelled', 68, 129.94),
    (980, 99, 2, 6, '2022-07-15 09:55:00', 'Completed', 83, 80.86),
    (981, 54, 180, 2, '2024-07-27 09:55:00', 'Cancelled', 69, 77.39),
    (982, 246, 55, 4, '2021-09-30 12:30:00', 'Completed', 57, 78.66),
    (983, 208, 42, 6, '2024-08-18 15:45:00', 'No-Show', 59, 89.77),
    (984, 35, 9, 1, '2022-09-19 12:55:00', 'Completed', 70, 77.43),
    (985, 2, 51, 8, '2023-04-07 09:10:00', 'Completed', 62, 79.19),
    (986, 146, 106, 7, '2025-03-12 09:15:00', 'Rescheduled', 63, 231.24),
    (987, 5, 1, 3, '2021-01-28 14:45:00', 'Completed', 58, 110.84),
    (988, 108, 18, 2, '2023-10-09 18:35:00', 'Completed', 73, 146.93),
    (989, 72, 15, 11, '2025-06-30 13:00:00', 'Completed', 52, 86.4),
    (990, 54, 6, 3, '2024-06-04 07:20:00', 'In Progress', 68, 143.88),
    (991, 252, 25, 10, '2022-06-10 12:35:00', 'Completed', 45, 178.26),
    (992, 5, 86, 3, '2021-07-03 12:40:00', 'In Progress', 56, 91.11),
    (993, 64, 28, 2, '2022-10-31 18:35:00', 'Completed', 65, 82.34),
    (994, 195, 17, 2, '2021-03-26 13:25:00', 'Rescheduled', 49, 100.22),
    (995, 23, 249, 6, '2023-12-14 12:45:00', 'Rescheduled', 57, 95.19),
    (996, 7, 102, 5, '2024-09-27 13:40:00', 'No-Show', 61, 99.71),
    (997, 23, 234, 6, '2021-08-15 19:05:00', 'Completed', 40, 84.17),
    (998, 161, 89, 8, '2025-06-06 13:00:00', 'In Progress', 45, 115.41),
    (999, 198, 42, 2, '2025-05-18 16:20:00', 'Cancelled', 47, 81.29),
    (1000, 71, 44, 10, '2022-09-02 08:00:00', 'Cancelled', 67, 78.22);

INSERT INTO "appointments" ("appointment_id", "treatment_plan_id", "therapist_id", "clinic_id", "appointment_datetime", "status", "duration_minutes", "billed_amount") VALUES
    (1001, 211, 23, 3, '2022-01-01 17:15:00', 'Completed', 61, 400.0),
    (1002, 1, 1, 3, '2024-01-07 08:05:00', 'Completed', 46, 340.66),
    (1003, 174, 67, 4, '2021-10-09 18:00:00', 'Completed', 77, 90.04),
    (1004, 119, 50, 3, '2023-11-23 17:45:00', 'No-Show', 59, 94.65),
    (1005, 7, 5, 6, '2023-10-05 19:00:00', 'Completed', 68, 178.27),
    (1006, 53, 25, 1, '2024-03-23 19:00:00', 'Completed', 65, 400.0),
    (1007, 66, 2, 1, '2022-08-03 19:30:00', 'Completed', 70, 175.81),
    (1008, 60, 4, 5, '2023-01-10 16:10:00', 'Completed', 47, 130.43),
    (1009, 55, 63, 5, '2023-06-08 12:35:00', 'No-Show', 64, 85.99),
    (1010, 94, 112, 11, '2024-11-19 07:20:00', 'Completed', 53, 85.33),
    (1011, 128, 64, 9, '2021-08-09 15:25:00', 'Completed', 41, 93.19),
    (1012, 68, 22, 5, '2024-10-05 11:15:00', 'No-Show', 50, 114.0),
    (1013, 154, 18, 2, '2021-06-25 17:10:00', 'Completed', 61, 151.1),
    (1014, 22, 17, 8, '2024-08-04 14:20:00', 'In Progress', 69, 90.37),
    (1015, 159, 103, 10, '2022-05-25 08:40:00', 'Completed', 48, 273.06),
    (1016, 1, 42, 6, '2024-08-21 18:10:00', 'No-Show', 61, 83.09),
    (1017, 4, 54, 12, '2024-02-24 10:55:00', 'No-Show', 59, 84.5),
    (1018, 193, 1, 11, '2022-12-25 10:45:00', 'Completed', 44, 159.38),
    (1019, 99, 94, 1, '2025-05-23 11:00:00', 'No-Show', 47, 139.2),
    (1020, 22, 240, 3, '2023-11-07 12:25:00', 'Cancelled', 39, 99.48),
    (1021, 20, 53, 4, '2022-04-25 18:10:00', 'No-Show', 57, 133.38),
    (1022, 10, 98, 1, '2025-06-14 15:55:00', 'Cancelled', 63, 79.67),
    (1023, 109, 23, 7, '2024-08-25 15:05:00', 'Cancelled', 65, 79.33),
    (1024, 230, 50, 7, '2023-06-12 13:45:00', 'Cancelled', 65, 152.84),
    (1025, 1, 4, 11, '2024-12-21 17:35:00', 'No-Show', 70, 75.43),
    (1026, 33, 17, 3, '2023-11-02 08:35:00', 'No-Show', 47, 221.14),
    (1027, 5, 28, 12, '2024-08-19 07:30:00', 'Completed', 71, 199.21),
    (1028, 3, 17, 5, '2021-09-19 16:05:00', 'Completed', 73, 112.2),
    (1029, 57, 228, 10, '2023-04-19 13:00:00', 'Rescheduled', 47, 92.64),
    (1030, 21, 9, 4, '2022-03-16 11:40:00', 'Completed', 63, 100.3),
    (1031, 169, 1, 3, '2024-06-26 18:15:00', 'No-Show', 66, 83.61),
    (1032, 202, 45, 4, '2021-02-04 08:10:00', 'Completed', 61, 84.15),
    (1033, 1, 10, 7, '2022-07-28 08:50:00', 'In Progress', 68, 100.84),
    (1034, 93, 1, 5, '2024-01-18 09:05:00', 'Completed', 56, 77.61),
    (1035, 21, 230, 4, '2025-05-28 08:45:00', 'No-Show', 76, 82.69),
    (1036, 3, 15, 4, '2023-11-07 12:15:00', 'In Progress', 50, 283.05),
    (1037, 3, 2, 4, '2022-05-09 11:35:00', 'Completed', 66, 76.52),
    (1038, 101, 16, 11, '2021-08-22 12:15:00', 'In Progress', 61, 136.68),
    (1039, 2, 180, 8, '2025-02-08 19:35:00', 'In Progress', 55, 80.2),
    (1040, 14, 118, 7, '2021-06-23 12:00:00', 'No-Show', 40, 79.28),
    (1041, 204, 2, 2, '2024-07-01 12:00:00', 'Cancelled', 50, 75.19),
    (1042, 38, 242, 1, '2023-12-26 12:30:00', 'Completed', 64, 126.26),
    (1043, 42, 3, 11, '2022-04-20 09:55:00', 'Completed', 50, 88.96),
    (1044, 1, 220, 10, '2024-10-26 18:25:00', 'Completed', 46, 81.45),
    (1045, 24, 12, 2, '2024-08-12 19:15:00', 'No-Show', 68, 101.9),
    (1046, 61, 30, 1, '2024-10-26 10:00:00', 'No-Show', 58, 108.51),
    (1047, 34, 121, 8, '2023-05-26 12:00:00', 'Rescheduled', 77, 85.8),
    (1048, 1, 99, 10, '2023-10-28 16:00:00', 'In Progress', 62, 89.14),
    (1049, 21, 83, 2, '2021-12-05 12:50:00', 'No-Show', 62, 80.2),
    (1050, 61, 17, 10, '2022-08-05 18:35:00', 'Cancelled', 61, 105.44),
    (1051, 61, 19, 7, '2022-06-03 17:20:00', 'Completed', 51, 79.16),
    (1052, 2, 83, 3, '2023-04-24 16:40:00', 'Completed', 42, 76.15),
    (1053, 22, 33, 9, '2025-01-15 15:25:00', 'Completed', 55, 147.47),
    (1054, 7, 117, 8, '2021-02-22 08:15:00', 'No-Show', 59, 123.94),
    (1055, 96, 6, 7, '2022-08-05 13:00:00', 'No-Show', 38, 89.57),
    (1056, 125, 151, 8, '2022-11-28 14:45:00', 'In Progress', 61, 83.21),
    (1057, 4, 166, 9, '2023-01-17 07:10:00', 'Completed', 58, 81.09),
    (1058, 24, 11, 7, '2021-07-12 11:10:00', 'Completed', 57, 90.69),
    (1059, 155, 19, 10, '2021-10-18 07:50:00', 'Completed', 52, 78.42),
    (1060, 78, 24, 4, '2023-08-11 17:40:00', 'Completed', 58, 76.68),
    (1061, 27, 1, 3, '2023-07-31 16:30:00', 'Completed', 71, 142.58),
    (1062, 31, 24, 8, '2022-10-19 07:00:00', 'Rescheduled', 46, 79.07),
    (1063, 8, 6, 4, '2021-06-10 17:55:00', 'In Progress', 66, 76.64),
    (1064, 11, 2, 11, '2024-04-20 17:35:00', 'Cancelled', 55, 79.62),
    (1065, 75, 23, 9, '2021-11-23 18:15:00', 'Completed', 49, 189.87),
    (1066, 242, 41, 12, '2021-01-27 08:45:00', 'No-Show', 51, 76.39),
    (1067, 10, 34, 3, '2022-10-03 18:05:00', 'Completed', 65, 148.16),
    (1068, 2, 100, 12, '2024-05-29 11:10:00', 'Completed', 47, 108.14),
    (1069, 52, 255, 9, '2024-12-30 11:00:00', 'Completed', 57, 77.57),
    (1070, 47, 53, 12, '2021-12-18 17:10:00', 'Completed', 59, 232.42),
    (1071, 161, 16, 12, '2024-08-09 18:40:00', 'Cancelled', 54, 107.93),
    (1072, 2, 73, 7, '2025-04-11 17:45:00', 'No-Show', 51, 81.52),
    (1073, 243, 40, 11, '2023-04-22 19:40:00', 'No-Show', 69, 103.18),
    (1074, 8, 146, 11, '2021-07-29 07:40:00', 'Completed', 44, 105.14),
    (1075, 6, 2, 8, '2022-12-28 14:55:00', 'No-Show', 69, 76.69),
    (1076, 1, 1, 12, '2022-12-22 18:05:00', 'No-Show', 73, 86.95),
    (1077, 59, 2, 1, '2021-07-26 15:00:00', 'No-Show', 62, 79.07),
    (1078, 127, 118, 9, '2021-11-29 14:05:00', 'Completed', 60, 79.26),
    (1079, 4, 1, 9, '2021-10-20 13:35:00', 'Completed', 40, 355.53),
    (1080, 247, 18, 9, '2024-05-08 07:10:00', 'Cancelled', 77, 135.77),
    (1081, 210, 24, 10, '2021-10-31 19:10:00', 'Cancelled', 56, 201.14),
    (1082, 21, 81, 12, '2024-06-24 15:50:00', 'Completed', 50, 113.25),
    (1083, 259, 4, 5, '2022-06-05 16:45:00', 'Rescheduled', 52, 142.57),
    (1084, 29, 161, 3, '2023-08-22 09:35:00', 'Cancelled', 55, 88.83),
    (1085, 79, 8, 10, '2021-07-11 15:00:00', 'In Progress', 48, 129.9),
    (1086, 172, 250, 2, '2024-06-23 12:55:00', 'Cancelled', 64, 85.52),
    (1087, 6, 13, 12, '2024-04-30 15:20:00', 'Completed', 61, 100.43),
    (1088, 13, 4, 8, '2023-08-04 10:15:00', 'In Progress', 83, 102.58),
    (1089, 98, 250, 4, '2023-11-20 15:55:00', 'Completed', 62, 85.58),
    (1090, 6, 26, 3, '2023-10-09 12:00:00', 'No-Show', 62, 122.57),
    (1091, 21, 5, 3, '2024-11-25 07:50:00', 'Rescheduled', 63, 95.42),
    (1092, 65, 166, 12, '2022-08-25 15:35:00', 'No-Show', 62, 121.12),
    (1093, 248, 187, 8, '2021-12-08 19:00:00', 'Completed', 43, 82.25),
    (1094, 200, 185, 12, '2021-09-19 11:35:00', 'No-Show', 72, 400.0),
    (1095, 12, 92, 6, '2023-12-27 15:00:00', 'No-Show', 59, 77.11),
    (1096, 1, 180, 1, '2023-04-23 18:15:00', 'No-Show', 69, 80.82),
    (1097, 27, 1, 1, '2025-05-18 13:35:00', 'Cancelled', 70, 89.01),
    (1098, 98, 248, 2, '2025-06-07 15:00:00', 'Cancelled', 55, 82.74),
    (1099, 222, 70, 4, '2021-06-02 13:45:00', 'No-Show', 68, 87.06),
    (1100, 34, 201, 7, '2022-11-25 07:30:00', 'No-Show', 48, 77.11),
    (1101, 56, 4, 7, '2023-06-12 09:45:00', 'Completed', 54, 171.31),
    (1102, 2, 10, 12, '2025-06-18 13:30:00', 'Rescheduled', 68, 78.25),
    (1103, 4, 163, 1, '2021-09-19 07:00:00', 'Completed', 53, 255.13),
    (1104, 235, 2, 10, '2024-11-09 07:45:00', 'Completed', 53, 138.36),
    (1105, 25, 88, 11, '2023-03-09 12:10:00', 'Completed', 72, 76.77),
    (1106, 9, 1, 4, '2023-07-10 08:00:00', 'In Progress', 65, 78.19),
    (1107, 161, 53, 10, '2024-04-23 07:55:00', 'No-Show', 51, 92.36),
    (1108, 192, 68, 8, '2023-06-24 15:25:00', 'Completed', 66, 117.12),
    (1109, 45, 6, 2, '2024-11-10 13:55:00', 'Completed', 63, 121.72),
    (1110, 23, 3, 8, '2022-01-19 11:10:00', 'No-Show', 57, 111.71),
    (1111, 200, 58, 4, '2024-01-12 18:30:00', 'Rescheduled', 67, 140.43),
    (1112, 146, 135, 2, '2023-06-28 18:30:00', 'Cancelled', 55, 184.74),
    (1113, 7, 62, 4, '2023-02-11 12:10:00', 'Completed', 64, 77.91),
    (1114, 152, 9, 11, '2022-08-11 19:00:00', 'Rescheduled', 58, 77.6),
    (1115, 31, 68, 3, '2021-01-16 18:15:00', 'No-Show', 61, 78.43),
    (1116, 5, 77, 12, '2021-11-11 10:05:00', 'Completed', 71, 193.48),
    (1117, 1, 74, 5, '2023-08-19 11:10:00', 'Completed', 62, 97.56),
    (1118, 239, 7, 4, '2024-02-17 07:50:00', 'Completed', 47, 75.42),
    (1119, 198, 215, 12, '2023-07-19 07:00:00', 'Completed', 62, 78.52),
    (1120, 15, 199, 1, '2023-11-08 10:10:00', 'Cancelled', 50, 79.99),
    (1121, 73, 233, 12, '2023-05-11 10:00:00', 'In Progress', 63, 174.11),
    (1122, 131, 2, 2, '2023-07-26 15:00:00', 'Cancelled', 40, 99.12),
    (1123, 36, 1, 5, '2023-03-04 11:55:00', 'No-Show', 61, 95.04),
    (1124, 1, 63, 1, '2023-11-10 07:20:00', 'No-Show', 54, 85.37),
    (1125, 6, 56, 9, '2025-04-29 15:30:00', 'Completed', 49, 204.78),
    (1126, 172, 2, 11, '2023-03-23 15:30:00', 'Completed', 64, 95.21),
    (1127, 138, 56, 6, '2021-04-27 17:50:00', 'No-Show', 51, 161.57),
    (1128, 2, 33, 6, '2021-05-13 16:40:00', 'No-Show', 59, 87.13),
    (1129, 187, 3, 5, '2023-12-18 18:45:00', 'Completed', 48, 92.04),
    (1130, 41, 185, 5, '2022-07-23 09:05:00', 'No-Show', 65, 92.64),
    (1131, 54, 1, 10, '2022-11-20 16:15:00', 'Cancelled', 45, 76.76),
    (1132, 7, 7, 10, '2022-11-21 09:40:00', 'Completed', 50, 95.06),
    (1133, 83, 23, 12, '2024-04-20 15:10:00', 'No-Show', 30, 103.35),
    (1134, 1, 57, 5, '2024-08-10 09:45:00', 'No-Show', 55, 78.25),
    (1135, 8, 115, 12, '2023-07-30 17:05:00', 'In Progress', 63, 88.41),
    (1136, 161, 22, 10, '2021-07-06 10:20:00', 'Completed', 79, 100.17),
    (1137, 4, 25, 4, '2022-03-17 19:15:00', 'Cancelled', 55, 79.63),
    (1138, 5, 2, 10, '2021-10-09 07:15:00', 'Completed', 60, 98.09),
    (1139, 6, 24, 12, '2024-05-12 15:00:00', 'Cancelled', 58, 135.23),
    (1140, 70, 14, 11, '2024-08-12 16:25:00', 'In Progress', 46, 77.31),
    (1141, 56, 117, 10, '2022-03-07 19:10:00', 'Rescheduled', 65, 83.01),
    (1142, 90, 23, 12, '2022-06-10 15:10:00', 'No-Show', 43, 76.19),
    (1143, 253, 139, 10, '2021-02-18 12:25:00', 'Completed', 58, 105.33),
    (1144, 87, 30, 4, '2021-08-30 14:30:00', 'Cancelled', 61, 80.77),
    (1145, 130, 75, 10, '2024-09-03 12:20:00', 'Completed', 73, 128.57),
    (1146, 35, 93, 9, '2025-06-22 13:15:00', 'No-Show', 63, 85.86),
    (1147, 5, 111, 3, '2021-11-17 10:45:00', 'Completed', 63, 79.97),
    (1148, 83, 42, 10, '2025-05-24 08:10:00', 'No-Show', 70, 96.49),
    (1149, 246, 220, 1, '2022-06-29 08:45:00', 'No-Show', 46, 90.06),
    (1150, 115, 48, 8, '2021-12-22 12:20:00', 'Rescheduled', 64, 87.87),
    (1151, 18, 104, 5, '2024-12-03 10:25:00', 'No-Show', 63, 84.75),
    (1152, 40, 12, 11, '2024-12-02 18:05:00', 'In Progress', 58, 87.2),
    (1153, 100, 1, 1, '2024-05-07 14:10:00', 'In Progress', 60, 91.37),
    (1154, 88, 4, 12, '2021-12-06 17:30:00', 'Completed', 62, 76.36),
    (1155, 246, 63, 10, '2023-10-11 07:35:00', 'In Progress', 54, 122.37),
    (1156, 60, 19, 4, '2025-05-04 15:05:00', 'No-Show', 55, 111.74),
    (1157, 5, 131, 3, '2021-05-22 17:15:00', 'Completed', 64, 116.57),
    (1158, 243, 158, 5, '2024-11-21 10:25:00', 'Completed', 51, 146.58),
    (1159, 20, 161, 12, '2021-06-15 15:15:00', 'No-Show', 62, 82.32),
    (1160, 16, 2, 1, '2025-05-28 19:00:00', 'Completed', 72, 83.5),
    (1161, 22, 125, 4, '2023-07-09 17:45:00', 'Completed', 53, 99.85),
    (1162, 1, 169, 6, '2024-02-01 07:35:00', 'Cancelled', 68, 148.69),
    (1163, 247, 168, 6, '2022-11-21 16:50:00', 'Completed', 50, 91.05),
    (1164, 15, 2, 6, '2024-11-06 10:30:00', 'No-Show', 62, 87.56),
    (1165, 119, 22, 11, '2022-11-20 16:20:00', 'No-Show', 66, 116.22),
    (1166, 127, 1, 11, '2022-10-02 17:50:00', 'Cancelled', 50, 86.03),
    (1167, 5, 125, 10, '2021-05-08 07:50:00', 'Cancelled', 63, 86.3),
    (1168, 147, 1, 1, '2023-05-26 12:20:00', 'No-Show', 65, 91.49),
    (1169, 1, 1, 2, '2024-11-05 16:20:00', 'Rescheduled', 77, 76.36),
    (1170, 136, 81, 3, '2025-05-27 07:40:00', 'Completed', 65, 92.01),
    (1171, 3, 99, 12, '2024-11-12 07:30:00', 'Completed', 53, 136.63),
    (1172, 33, 102, 10, '2022-03-10 07:05:00', 'Completed', 70, 78.67),
    (1173, 93, 91, 9, '2022-10-20 08:10:00', 'Rescheduled', 76, 139.07),
    (1174, 259, 21, 2, '2021-06-16 13:15:00', 'No-Show', 53, 93.21),
    (1175, 7, 5, 8, '2024-10-27 09:45:00', 'Cancelled', 58, 79.0),
    (1176, 228, 157, 2, '2023-11-21 17:15:00', 'Completed', 58, 105.46),
    (1177, 205, 33, 3, '2023-09-15 17:55:00', 'Rescheduled', 57, 85.84),
    (1178, 90, 79, 7, '2024-11-18 16:05:00', 'Completed', 68, 75.12),
    (1179, 224, 56, 7, '2024-12-16 08:30:00', 'No-Show', 51, 115.96),
    (1180, 30, 5, 7, '2024-08-05 07:20:00', 'Completed', 54, 119.2),
    (1181, 34, 2, 7, '2023-05-29 09:45:00', 'In Progress', 49, 101.39),
    (1182, 17, 71, 10, '2023-03-24 12:05:00', 'Completed', 64, 381.04),
    (1183, 1, 84, 11, '2021-09-30 17:50:00', 'In Progress', 67, 75.7),
    (1184, 32, 237, 9, '2022-01-15 14:00:00', 'Cancelled', 69, 105.71),
    (1185, 206, 123, 1, '2021-10-24 08:50:00', 'Completed', 68, 77.34),
    (1186, 7, 236, 11, '2022-06-21 14:40:00', 'No-Show', 73, 79.01),
    (1187, 147, 106, 2, '2024-05-31 15:55:00', 'No-Show', 55, 107.44),
    (1188, 43, 108, 6, '2024-06-23 15:20:00', 'No-Show', 64, 83.25),
    (1189, 38, 103, 12, '2022-03-06 10:30:00', 'Cancelled', 59, 90.72),
    (1190, 4, 1, 4, '2023-11-28 07:35:00', 'Completed', 67, 97.64),
    (1191, 50, 1, 9, '2024-12-13 19:15:00', 'Cancelled', 65, 77.41),
    (1192, 2, 4, 10, '2021-09-05 19:20:00', 'No-Show', 45, 194.96),
    (1193, 105, 202, 1, '2021-12-04 14:25:00', 'Cancelled', 57, 96.7),
    (1194, 86, 16, 9, '2023-12-20 16:40:00', 'Rescheduled', 57, 90.16),
    (1195, 16, 70, 2, '2024-02-22 12:00:00', 'Completed', 66, 147.91),
    (1196, 36, 11, 3, '2022-01-09 13:50:00', 'Completed', 74, 184.15),
    (1197, 14, 2, 1, '2021-11-08 15:55:00', 'Cancelled', 63, 83.17),
    (1198, 31, 6, 9, '2025-05-01 10:55:00', 'Completed', 67, 76.53),
    (1199, 168, 8, 10, '2021-11-01 17:25:00', 'No-Show', 66, 91.02),
    (1200, 6, 144, 9, '2022-12-11 17:30:00', 'Rescheduled', 62, 114.1);

INSERT INTO "insurance_claims" ("claim_id", "appointment_id", "insurer_id", "submitted_date", "claim_status", "approved_amount", "denial_reason") VALUES
    (1, 179, 6, '2025-02-11', 'Submitted', NULL, NULL),
    (2, 297, 10, '2023-02-22', 'Partially Approved', NULL, NULL),
    (3, 446, 2, '2023-05-11', 'Submitted', 11.31, NULL),
    (4, 198, 4, '2025-04-02', 'Partially Approved', NULL, NULL),
    (5, 988, 5, '2024-11-13', 'Partially Approved', NULL, NULL),
    (6, 12, 4, '2025-06-03', 'Denied', 20.41, 'Coverage Lapsed'),
    (7, 66, 2, '2021-08-19', 'Submitted', 11.64, 'Missing Documentation'),
    (8, 592, 10, '2021-11-20', 'Under Review', 61.01, 'Not Medically Necessary'),
    (9, 560, 8, '2022-09-06', 'Denied', NULL, NULL),
    (10, 531, 3, '2024-09-16', 'Submitted', 85.63, NULL),
    (11, 1185, 1, '2024-05-15', 'Approved', 400.0, NULL),
    (12, 736, 8, '2023-05-18', 'Under Review', NULL, 'Missing Documentation'),
    (13, 197, 3, '2022-05-03', 'Denied', 1.13, NULL),
    (14, 248, 2, '2024-03-18', 'Approved', 6.18, 'Not Medically Necessary'),
    (15, 864, 1, '2023-10-07', 'Under Review', 14.22, 'Missing Documentation'),
    (16, 991, 1, '2025-01-17', 'Approved', NULL, NULL),
    (17, 1003, 10, '2024-12-11', 'Submitted', 63.53, NULL),
    (18, 775, 2, '2025-03-21', 'Submitted', 35.86, NULL),
    (19, 362, 10, '2024-07-10', 'Partially Approved', 55.66, 'Coverage Lapsed'),
    (20, 155, 3, '2022-04-12', 'Submitted', 0.33, NULL),
    (21, 1020, 1, '2024-03-13', 'Denied', 38.86, 'Visit Limit Exceeded'),
    (22, 1113, 3, '2023-12-12', 'Partially Approved', 14.31, NULL),
    (23, 936, 1, '2025-02-22', 'Partially Approved', NULL, NULL),
    (24, 655, 5, '2023-07-19', 'Submitted', 8.64, 'Duplicate Claim'),
    (25, 998, 3, '2024-09-15', 'Appealed', 13.05, NULL),
    (26, 433, 8, '2023-04-09', 'Submitted', 42.3, 'Not Medically Necessary'),
    (27, 510, 1, '2025-05-25', 'Approved', 15.65, NULL),
    (28, 243, 11, '2025-01-09', 'Denied', 332.91, 'Missing Documentation'),
    (29, 761, 7, '2024-12-06', 'Submitted', 46.22, NULL),
    (30, 806, 11, '2022-09-28', 'Submitted', 22.5, 'Duplicate Claim'),
    (31, 217, 5, '2023-12-20', 'Denied', 6.96, 'Duplicate Claim'),
    (32, 608, 1, '2023-03-29', 'Denied', 327.08, NULL),
    (33, 394, 4, '2023-03-30', 'Submitted', 21.43, NULL),
    (34, 68, 3, '2023-09-24', 'Partially Approved', 14.79, 'Coverage Lapsed'),
    (35, 1167, 1, '2022-07-03', 'Denied', 119.76, 'Coverage Lapsed'),
    (36, 839, 1, '2023-05-22', 'Denied', NULL, NULL),
    (37, 91, 2, '2024-09-05', 'Submitted', 42.98, NULL),
    (38, 231, 9, '2025-06-17', 'Under Review', 25.52, NULL),
    (39, 475, 4, '2025-05-20', 'Denied', 23.75, NULL),
    (40, 543, 3, '2023-01-30', 'Submitted', NULL, 'Missing Documentation'),
    (41, 301, 1, '2025-04-21', 'Denied', NULL, 'Coverage Lapsed'),
    (42, 552, 2, '2024-03-30', 'Submitted', 158.41, NULL),
    (43, 836, 9, '2024-02-22', 'Partially Approved', NULL, 'Visit Limit Exceeded'),
    (44, 891, 2, '2023-10-25', 'Denied', 73.4, 'Not Medically Necessary'),
    (45, 4, 4, '2025-03-02', 'Submitted', 31.07, 'Duplicate Claim'),
    (46, 1052, 3, '2024-05-26', 'Partially Approved', 6.32, 'Coverage Lapsed'),
    (47, 650, 3, '2022-03-21', 'Approved', 12.73, NULL),
    (48, 448, 6, '2024-05-20', 'Submitted', NULL, 'Not Medically Necessary'),
    (49, 1035, 8, '2022-10-23', 'Approved', 2.03, 'Coverage Lapsed'),
    (50, 41, 3, '2024-10-13', 'Submitted', 114.07, 'Out of Network'),
    (51, 972, 10, '2023-03-30', 'Approved', 347.07, NULL),
    (52, 370, 2, '2025-01-11', 'Under Review', 5.38, 'Coverage Lapsed'),
    (53, 1168, 3, '2023-09-24', 'Denied', 45.11, 'Coverage Lapsed'),
    (54, 383, 9, '2022-05-20', 'Approved', 87.94, 'Duplicate Claim'),
    (55, 1061, 6, '2022-08-14', 'Submitted', 33.78, NULL),
    (56, 228, 12, '2023-10-12', 'Partially Approved', 5.81, 'Out of Network'),
    (57, 193, 4, '2022-09-27', 'Submitted', 42.12, NULL),
    (58, 75, 5, '2023-03-12', 'Under Review', 28.11, 'Not Medically Necessary'),
    (59, 871, 9, '2024-04-20', 'Submitted', 22.5, NULL),
    (60, 371, 1, '2023-03-02', 'Partially Approved', 141.64, NULL),
    (61, 726, 1, '2023-09-05', 'Submitted', 15.71, 'Not Medically Necessary'),
    (62, 478, 11, '2023-06-14', 'Denied', 38.67, NULL),
    (63, 233, 2, '2025-02-01', 'Submitted', 12.18, NULL),
    (64, 299, 6, '2023-08-16', 'Submitted', 38.37, 'Coverage Lapsed'),
    (65, 44, 1, '2024-06-13', 'Approved', 53.31, NULL),
    (66, 150, 4, '2024-10-15', 'Submitted', 46.73, NULL),
    (67, 907, 1, '2024-10-05', 'Submitted', 89.56, NULL),
    (68, 227, 4, '2023-08-03', 'Submitted', NULL, 'Duplicate Claim'),
    (69, 31, 2, '2024-09-16', 'Partially Approved', NULL, NULL),
    (70, 1179, 1, '2023-02-13', 'Approved', NULL, NULL),
    (71, 28, 8, '2025-01-15', 'Submitted', 0.26, 'Coverage Lapsed'),
    (72, 937, 2, '2025-01-27', 'Approved', 9.37, 'Missing Documentation'),
    (73, 977, 1, '2023-08-04', 'Approved', 68.52, 'Coverage Lapsed'),
    (74, 948, 1, '2022-09-15', 'Approved', 386.32, NULL),
    (75, 333, 3, '2023-12-28', 'Denied', 4.24, NULL),
    (76, 1139, 4, '2023-01-01', 'Submitted', 10.64, NULL),
    (77, 1141, 2, '2023-08-01', 'Denied', 61.16, NULL),
    (78, 609, 5, '2024-03-25', 'Approved', NULL, 'Coverage Lapsed'),
    (79, 407, 2, '2024-05-16', 'Approved', 18.44, 'Not Medically Necessary'),
    (80, 855, 7, '2022-08-01', 'Submitted', 12.79, 'Not Medically Necessary'),
    (81, 1020, 12, '2024-10-28', 'Denied', 51.18, NULL),
    (82, 28, 12, '2022-09-27', 'Submitted', 34.23, NULL),
    (83, 524, 7, '2025-05-21', 'Partially Approved', 19.63, NULL),
    (84, 744, 1, '2024-08-10', 'Approved', 1.91, 'Not Medically Necessary'),
    (85, 285, 2, '2023-07-01', 'Submitted', 12.62, NULL),
    (86, 647, 8, '2024-08-05', 'Submitted', 11.27, NULL),
    (87, 796, 8, '2023-08-13', 'Submitted', 60.48, 'Not Medically Necessary'),
    (88, 895, 11, '2024-01-26', 'Denied', 14.48, NULL),
    (89, 7, 8, '2022-12-17', 'Under Review', 3.54, NULL),
    (90, 417, 8, '2021-05-12', 'Appealed', 7.42, NULL),
    (91, 566, 2, '2024-04-15', 'Under Review', 6.85, NULL),
    (92, 495, 3, '2025-03-08', 'Partially Approved', 44.15, 'Not Medically Necessary'),
    (93, 629, 9, '2024-10-27', 'Submitted', 8.86, NULL),
    (94, 697, 3, '2023-02-18', 'Submitted', NULL, 'Duplicate Claim'),
    (95, 1195, 5, '2023-05-10', 'Submitted', 72.62, NULL),
    (96, 811, 1, '2021-10-23', 'Under Review', 13.66, 'Not Medically Necessary'),
    (97, 416, 6, '2025-01-08', 'Under Review', 173.35, 'Duplicate Claim'),
    (98, 1092, 1, '2021-11-28', 'Submitted', 9.81, NULL),
    (99, 415, 9, '2025-01-17', 'Denied', NULL, 'Visit Limit Exceeded'),
    (100, 411, 5, '2022-12-02', 'Partially Approved', 29.93, NULL),
    (101, 422, 5, '2023-06-20', 'Denied', 56.04, NULL),
    (102, 98, 2, '2022-06-18', 'Approved', NULL, 'Not Medically Necessary'),
    (103, 1099, 6, '2023-10-26', 'Approved', 22.95, 'Not Medically Necessary'),
    (104, 1142, 7, '2024-11-29', 'Approved', 104.05, NULL),
    (105, 367, 5, '2024-09-05', 'Submitted', 20.2, 'Coverage Lapsed'),
    (106, 545, 11, '2025-06-27', 'Approved', NULL, 'Duplicate Claim'),
    (107, 697, 4, '2024-09-20', 'Appealed', 6.17, NULL),
    (108, 724, 4, '2024-10-21', 'Submitted', 18.02, 'Not Medically Necessary'),
    (109, 1113, 7, '2023-09-11', 'Submitted', 21.35, NULL),
    (110, 418, 8, '2025-02-24', 'Approved', NULL, 'Coverage Lapsed'),
    (111, 1032, 5, '2024-07-20', 'Approved', 68.05, NULL),
    (112, 887, 3, '2025-05-25', 'Partially Approved', 11.21, NULL),
    (113, 1165, 10, '2023-08-23', 'Partially Approved', 52.09, 'Coverage Lapsed'),
    (114, 249, 1, '2025-04-12', 'Under Review', 162.48, NULL),
    (115, 1179, 1, '2024-09-23', 'Submitted', NULL, 'Not Medically Necessary'),
    (116, 563, 7, '2024-12-21', 'Approved', 197.03, 'Duplicate Claim'),
    (117, 452, 2, '2024-01-18', 'Under Review', 131.72, 'Duplicate Claim'),
    (118, 844, 10, '2022-05-01', 'Submitted', NULL, NULL),
    (119, 135, 1, '2023-06-26', 'Denied', 3.24, NULL),
    (120, 165, 1, '2023-09-24', 'Partially Approved', 18.75, 'Coverage Lapsed'),
    (121, 1123, 1, '2024-08-11', 'Submitted', 18.33, NULL),
    (122, 293, 12, '2021-11-08', 'Partially Approved', 33.03, NULL),
    (123, 576, 1, '2024-11-14', 'Denied', 33.21, 'Coverage Lapsed'),
    (124, 63, 10, '2024-06-08', 'Approved', 26.73, 'Duplicate Claim'),
    (125, 579, 12, '2025-03-06', 'Under Review', 5.07, NULL),
    (126, 757, 1, '2023-10-08', 'Submitted', 52.59, 'Not Medically Necessary'),
    (127, 1176, 11, '2025-03-08', 'Partially Approved', 8.95, 'Duplicate Claim'),
    (128, 1009, 7, '2022-07-12', 'Submitted', 151.3, NULL),
    (129, 739, 1, '2024-01-26', 'Submitted', 10.95, 'Not Medically Necessary'),
    (130, 390, 9, '2025-02-12', 'Approved', 15.45, NULL),
    (131, 654, 1, '2023-07-10', 'Denied', NULL, 'Coverage Lapsed'),
    (132, 821, 11, '2024-11-09', 'Partially Approved', 6.43, NULL),
    (133, 492, 3, '2023-06-21', 'Approved', 48.11, NULL),
    (134, 533, 1, '2023-08-21', 'Submitted', 7.14, NULL),
    (135, 786, 2, '2024-12-29', 'Submitted', 1.32, NULL),
    (136, 26, 3, '2025-03-16', 'Partially Approved', NULL, 'Visit Limit Exceeded'),
    (137, 917, 7, '2023-11-22', 'Under Review', 30.92, NULL),
    (138, 426, 3, '2025-01-02', 'Partially Approved', 9.79, NULL),
    (139, 1017, 2, '2025-01-21', 'Approved', 0.25, 'Out of Network'),
    (140, 824, 4, '2023-09-10', 'Submitted', 17.9, NULL),
    (141, 285, 6, '2023-07-23', 'Under Review', 13.09, 'Missing Documentation'),
    (142, 473, 7, '2024-11-19', 'Partially Approved', 32.27, NULL),
    (143, 225, 3, '2024-09-18', 'Submitted', 309.27, 'Not Medically Necessary'),
    (144, 690, 8, '2024-02-23', 'Partially Approved', 5.23, 'Not Medically Necessary'),
    (145, 920, 1, '2021-05-21', 'Appealed', 77.84, NULL),
    (146, 790, 3, '2024-05-10', 'Submitted', 204.9, 'Not Medically Necessary'),
    (147, 614, 3, '2024-10-29', 'Approved', 13.01, NULL),
    (148, 313, 10, '2024-05-25', 'Appealed', 37.49, NULL),
    (149, 814, 10, '2023-11-26', 'Denied', 4.26, NULL),
    (150, 888, 2, '2023-01-18', 'Submitted', 9.06, NULL),
    (151, 1038, 10, '2024-07-25', 'Submitted', 41.14, 'Not Medically Necessary'),
    (152, 253, 6, '2023-10-14', 'Denied', 1.42, NULL),
    (153, 1147, 1, '2025-06-14', 'Submitted', 49.09, NULL),
    (154, 118, 1, '2024-06-23', 'Partially Approved', 27.41, 'Not Medically Necessary'),
    (155, 564, 11, '2024-12-14', 'Submitted', 50.26, NULL),
    (156, 322, 2, '2022-04-11', 'Submitted', 21.32, 'Not Medically Necessary'),
    (157, 590, 5, '2025-05-17', 'Submitted', 243.08, NULL),
    (158, 207, 2, '2022-02-02', 'Denied', 8.85, NULL),
    (159, 209, 3, '2025-06-24', 'Approved', 0.32, 'Duplicate Claim'),
    (160, 478, 2, '2025-02-07', 'Submitted', 9.2, 'Not Medically Necessary'),
    (161, 237, 2, '2022-07-28', 'Approved', 60.17, 'Duplicate Claim'),
    (162, 405, 1, '2025-06-04', 'Denied', 3.69, 'Visit Limit Exceeded'),
    (163, 1172, 5, '2023-01-11', 'Submitted', 49.97, 'Coverage Lapsed'),
    (164, 727, 8, '2025-03-13', 'Appealed', 8.74, NULL),
    (165, 600, 12, '2023-04-15', 'Approved', 20.65, 'Not Medically Necessary'),
    (166, 451, 2, '2023-06-13', 'Appealed', 153.53, NULL),
    (167, 608, 1, '2023-12-01', 'Approved', 87.1, NULL),
    (168, 411, 10, '2022-03-26', 'Approved', 24.81, NULL),
    (169, 596, 1, '2024-04-26', 'Submitted', 25.86, NULL),
    (170, 53, 5, '2025-05-11', 'Submitted', 7.88, 'Duplicate Claim'),
    (171, 558, 9, '2022-08-03', 'Submitted', NULL, 'Duplicate Claim'),
    (172, 723, 8, '2024-02-29', 'Approved', NULL, NULL),
    (173, 538, 12, '2024-11-03', 'Submitted', NULL, NULL),
    (174, 674, 4, '2025-01-21', 'Partially Approved', NULL, 'Not Medically Necessary'),
    (175, 1087, 1, '2023-12-16', 'Submitted', 2.22, NULL),
    (176, 297, 7, '2023-07-31', 'Submitted', 8.3, 'Coverage Lapsed'),
    (177, 604, 7, '2025-02-22', 'Approved', 9.91, NULL),
    (178, 27, 12, '2025-06-06', 'Denied', 132.16, 'Visit Limit Exceeded'),
    (179, 159, 2, '2025-06-12', 'Appealed', 7.17, 'Missing Documentation'),
    (180, 150, 6, '2024-05-09', 'Approved', 84.3, NULL),
    (181, 1006, 11, '2024-09-30', 'Denied', NULL, NULL),
    (182, 1103, 2, '2024-04-18', 'Approved', 19.06, NULL),
    (183, 401, 1, '2023-08-25', 'Under Review', NULL, 'Not Medically Necessary'),
    (184, 1158, 5, '2023-01-23', 'Submitted', 15.77, 'Duplicate Claim'),
    (185, 945, 5, '2024-03-27', 'Partially Approved', 81.62, NULL),
    (186, 620, 7, '2023-07-22', 'Approved', 14.58, NULL),
    (187, 939, 5, '2021-04-13', 'Submitted', 31.12, 'Not Medically Necessary'),
    (188, 150, 1, '2023-07-19', 'Appealed', 173.15, 'Missing Documentation'),
    (189, 62, 2, '2023-11-25', 'Partially Approved', 0.11, NULL),
    (190, 667, 12, '2025-01-12', 'Approved', 54.6, 'Visit Limit Exceeded'),
    (191, 1199, 1, '2022-07-13', 'Partially Approved', 45.2, NULL),
    (192, 6, 4, '2024-10-12', 'Submitted', 10.81, NULL),
    (193, 117, 2, '2024-05-05', 'Partially Approved', 2.24, NULL),
    (194, 113, 3, '2025-02-25', 'Approved', NULL, NULL),
    (195, 654, 2, '2024-11-14', 'Appealed', 16.17, NULL),
    (196, 42, 7, '2023-06-20', 'Appealed', 162.59, NULL),
    (197, 38, 2, '2022-10-08', 'Approved', NULL, NULL),
    (198, 280, 3, '2022-06-09', 'Denied', 19.3, 'Coverage Lapsed'),
    (199, 253, 1, '2025-05-09', 'Partially Approved', 4.21, 'Coverage Lapsed'),
    (200, 1020, 1, '2025-06-19', 'Submitted', 29.36, 'Missing Documentation');

INSERT INTO "insurance_claims" ("claim_id", "appointment_id", "insurer_id", "submitted_date", "claim_status", "approved_amount", "denial_reason") VALUES
    (201, 471, 10, '2024-08-13', 'Approved', 86.71, NULL),
    (202, 163, 3, '2023-03-27', 'Denied', NULL, 'Not Medically Necessary'),
    (203, 1090, 1, '2025-05-01', 'Submitted', 1.5, 'Missing Documentation'),
    (204, 966, 3, '2022-10-17', 'Submitted', 36.03, 'Coverage Lapsed'),
    (205, 927, 3, '2025-05-22', 'Under Review', 22.14, NULL),
    (206, 532, 7, '2025-06-06', 'Submitted', 381.87, NULL),
    (207, 479, 12, '2025-01-16', 'Approved', NULL, NULL),
    (208, 440, 4, '2024-10-15', 'Approved', 24.55, NULL),
    (209, 686, 12, '2022-09-18', 'Denied', 42.07, NULL),
    (210, 1162, 8, '2022-04-09', 'Approved', 4.06, NULL),
    (211, 822, 5, '2024-05-18', 'Submitted', 9.73, NULL),
    (212, 1090, 12, '2024-08-24', 'Denied', 50.05, NULL),
    (213, 640, 4, '2023-02-15', 'Denied', 1.21, NULL),
    (214, 633, 1, '2025-01-11', 'Submitted', 289.89, NULL),
    (215, 182, 3, '2023-12-25', 'Submitted', 179.71, 'Missing Documentation'),
    (216, 216, 1, '2024-10-14', 'Appealed', 8.96, 'Not Medically Necessary'),
    (217, 736, 9, '2024-03-23', 'Submitted', 14.0, NULL),
    (218, 473, 2, '2023-07-15', 'Approved', 16.01, 'Duplicate Claim'),
    (219, 362, 12, '2022-01-28', 'Submitted', NULL, 'Not Medically Necessary'),
    (220, 175, 7, '2024-05-03', 'Appealed', NULL, NULL),
    (221, 499, 1, '2024-05-31', 'Submitted', 88.9, NULL),
    (222, 1068, 3, '2021-12-20', 'Submitted', 89.55, NULL),
    (223, 968, 1, '2022-07-25', 'Denied', 7.22, 'Not Medically Necessary'),
    (224, 355, 1, '2024-06-02', 'Partially Approved', 10.31, NULL),
    (225, 378, 6, '2024-10-12', 'Submitted', 7.21, NULL),
    (226, 835, 9, '2021-04-06', 'Submitted', NULL, 'Duplicate Claim'),
    (227, 471, 1, '2022-12-02', 'Denied', 5.09, 'Missing Documentation'),
    (228, 245, 4, '2024-01-25', 'Approved', 78.44, 'Coverage Lapsed'),
    (229, 1078, 2, '2023-06-17', 'Appealed', NULL, 'Coverage Lapsed'),
    (230, 737, 8, '2024-03-07', 'Submitted', 16.93, 'Coverage Lapsed'),
    (231, 532, 3, '2023-01-10', 'Submitted', 50.26, 'Coverage Lapsed'),
    (232, 168, 1, '2024-01-26', 'Submitted', NULL, NULL),
    (233, 425, 1, '2025-02-11', 'Submitted', 10.11, NULL),
    (234, 951, 2, '2022-11-09', 'Submitted', NULL, 'Not Medically Necessary'),
    (235, 901, 1, '2024-03-22', 'Appealed', 65.62, NULL),
    (236, 15, 9, '2023-07-28', 'Submitted', 137.97, 'Not Medically Necessary'),
    (237, 1026, 1, '2024-08-24', 'Under Review', NULL, 'Missing Documentation'),
    (238, 1052, 2, '2023-09-10', 'Approved', NULL, NULL),
    (239, 336, 2, '2025-06-28', 'Denied', 142.94, 'Missing Documentation'),
    (240, 887, 1, '2024-12-02', 'Denied', 20.1, 'Coverage Lapsed'),
    (241, 567, 12, '2024-03-29', 'Submitted', 47.57, NULL),
    (242, 719, 2, '2025-01-13', 'Partially Approved', 25.54, NULL),
    (243, 1161, 3, '2025-05-23', 'Partially Approved', 117.31, NULL),
    (244, 321, 2, '2024-05-19', 'Approved', 187.89, NULL),
    (245, 274, 1, '2024-11-24', 'Under Review', 38.94, NULL),
    (246, 563, 2, '2022-07-31', 'Under Review', NULL, NULL),
    (247, 300, 1, '2025-04-25', 'Approved', 24.52, 'Duplicate Claim'),
    (248, 589, 1, '2024-02-21', 'Under Review', NULL, NULL),
    (249, 480, 7, '2023-05-17', 'Partially Approved', 46.0, 'Missing Documentation'),
    (250, 1142, 4, '2024-12-16', 'Denied', NULL, 'Not Medically Necessary'),
    (251, 781, 7, '2023-04-19', 'Approved', 11.58, 'Coverage Lapsed'),
    (252, 740, 1, '2025-06-20', 'Approved', 400.0, NULL),
    (253, 342, 10, '2023-04-13', 'Denied', 299.64, 'Not Medically Necessary'),
    (254, 123, 1, '2022-12-27', 'Approved', 0.2, NULL),
    (255, 642, 1, '2023-11-26', 'Submitted', 96.11, NULL),
    (256, 208, 8, '2023-07-09', 'Appealed', 0.76, NULL),
    (257, 1080, 6, '2025-01-25', 'Submitted', 35.81, NULL),
    (258, 412, 1, '2023-09-22', 'Submitted', 24.13, NULL),
    (259, 505, 1, '2024-11-25', 'Appealed', 9.18, 'Duplicate Claim'),
    (260, 572, 4, '2023-03-04', 'Submitted', 169.96, 'Not Medically Necessary'),
    (261, 1028, 2, '2023-05-10', 'Appealed', 53.46, NULL),
    (262, 30, 1, '2025-05-06', 'Appealed', 20.0, 'Duplicate Claim'),
    (263, 19, 6, '2025-01-01', 'Approved', 153.76, NULL),
    (264, 396, 1, '2023-02-10', 'Submitted', NULL, 'Not Medically Necessary'),
    (265, 20, 11, '2023-08-04', 'Submitted', 70.97, NULL),
    (266, 338, 8, '2023-12-09', 'Submitted', 3.49, 'Duplicate Claim'),
    (267, 892, 3, '2024-04-18', 'Denied', 16.48, NULL),
    (268, 782, 2, '2024-04-01', 'Submitted', NULL, 'Not Medically Necessary'),
    (269, 21, 3, '2023-11-05', 'Denied', 59.76, NULL),
    (270, 159, 1, '2024-09-08', 'Submitted', 178.31, NULL),
    (271, 619, 1, '2024-01-28', 'Approved', 22.07, 'Coverage Lapsed'),
    (272, 114, 7, '2023-01-21', 'Denied', 10.66, 'Missing Documentation'),
    (273, 58, 10, '2024-10-19', 'Submitted', NULL, 'Not Medically Necessary'),
    (274, 627, 10, '2023-09-21', 'Approved', 21.66, 'Not Medically Necessary'),
    (275, 97, 1, '2023-02-22', 'Submitted', 5.86, 'Not Medically Necessary'),
    (276, 874, 1, '2024-08-21', 'Appealed', 8.83, 'Duplicate Claim'),
    (277, 151, 1, '2024-10-01', 'Under Review', 41.35, NULL),
    (278, 377, 11, '2022-11-08', 'Under Review', 8.72, 'Coverage Lapsed'),
    (279, 415, 3, '2024-08-01', 'Partially Approved', 80.8, 'Not Medically Necessary'),
    (280, 843, 2, '2025-02-01', 'Denied', 0.54, 'Coverage Lapsed'),
    (281, 1103, 4, '2024-04-24', 'Submitted', NULL, NULL),
    (282, 701, 5, '2024-08-17', 'Appealed', NULL, NULL),
    (283, 756, 2, '2023-05-20', 'Partially Approved', 22.18, 'Coverage Lapsed'),
    (284, 273, 8, '2025-05-10', 'Appealed', 9.59, NULL),
    (285, 286, 3, '2023-08-28', 'Submitted', 14.23, NULL),
    (286, 463, 1, '2025-04-23', 'Under Review', NULL, NULL),
    (287, 1143, 4, '2021-12-06', 'Partially Approved', 178.16, 'Out of Network'),
    (288, 644, 2, '2021-11-28', 'Submitted', NULL, 'Not Medically Necessary'),
    (289, 807, 9, '2024-03-25', 'Under Review', 41.74, NULL),
    (290, 945, 2, '2024-12-26', 'Denied', 11.02, 'Out of Network'),
    (291, 945, 8, '2024-03-01', 'Appealed', 57.34, 'Not Medically Necessary'),
    (292, 137, 5, '2023-01-16', 'Partially Approved', 18.41, NULL),
    (293, 317, 4, '2024-01-06', 'Submitted', NULL, NULL),
    (294, 1013, 4, '2024-07-15', 'Submitted', 9.04, NULL),
    (295, 958, 5, '2022-10-26', 'Approved', 5.21, NULL),
    (296, 285, 6, '2024-03-09', 'Submitted', 0.07, NULL),
    (297, 688, 8, '2023-03-18', 'Denied', 23.56, NULL),
    (298, 842, 2, '2024-03-25', 'Appealed', 1.61, 'Coverage Lapsed'),
    (299, 190, 1, '2021-11-05', 'Submitted', 28.97, 'Not Medically Necessary'),
    (300, 181, 1, '2025-03-29', 'Under Review', 34.4, NULL),
    (301, 814, 3, '2024-06-19', 'Submitted', 90.88, NULL),
    (302, 759, 8, '2023-06-04', 'Submitted', 15.17, 'Out of Network'),
    (303, 471, 1, '2022-04-23', 'Under Review', 27.72, NULL),
    (304, 847, 1, '2024-11-09', 'Partially Approved', 400.0, 'Visit Limit Exceeded'),
    (305, 412, 5, '2025-05-17', 'Approved', 73.09, 'Not Medically Necessary'),
    (306, 918, 2, '2021-11-28', 'Approved', 400.0, NULL),
    (307, 162, 11, '2024-08-02', 'Partially Approved', NULL, NULL),
    (308, 460, 3, '2025-02-06', 'Denied', 1.46, 'Duplicate Claim'),
    (309, 104, 1, '2023-06-12', 'Submitted', 161.88, 'Coverage Lapsed'),
    (310, 731, 2, '2024-10-14', 'Approved', 243.33, 'Not Medically Necessary'),
    (311, 1127, 1, '2021-10-01', 'Appealed', 2.92, NULL),
    (312, 968, 7, '2025-06-25', 'Approved', 24.79, NULL),
    (313, 318, 6, '2024-03-17', 'Denied', 28.36, NULL),
    (314, 771, 1, '2025-01-30', 'Appealed', 39.34, NULL),
    (315, 52, 1, '2025-01-04', 'Partially Approved', 27.77, NULL),
    (316, 890, 1, '2024-01-28', 'Under Review', NULL, NULL),
    (317, 354, 3, '2024-09-05', 'Partially Approved', 70.08, NULL),
    (318, 1035, 9, '2021-10-27', 'Denied', 33.61, 'Coverage Lapsed'),
    (319, 458, 2, '2024-09-30', 'Approved', 15.32, 'Not Medically Necessary'),
    (320, 922, 1, '2025-06-22', 'Submitted', 38.36, NULL),
    (321, 879, 12, '2023-11-11', 'Under Review', 190.96, NULL),
    (322, 947, 2, '2023-10-24', 'Partially Approved', 11.54, NULL),
    (323, 1016, 2, '2022-09-10', 'Partially Approved', 27.74, NULL),
    (324, 379, 10, '2024-06-11', 'Partially Approved', 7.92, 'Out of Network'),
    (325, 406, 1, '2024-11-23', 'Appealed', 69.74, NULL),
    (326, 590, 1, '2024-11-17', 'Denied', NULL, 'Out of Network'),
    (327, 1185, 11, '2025-01-08', 'Under Review', NULL, NULL),
    (328, 571, 12, '2021-12-21', 'Submitted', 29.98, NULL),
    (329, 490, 9, '2024-06-30', 'Under Review', 57.69, 'Duplicate Claim'),
    (330, 806, 7, '2024-08-12', 'Submitted', NULL, NULL),
    (331, 510, 3, '2024-08-02', 'Approved', 76.62, 'Not Medically Necessary'),
    (332, 229, 2, '2025-04-22', 'Under Review', 1.62, 'Not Medically Necessary'),
    (333, 589, 2, '2024-06-29', 'Denied', 116.85, NULL),
    (334, 323, 12, '2021-11-08', 'Submitted', 103.95, NULL),
    (335, 612, 6, '2024-09-05', 'Approved', NULL, 'Coverage Lapsed'),
    (336, 982, 1, '2021-12-21', 'Under Review', NULL, NULL),
    (337, 780, 1, '2023-10-17', 'Partially Approved', 55.63, 'Duplicate Claim'),
    (338, 505, 3, '2023-12-11', 'Submitted', 57.0, 'Coverage Lapsed'),
    (339, 78, 7, '2024-04-27', 'Submitted', 32.64, 'Missing Documentation'),
    (340, 18, 4, '2023-04-23', 'Partially Approved', 43.67, 'Not Medically Necessary'),
    (341, 683, 2, '2024-02-28', 'Submitted', 44.57, 'Not Medically Necessary'),
    (342, 18, 1, '2022-12-23', 'Appealed', 13.24, NULL),
    (343, 24, 1, '2023-10-07', 'Approved', 57.18, 'Not Medically Necessary'),
    (344, 385, 10, '2023-12-18', 'Partially Approved', 168.79, NULL),
    (345, 623, 1, '2024-12-03', 'Approved', 15.33, 'Missing Documentation'),
    (346, 618, 1, '2022-04-15', 'Submitted', 38.32, 'Not Medically Necessary'),
    (347, 912, 3, '2023-05-09', 'Submitted', NULL, NULL),
    (348, 220, 9, '2024-06-18', 'Under Review', 3.33, NULL),
    (349, 107, 7, '2023-09-09', 'Submitted', 18.01, NULL),
    (350, 407, 5, '2025-06-18', 'Appealed', 7.82, 'Coverage Lapsed'),
    (351, 802, 7, '2024-11-17', 'Submitted', 17.67, 'Visit Limit Exceeded'),
    (352, 1104, 11, '2025-02-11', 'Appealed', 18.74, 'Duplicate Claim'),
    (353, 756, 1, '2024-01-01', 'Submitted', NULL, 'Not Medically Necessary'),
    (354, 1034, 1, '2022-07-28', 'Submitted', NULL, 'Coverage Lapsed'),
    (355, 1161, 9, '2025-06-14', 'Submitted', 36.13, 'Coverage Lapsed'),
    (356, 561, 5, '2023-12-19', 'Approved', 297.39, NULL),
    (357, 751, 9, '2025-06-21', 'Appealed', 2.62, NULL),
    (358, 425, 7, '2024-10-12', 'Appealed', 37.13, 'Not Medically Necessary'),
    (359, 1020, 1, '2021-11-19', 'Submitted', 10.66, 'Duplicate Claim'),
    (360, 91, 2, '2023-02-04', 'Submitted', 219.61, NULL),
    (361, 1195, 3, '2022-08-15', 'Submitted', 4.89, 'Not Medically Necessary'),
    (362, 262, 5, '2023-09-10', 'Partially Approved', 179.02, NULL),
    (363, 787, 11, '2025-06-16', 'Appealed', 5.06, 'Duplicate Claim'),
    (364, 506, 6, '2024-11-05', 'Approved', 12.54, NULL),
    (365, 220, 2, '2024-05-18', 'Approved', 35.88, 'Not Medically Necessary'),
    (366, 804, 4, '2025-05-20', 'Submitted', 74.55, 'Not Medically Necessary'),
    (367, 240, 1, '2023-01-14', 'Submitted', 16.74, NULL),
    (368, 248, 2, '2024-12-31', 'Denied', NULL, 'Not Medically Necessary'),
    (369, 135, 1, '2023-04-10', 'Denied', 86.9, 'Not Medically Necessary'),
    (370, 359, 1, '2023-12-01', 'Denied', 238.83, NULL),
    (371, 641, 12, '2024-01-19', 'Denied', 368.47, 'Duplicate Claim'),
    (372, 356, 2, '2025-03-26', 'Approved', 19.36, NULL),
    (373, 70, 9, '2024-02-17', 'Under Review', 50.52, NULL),
    (374, 999, 1, '2025-01-24', 'Denied', 400.0, 'Not Medically Necessary'),
    (375, 1064, 1, '2025-02-19', 'Appealed', NULL, 'Not Medically Necessary'),
    (376, 253, 5, '2024-08-31', 'Submitted', 15.21, NULL),
    (377, 414, 2, '2021-09-15', 'Approved', 21.06, NULL),
    (378, 34, 6, '2024-04-17', 'Submitted', 98.94, NULL),
    (379, 349, 1, '2025-06-08', 'Approved', 0.69, NULL),
    (380, 1109, 3, '2024-08-19', 'Partially Approved', 18.8, 'Visit Limit Exceeded'),
    (381, 1079, 2, '2025-06-25', 'Submitted', 19.03, NULL),
    (382, 873, 4, '2023-03-30', 'Partially Approved', 0.89, NULL),
    (383, 481, 8, '2025-02-19', 'Partially Approved', NULL, 'Duplicate Claim'),
    (384, 437, 2, '2024-02-21', 'Approved', 14.12, 'Coverage Lapsed'),
    (385, 407, 1, '2024-05-28', 'Submitted', 196.87, 'Out of Network'),
    (386, 311, 9, '2023-02-18', 'Submitted', 243.01, NULL),
    (387, 20, 6, '2025-06-16', 'Submitted', 32.53, 'Visit Limit Exceeded'),
    (388, 1148, 3, '2025-06-27', 'Denied', 23.4, NULL),
    (389, 356, 3, '2025-06-16', 'Submitted', 22.47, 'Duplicate Claim'),
    (390, 1001, 4, '2024-09-02', 'Denied', NULL, 'Duplicate Claim'),
    (391, 676, 1, '2025-05-31', 'Denied', 27.14, 'Not Medically Necessary'),
    (392, 491, 9, '2022-10-08', 'Denied', 10.43, NULL),
    (393, 968, 2, '2025-06-26', 'Partially Approved', 38.28, 'Not Medically Necessary'),
    (394, 559, 7, '2022-11-15', 'Submitted', 5.63, NULL),
    (395, 723, 5, '2023-04-08', 'Submitted', NULL, NULL),
    (396, 275, 1, '2023-03-20', 'Approved', NULL, 'Duplicate Claim'),
    (397, 929, 10, '2024-02-01', 'Partially Approved', 9.53, 'Missing Documentation'),
    (398, 627, 2, '2023-11-30', 'Partially Approved', 1.88, 'Out of Network'),
    (399, 42, 2, '2024-03-11', 'Submitted', 29.86, 'Out of Network'),
    (400, 429, 1, '2022-09-27', 'Submitted', 226.54, NULL);

INSERT INTO "insurance_claims" ("claim_id", "appointment_id", "insurer_id", "submitted_date", "claim_status", "approved_amount", "denial_reason") VALUES
    (401, 222, 4, '2024-08-28', 'Submitted', NULL, NULL),
    (402, 901, 3, '2024-09-16', 'Submitted', 80.38, 'Not Medically Necessary'),
    (403, 1130, 2, '2024-01-04', 'Submitted', 50.88, NULL),
    (404, 888, 3, '2024-05-08', 'Partially Approved', 32.06, 'Visit Limit Exceeded'),
    (405, 1003, 2, '2025-02-28', 'Submitted', 10.31, NULL),
    (406, 710, 1, '2025-03-09', 'Partially Approved', 39.17, 'Out of Network'),
    (407, 87, 1, '2024-06-11', 'Approved', 400.0, 'Not Medically Necessary'),
    (408, 90, 1, '2023-04-24', 'Partially Approved', 0.68, NULL),
    (409, 346, 12, '2023-07-20', 'Partially Approved', 38.35, NULL),
    (410, 1138, 12, '2025-03-02', 'Under Review', NULL, 'Coverage Lapsed'),
    (411, 111, 2, '2025-06-23', 'Submitted', 198.13, 'Not Medically Necessary'),
    (412, 686, 2, '2024-07-25', 'Denied', 48.81, 'Not Medically Necessary'),
    (413, 152, 6, '2024-11-25', 'Partially Approved', 13.4, 'Coverage Lapsed'),
    (414, 918, 6, '2024-02-06', 'Under Review', NULL, NULL),
    (415, 689, 11, '2024-12-28', 'Submitted', 5.68, NULL),
    (416, 1022, 2, '2024-06-26', 'Approved', 5.68, 'Duplicate Claim'),
    (417, 955, 8, '2025-02-11', 'Approved', 37.9, 'Coverage Lapsed'),
    (418, 125, 1, '2025-01-16', 'Approved', 1.99, NULL),
    (419, 6, 1, '2024-12-20', 'Submitted', NULL, 'Coverage Lapsed'),
    (420, 795, 4, '2025-02-12', 'Submitted', 212.54, 'Coverage Lapsed'),
    (421, 928, 10, '2024-07-15', 'Under Review', 33.4, NULL),
    (422, 921, 1, '2025-04-19', 'Approved', NULL, NULL),
    (423, 387, 2, '2024-06-23', 'Denied', 8.52, NULL),
    (424, 1136, 1, '2023-10-13', 'Approved', 49.73, 'Missing Documentation'),
    (425, 773, 1, '2024-03-16', 'Denied', NULL, NULL),
    (426, 794, 3, '2024-02-22', 'Approved', 0.46, 'Out of Network'),
    (427, 951, 4, '2025-02-03', 'Approved', 13.43, 'Out of Network'),
    (428, 923, 1, '2025-02-10', 'Submitted', 41.37, NULL),
    (429, 272, 1, '2024-12-31', 'Partially Approved', 1.91, NULL),
    (430, 261, 6, '2024-01-09', 'Denied', 253.08, 'Not Medically Necessary'),
    (431, 407, 1, '2024-09-29', 'Approved', 0.41, 'Not Medically Necessary'),
    (432, 410, 5, '2023-12-30', 'Denied', 0.97, 'Not Medically Necessary'),
    (433, 835, 12, '2025-04-25', 'Partially Approved', 76.5, NULL),
    (434, 1095, 11, '2023-09-11', 'Approved', 12.11, 'Duplicate Claim'),
    (435, 1176, 4, '2021-12-05', 'Submitted', 44.73, 'Not Medically Necessary'),
    (436, 1139, 1, '2023-04-15', 'Appealed', 0.58, 'Not Medically Necessary'),
    (437, 481, 11, '2024-08-01', 'Appealed', 4.47, 'Duplicate Claim'),
    (438, 795, 9, '2021-05-10', 'Denied', 29.99, NULL),
    (439, 1031, 11, '2025-02-19', 'Approved', 10.43, 'Missing Documentation'),
    (440, 523, 1, '2023-06-04', 'Partially Approved', 26.35, 'Out of Network'),
    (441, 49, 1, '2024-07-11', 'Approved', 19.32, 'Duplicate Claim'),
    (442, 484, 5, '2022-04-18', 'Submitted', 97.71, NULL),
    (443, 55, 11, '2024-02-21', 'Submitted', NULL, 'Duplicate Claim'),
    (444, 682, 12, '2024-10-10', 'Submitted', NULL, NULL),
    (445, 15, 5, '2022-10-03', 'Approved', 161.3, 'Duplicate Claim'),
    (446, 100, 2, '2024-04-09', 'Approved', 16.11, NULL),
    (447, 757, 11, '2025-03-26', 'Denied', NULL, 'Coverage Lapsed'),
    (448, 28, 3, '2022-02-09', 'Approved', 19.2, 'Missing Documentation'),
    (449, 6, 1, '2024-07-25', 'Submitted', 26.59, NULL),
    (450, 16, 9, '2024-12-07', 'Approved', 6.58, 'Visit Limit Exceeded'),
    (451, 1019, 2, '2024-04-17', 'Submitted', 102.19, 'Missing Documentation'),
    (452, 506, 1, '2025-02-05', 'Denied', 27.17, 'Not Medically Necessary'),
    (453, 815, 2, '2025-01-09', 'Submitted', 11.08, 'Missing Documentation'),
    (454, 558, 1, '2024-12-24', 'Submitted', 400.0, NULL),
    (455, 937, 1, '2025-04-02', 'Submitted', 6.76, 'Duplicate Claim'),
    (456, 498, 1, '2022-07-20', 'Appealed', 8.46, NULL),
    (457, 832, 4, '2025-06-16', 'Submitted', 40.76, 'Not Medically Necessary'),
    (458, 121, 1, '2024-05-10', 'Appealed', 2.55, NULL),
    (459, 741, 9, '2022-09-16', 'Submitted', 75.2, NULL),
    (460, 1022, 1, '2024-02-17', 'Under Review', 144.9, 'Duplicate Claim'),
    (461, 129, 8, '2022-02-14', 'Denied', NULL, NULL),
    (462, 618, 1, '2025-01-17', 'Approved', NULL, NULL),
    (463, 436, 7, '2022-03-16', 'Denied', 6.25, 'Missing Documentation'),
    (464, 727, 8, '2025-06-09', 'Under Review', 31.13, 'Duplicate Claim'),
    (465, 494, 1, '2023-05-15', 'Submitted', 217.87, NULL),
    (466, 1083, 7, '2023-01-04', 'Approved', 2.8, NULL),
    (467, 687, 2, '2023-03-19', 'Approved', 16.5, NULL),
    (468, 2, 1, '2021-04-18', 'Partially Approved', 32.69, NULL),
    (469, 748, 7, '2024-01-05', 'Approved', 1.61, NULL),
    (470, 493, 5, '2025-04-05', 'Under Review', 2.89, 'Not Medically Necessary'),
    (471, 1028, 5, '2024-01-18', 'Appealed', 20.44, NULL),
    (472, 735, 5, '2022-07-25', 'Submitted', 1.24, 'Coverage Lapsed'),
    (473, 525, 12, '2024-06-18', 'Appealed', 53.87, NULL),
    (474, 217, 10, '2024-11-05', 'Submitted', 11.93, 'Not Medically Necessary'),
    (475, 601, 2, '2023-09-07', 'Submitted', 108.19, NULL),
    (476, 16, 9, '2025-04-07', 'Submitted', 13.28, NULL),
    (477, 402, 6, '2022-10-22', 'Denied', NULL, NULL),
    (478, 140, 2, '2023-02-20', 'Under Review', 12.41, 'Not Medically Necessary'),
    (479, 367, 3, '2025-02-22', 'Approved', NULL, NULL),
    (480, 641, 2, '2022-06-03', 'Appealed', 44.76, NULL),
    (481, 322, 5, '2025-04-16', 'Partially Approved', 12.49, 'Missing Documentation'),
    (482, 506, 8, '2021-11-21', 'Appealed', 53.99, 'Duplicate Claim'),
    (483, 219, 7, '2025-02-19', 'Submitted', 75.81, 'Missing Documentation'),
    (484, 39, 4, '2024-10-02', 'Under Review', NULL, NULL),
    (485, 237, 2, '2024-05-21', 'Under Review', 27.11, 'Not Medically Necessary'),
    (486, 32, 3, '2025-02-07', 'Denied', 15.17, 'Missing Documentation'),
    (487, 899, 5, '2021-08-13', 'Denied', 242.17, 'Missing Documentation'),
    (488, 606, 1, '2023-02-20', 'Approved', NULL, 'Not Medically Necessary'),
    (489, 11, 5, '2023-11-24', 'Denied', 115.2, 'Not Medically Necessary'),
    (490, 650, 1, '2023-07-26', 'Approved', NULL, 'Coverage Lapsed'),
    (491, 474, 4, '2025-04-23', 'Submitted', NULL, NULL),
    (492, 419, 3, '2022-08-03', 'Partially Approved', 44.13, NULL),
    (493, 726, 6, '2023-12-14', 'Partially Approved', 3.15, NULL),
    (494, 853, 6, '2024-05-30', 'Partially Approved', 20.35, 'Duplicate Claim'),
    (495, 894, 1, '2022-06-06', 'Appealed', 15.91, 'Not Medically Necessary'),
    (496, 1026, 1, '2025-05-26', 'Approved', 13.85, NULL),
    (497, 244, 8, '2024-12-24', 'Partially Approved', 30.89, NULL),
    (498, 183, 4, '2025-05-16', 'Partially Approved', 5.85, 'Missing Documentation'),
    (499, 315, 6, '2025-05-20', 'Under Review', 160.95, NULL),
    (500, 904, 11, '2024-05-11', 'Submitted', 80.86, 'Not Medically Necessary'),
    (501, 605, 1, '2024-07-06', 'Under Review', 2.04, 'Not Medically Necessary'),
    (502, 186, 9, '2025-02-02', 'Denied', NULL, NULL),
    (503, 1081, 9, '2023-11-15', 'Submitted', NULL, NULL),
    (504, 794, 4, '2025-04-22', 'Submitted', 33.46, NULL),
    (505, 737, 2, '2025-01-22', 'Appealed', 11.44, 'Missing Documentation'),
    (506, 75, 1, '2021-11-17', 'Denied', 67.2, NULL),
    (507, 693, 2, '2024-10-10', 'Under Review', 22.71, NULL),
    (508, 99, 1, '2024-11-19', 'Approved', NULL, NULL),
    (509, 1131, 5, '2023-10-20', 'Submitted', 10.1, NULL),
    (510, 231, 6, '2025-05-02', 'Submitted', 28.88, NULL),
    (511, 746, 5, '2022-11-22', 'Approved', NULL, 'Out of Network'),
    (512, 545, 1, '2025-03-23', 'Submitted', 122.65, 'Missing Documentation'),
    (513, 217, 1, '2024-03-01', 'Submitted', 19.74, 'Duplicate Claim'),
    (514, 1187, 9, '2023-09-08', 'Under Review', 70.96, NULL),
    (515, 898, 6, '2022-11-04', 'Approved', 33.08, NULL),
    (516, 108, 1, '2024-08-07', 'Appealed', 190.72, 'Out of Network'),
    (517, 179, 1, '2023-04-07', 'Approved', NULL, 'Coverage Lapsed'),
    (518, 610, 6, '2024-11-22', 'Submitted', 20.82, NULL),
    (519, 850, 9, '2024-07-11', 'Submitted', NULL, 'Coverage Lapsed'),
    (520, 252, 1, '2023-10-09', 'Submitted', 82.03, NULL),
    (521, 843, 4, '2024-06-03', 'Under Review', 4.52, 'Coverage Lapsed'),
    (522, 896, 1, '2023-01-17', 'Approved', 40.77, NULL),
    (523, 613, 1, '2023-07-21', 'Denied', 36.49, NULL),
    (524, 795, 4, '2023-06-12', 'Submitted', 1.45, 'Coverage Lapsed'),
    (525, 306, 2, '2024-05-27', 'Approved', 20.82, NULL),
    (526, 502, 3, '2022-10-19', 'Approved', NULL, 'Coverage Lapsed'),
    (527, 687, 2, '2024-03-23', 'Submitted', 64.77, 'Coverage Lapsed'),
    (528, 230, 11, '2025-02-28', 'Denied', 6.58, 'Not Medically Necessary'),
    (529, 465, 11, '2023-10-29', 'Approved', 5.84, NULL),
    (530, 870, 1, '2023-08-24', 'Submitted', 29.02, NULL),
    (531, 631, 2, '2025-04-25', 'Partially Approved', NULL, NULL),
    (532, 1188, 5, '2025-06-29', 'Under Review', NULL, 'Not Medically Necessary'),
    (533, 672, 2, '2023-07-31', 'Under Review', 37.16, 'Missing Documentation'),
    (534, 330, 9, '2024-07-23', 'Denied', 9.58, NULL),
    (535, 109, 1, '2024-01-12', 'Submitted', 6.0, NULL),
    (536, 417, 5, '2024-12-08', 'Approved', NULL, NULL),
    (537, 997, 4, '2021-05-23', 'Submitted', 97.32, 'Not Medically Necessary'),
    (538, 231, 7, '2023-06-17', 'Partially Approved', 43.62, 'Visit Limit Exceeded'),
    (539, 1042, 3, '2024-11-17', 'Partially Approved', NULL, NULL),
    (540, 94, 2, '2022-09-09', 'Submitted', 0.36, 'Duplicate Claim'),
    (541, 416, 2, '2023-07-31', 'Approved', NULL, 'Not Medically Necessary'),
    (542, 843, 2, '2023-08-19', 'Submitted', 107.0, 'Not Medically Necessary'),
    (543, 897, 5, '2023-04-07', 'Approved', 92.69, 'Duplicate Claim'),
    (544, 400, 5, '2023-06-23', 'Denied', 47.4, 'Coverage Lapsed'),
    (545, 49, 11, '2024-12-15', 'Appealed', 0.27, 'Coverage Lapsed'),
    (546, 967, 6, '2023-02-21', 'Denied', 50.63, NULL),
    (547, 248, 1, '2023-01-04', 'Appealed', NULL, NULL),
    (548, 388, 1, '2023-05-31', 'Approved', 13.92, 'Not Medically Necessary'),
    (549, 419, 8, '2025-02-10', 'Appealed', 110.64, NULL),
    (550, 866, 3, '2024-04-16', 'Partially Approved', 2.16, 'Missing Documentation'),
    (551, 1189, 4, '2021-08-14', 'Under Review', 116.7, 'Coverage Lapsed'),
    (552, 1153, 10, '2025-05-25', 'Appealed', 2.42, NULL),
    (553, 1121, 7, '2024-07-10', 'Under Review', 9.14, NULL),
    (554, 169, 6, '2023-03-26', 'Denied', 23.16, 'Duplicate Claim'),
    (555, 158, 7, '2023-11-21', 'Submitted', 165.69, NULL),
    (556, 591, 5, '2024-04-23', 'Under Review', NULL, 'Not Medically Necessary'),
    (557, 1161, 3, '2025-06-13', 'Submitted', 4.69, 'Not Medically Necessary'),
    (558, 650, 5, '2025-02-19', 'Submitted', 0.31, NULL),
    (559, 80, 7, '2023-05-02', 'Partially Approved', 14.28, NULL),
    (560, 100, 4, '2024-05-19', 'Approved', 45.45, 'Out of Network'),
    (561, 366, 10, '2025-01-12', 'Approved', 5.77, 'Duplicate Claim'),
    (562, 53, 2, '2021-10-12', 'Submitted', NULL, 'Visit Limit Exceeded'),
    (563, 1176, 1, '2022-11-03', 'Submitted', NULL, 'Out of Network'),
    (564, 1124, 1, '2022-07-27', 'Approved', 20.54, 'Not Medically Necessary'),
    (565, 922, 7, '2023-09-15', 'Denied', NULL, 'Not Medically Necessary'),
    (566, 1102, 3, '2025-03-28', 'Denied', 71.86, 'Duplicate Claim'),
    (567, 37, 1, '2023-06-10', 'Under Review', 2.56, NULL),
    (568, 470, 12, '2023-03-04', 'Approved', 179.25, 'Duplicate Claim'),
    (569, 255, 1, '2022-12-21', 'Submitted', 44.61, NULL),
    (570, 1036, 2, '2024-10-01', 'Denied', 63.91, NULL),
    (571, 583, 1, '2024-02-16', 'Partially Approved', 12.86, 'Not Medically Necessary'),
    (572, 1025, 6, '2023-08-18', 'Partially Approved', 4.82, NULL),
    (573, 856, 7, '2023-09-21', 'Appealed', 3.37, 'Duplicate Claim'),
    (574, 649, 1, '2025-06-07', 'Under Review', 35.12, NULL),
    (575, 21, 4, '2023-09-29', 'Denied', 5.39, 'Not Medically Necessary'),
    (576, 113, 7, '2024-02-05', 'Submitted', 0.38, NULL),
    (577, 232, 3, '2023-07-18', 'Submitted', NULL, 'Not Medically Necessary'),
    (578, 287, 8, '2023-01-02', 'Partially Approved', 0.91, NULL),
    (579, 614, 5, '2025-01-16', 'Approved', 29.75, 'Missing Documentation'),
    (580, 1077, 1, '2025-03-28', 'Approved', NULL, 'Coverage Lapsed'),
    (581, 905, 2, '2025-06-12', 'Under Review', 1.79, NULL),
    (582, 607, 6, '2024-04-28', 'Denied', 18.12, 'Not Medically Necessary'),
    (583, 507, 5, '2022-06-16', 'Approved', NULL, NULL),
    (584, 983, 11, '2024-05-19', 'Submitted', 72.26, NULL),
    (585, 471, 1, '2024-03-06', 'Submitted', 0.67, NULL),
    (586, 97, 7, '2024-04-14', 'Submitted', 105.39, NULL),
    (587, 434, 5, '2022-11-09', 'Approved', 91.08, NULL),
    (588, 449, 7, '2025-02-09', 'Submitted', 27.06, 'Visit Limit Exceeded'),
    (589, 1125, 1, '2024-10-28', 'Submitted', 42.17, NULL),
    (590, 662, 4, '2025-01-15', 'Appealed', 23.93, NULL),
    (591, 859, 5, '2021-12-13', 'Submitted', 10.29, 'Visit Limit Exceeded'),
    (592, 217, 11, '2024-11-18', 'Submitted', 29.61, 'Visit Limit Exceeded'),
    (593, 166, 2, '2023-12-08', 'Partially Approved', 400.0, NULL),
    (594, 717, 4, '2024-08-11', 'Denied', 1.68, 'Visit Limit Exceeded'),
    (595, 493, 10, '2024-07-23', 'Appealed', 46.68, 'Missing Documentation'),
    (596, 650, 3, '2024-02-03', 'Appealed', 20.88, 'Not Medically Necessary'),
    (597, 167, 1, '2024-10-22', 'Submitted', 66.92, 'Missing Documentation'),
    (598, 343, 3, '2025-06-08', 'Submitted', 24.78, 'Not Medically Necessary'),
    (599, 1055, 3, '2022-06-13', 'Submitted', 12.25, 'Coverage Lapsed'),
    (600, 439, 4, '2023-06-23', 'Under Review', 15.9, 'Not Medically Necessary');

INSERT INTO "insurance_claims" ("claim_id", "appointment_id", "insurer_id", "submitted_date", "claim_status", "approved_amount", "denial_reason") VALUES
    (601, 470, 5, '2024-01-18', 'Approved', 3.83, NULL),
    (602, 879, 4, '2025-04-01', 'Partially Approved', 6.05, 'Not Medically Necessary'),
    (603, 220, 2, '2022-06-18', 'Under Review', 76.02, NULL),
    (604, 1179, 3, '2025-05-23', 'Approved', 3.99, NULL),
    (605, 405, 5, '2025-03-03', 'Submitted', NULL, NULL),
    (606, 789, 9, '2024-04-17', 'Denied', 11.86, 'Coverage Lapsed'),
    (607, 1063, 2, '2023-08-29', 'Denied', 11.37, NULL),
    (608, 26, 3, '2023-07-23', 'Approved', 86.7, 'Out of Network'),
    (609, 1145, 6, '2024-05-12', 'Submitted', 19.05, NULL),
    (610, 346, 3, '2024-09-03', 'Denied', 2.7, NULL),
    (611, 953, 3, '2025-01-28', 'Denied', 4.14, 'Duplicate Claim'),
    (612, 731, 1, '2025-06-15', 'Submitted', 1.78, 'Duplicate Claim'),
    (613, 155, 8, '2025-05-06', 'Submitted', 289.2, NULL),
    (614, 573, 3, '2024-11-05', 'Under Review', NULL, 'Coverage Lapsed'),
    (615, 749, 2, '2025-06-10', 'Submitted', 15.12, NULL),
    (616, 553, 7, '2023-10-28', 'Submitted', 0.63, NULL),
    (617, 953, 3, '2022-03-05', 'Approved', 70.13, NULL),
    (618, 546, 12, '2024-04-09', 'Approved', 20.59, 'Not Medically Necessary'),
    (619, 1156, 1, '2022-10-12', 'Submitted', 139.2, 'Not Medically Necessary'),
    (620, 862, 1, '2024-09-12', 'Under Review', 10.34, NULL),
    (621, 992, 7, '2022-06-06', 'Denied', 93.9, 'Visit Limit Exceeded'),
    (622, 449, 3, '2024-01-04', 'Approved', 16.05, 'Visit Limit Exceeded'),
    (623, 1008, 1, '2022-09-15', 'Appealed', NULL, 'Out of Network'),
    (624, 681, 5, '2024-06-29', 'Approved', 33.15, NULL),
    (625, 1187, 5, '2024-08-26', 'Partially Approved', 324.53, 'Missing Documentation'),
    (626, 612, 1, '2024-11-07', 'Submitted', 16.3, 'Not Medically Necessary'),
    (627, 646, 1, '2022-10-22', 'Submitted', 2.16, 'Visit Limit Exceeded'),
    (628, 348, 12, '2024-12-10', 'Submitted', 3.3, NULL),
    (629, 241, 3, '2023-04-01', 'Submitted', 147.57, NULL),
    (630, 241, 2, '2024-05-14', 'Submitted', 20.24, NULL),
    (631, 1004, 4, '2024-11-29', 'Submitted', 45.76, NULL),
    (632, 1062, 3, '2023-04-23', 'Submitted', NULL, 'Coverage Lapsed'),
    (633, 1181, 9, '2025-05-30', 'Under Review', 23.41, NULL),
    (634, 433, 11, '2023-04-22', 'Submitted', 400.0, NULL),
    (635, 1150, 7, '2023-07-20', 'Submitted', NULL, 'Not Medically Necessary'),
    (636, 960, 10, '2022-04-26', 'Partially Approved', 0.64, 'Not Medically Necessary'),
    (637, 128, 7, '2024-11-04', 'Denied', NULL, 'Coverage Lapsed'),
    (638, 46, 3, '2024-03-12', 'Partially Approved', NULL, NULL),
    (639, 395, 2, '2024-06-29', 'Approved', 15.28, NULL),
    (640, 1057, 2, '2021-08-03', 'Partially Approved', 58.34, NULL),
    (641, 462, 3, '2024-11-19', 'Approved', 30.23, 'Coverage Lapsed'),
    (642, 790, 5, '2023-01-24', 'Approved', 7.0, 'Duplicate Claim'),
    (643, 576, 3, '2025-03-28', 'Denied', 17.54, NULL),
    (644, 457, 6, '2024-04-30', 'Approved', 11.52, 'Coverage Lapsed'),
    (645, 868, 12, '2023-02-06', 'Denied', 15.25, NULL),
    (646, 643, 7, '2024-09-01', 'Approved', 16.95, NULL),
    (647, 77, 7, '2023-01-18', 'Under Review', 1.07, 'Coverage Lapsed'),
    (648, 275, 4, '2023-05-13', 'Submitted', 93.61, NULL),
    (649, 1044, 2, '2024-03-04', 'Denied', 1.41, NULL),
    (650, 149, 10, '2023-09-11', 'Submitted', 18.21, 'Coverage Lapsed'),
    (651, 82, 11, '2025-02-15', 'Submitted', 10.71, 'Not Medically Necessary'),
    (652, 717, 5, '2025-01-05', 'Appealed', 18.34, NULL),
    (653, 558, 3, '2022-07-10', 'Approved', 23.89, NULL),
    (654, 533, 1, '2024-08-16', 'Submitted', 400.0, NULL),
    (655, 1103, 4, '2022-05-09', 'Partially Approved', 2.88, NULL),
    (656, 815, 2, '2023-04-10', 'Denied', 19.92, NULL),
    (657, 8, 6, '2025-06-02', 'Partially Approved', 6.14, NULL),
    (658, 548, 2, '2024-09-04', 'Approved', NULL, 'Missing Documentation'),
    (659, 695, 12, '2024-12-30', 'Submitted', 31.31, 'Not Medically Necessary'),
    (660, 1162, 5, '2025-06-14', 'Submitted', 3.25, NULL),
    (661, 765, 1, '2023-06-27', 'Partially Approved', 41.59, NULL),
    (662, 924, 1, '2022-01-29', 'Partially Approved', 71.61, NULL),
    (663, 850, 8, '2024-11-23', 'Denied', NULL, NULL),
    (664, 748, 6, '2025-04-28', 'Submitted', 47.24, 'Coverage Lapsed'),
    (665, 725, 2, '2022-05-04', 'Under Review', 115.26, NULL),
    (666, 855, 4, '2025-01-21', 'Approved', 47.75, 'Missing Documentation'),
    (667, 230, 1, '2024-03-11', 'Approved', NULL, NULL),
    (668, 892, 2, '2024-05-10', 'Under Review', 4.92, NULL),
    (669, 861, 1, '2023-12-18', 'Partially Approved', 400.0, NULL),
    (670, 169, 2, '2025-03-30', 'Submitted', 161.66, NULL),
    (671, 380, 7, '2024-11-22', 'Partially Approved', 8.62, NULL),
    (672, 81, 4, '2024-12-26', 'Approved', 0.3, NULL),
    (673, 74, 1, '2023-10-08', 'Denied', 2.63, NULL),
    (674, 449, 1, '2025-05-05', 'Denied', 60.71, NULL),
    (675, 230, 2, '2025-01-04', 'Approved', 113.03, NULL),
    (676, 35, 1, '2024-01-20', 'Approved', 149.05, 'Duplicate Claim'),
    (677, 1107, 11, '2024-09-16', 'Denied', 160.12, 'Not Medically Necessary'),
    (678, 1097, 7, '2025-02-17', 'Appealed', NULL, 'Duplicate Claim'),
    (679, 503, 1, '2024-09-24', 'Approved', 7.35, 'Not Medically Necessary'),
    (680, 1065, 7, '2022-03-20', 'Under Review', NULL, 'Out of Network'),
    (681, 284, 5, '2023-09-06', 'Under Review', NULL, 'Visit Limit Exceeded'),
    (682, 52, 1, '2023-09-01', 'Denied', NULL, NULL),
    (683, 66, 1, '2024-01-16', 'Appealed', NULL, 'Duplicate Claim'),
    (684, 1136, 2, '2023-11-05', 'Under Review', NULL, 'Not Medically Necessary'),
    (685, 285, 3, '2025-06-26', 'Approved', 36.0, NULL),
    (686, 1029, 2, '2023-11-16', 'Partially Approved', 1.72, NULL),
    (687, 183, 1, '2024-03-11', 'Denied', 15.92, 'Missing Documentation'),
    (688, 442, 7, '2023-01-05', 'Submitted', 139.29, 'Coverage Lapsed'),
    (689, 351, 1, '2023-04-06', 'Submitted', 14.5, NULL),
    (690, 716, 8, '2023-02-16', 'Approved', 94.08, 'Out of Network'),
    (691, 419, 4, '2024-07-10', 'Denied', NULL, 'Coverage Lapsed'),
    (692, 1003, 4, '2024-01-03', 'Partially Approved', 59.4, 'Duplicate Claim'),
    (693, 210, 4, '2024-12-17', 'Submitted', NULL, NULL),
    (694, 1092, 4, '2024-05-29', 'Submitted', 9.36, NULL),
    (695, 635, 6, '2024-11-23', 'Approved', 0.43, 'Not Medically Necessary'),
    (696, 893, 9, '2025-06-01', 'Appealed', 30.13, 'Coverage Lapsed'),
    (697, 76, 3, '2024-09-19', 'Appealed', 12.24, NULL),
    (698, 1166, 1, '2024-07-01', 'Approved', 105.76, NULL),
    (699, 32, 10, '2023-08-07', 'Under Review', NULL, 'Duplicate Claim'),
    (700, 614, 3, '2024-03-31', 'Appealed', 5.24, NULL),
    (701, 1089, 3, '2023-07-03', 'Submitted', 4.15, NULL),
    (702, 208, 9, '2022-04-05', 'Denied', 7.44, NULL),
    (703, 695, 1, '2023-08-08', 'Approved', 8.02, 'Coverage Lapsed'),
    (704, 520, 1, '2024-09-23', 'Denied', 8.95, 'Missing Documentation'),
    (705, 84, 2, '2022-06-25', 'Submitted', 16.89, 'Not Medically Necessary'),
    (706, 375, 12, '2023-01-27', 'Approved', 40.81, NULL),
    (707, 111, 11, '2025-05-01', 'Approved', NULL, 'Not Medically Necessary'),
    (708, 1067, 6, '2024-10-02', 'Denied', 27.22, NULL),
    (709, 214, 7, '2025-03-26', 'Submitted', NULL, NULL),
    (710, 66, 1, '2022-04-26', 'Denied', 28.59, 'Not Medically Necessary'),
    (711, 249, 1, '2024-03-11', 'Approved', 10.99, NULL),
    (712, 874, 5, '2024-07-10', 'Approved', 11.46, NULL),
    (713, 1161, 10, '2022-09-13', 'Submitted', 40.88, NULL),
    (714, 120, 12, '2022-07-01', 'Approved', 53.19, 'Not Medically Necessary'),
    (715, 179, 2, '2022-02-19', 'Partially Approved', 16.78, 'Visit Limit Exceeded'),
    (716, 36, 10, '2025-06-22', 'Approved', 4.94, NULL),
    (717, 915, 3, '2023-07-28', 'Submitted', NULL, NULL),
    (718, 613, 4, '2022-08-13', 'Submitted', NULL, NULL),
    (719, 634, 5, '2021-09-12', 'Denied', NULL, NULL),
    (720, 447, 1, '2024-09-21', 'Denied', 34.88, NULL),
    (721, 1105, 1, '2025-02-26', 'Partially Approved', 41.65, 'Coverage Lapsed'),
    (722, 1182, 4, '2024-10-22', 'Appealed', 26.57, 'Missing Documentation'),
    (723, 321, 1, '2023-07-26', 'Submitted', 1.37, NULL),
    (724, 526, 5, '2023-10-09', 'Partially Approved', 15.48, 'Duplicate Claim'),
    (725, 2, 7, '2025-05-07', 'Submitted', 16.12, NULL),
    (726, 483, 5, '2024-02-07', 'Approved', NULL, 'Out of Network'),
    (727, 1146, 9, '2024-11-08', 'Approved', NULL, 'Duplicate Claim'),
    (728, 661, 7, '2025-05-01', 'Submitted', 10.34, 'Coverage Lapsed'),
    (729, 223, 1, '2021-05-23', 'Under Review', 16.71, 'Out of Network'),
    (730, 736, 10, '2025-02-20', 'Submitted', 18.24, 'Out of Network'),
    (731, 164, 1, '2024-06-04', 'Approved', 15.21, 'Duplicate Claim'),
    (732, 967, 6, '2022-11-25', 'Denied', 7.75, NULL),
    (733, 1, 1, '2023-07-19', 'Submitted', 3.24, NULL),
    (734, 299, 6, '2024-10-26', 'Approved', 3.75, 'Not Medically Necessary'),
    (735, 907, 5, '2025-01-06', 'Submitted', 122.39, NULL),
    (736, 1155, 9, '2025-02-25', 'Submitted', 98.88, NULL),
    (737, 518, 12, '2025-04-04', 'Approved', 53.88, NULL),
    (738, 891, 6, '2025-01-21', 'Approved', 252.09, NULL),
    (739, 927, 12, '2024-05-04', 'Denied', 346.87, 'Coverage Lapsed'),
    (740, 612, 3, '2021-12-03', 'Submitted', NULL, NULL),
    (741, 488, 1, '2022-08-31', 'Denied', NULL, 'Not Medically Necessary'),
    (742, 71, 1, '2023-12-03', 'Approved', 14.83, NULL),
    (743, 1146, 2, '2024-02-09', 'Partially Approved', 298.01, 'Not Medically Necessary'),
    (744, 665, 4, '2021-10-09', 'Denied', 26.22, NULL),
    (745, 746, 2, '2023-06-03', 'Denied', 3.21, 'Visit Limit Exceeded'),
    (746, 1032, 4, '2022-11-19', 'Approved', 2.19, NULL),
    (747, 306, 3, '2024-08-22', 'Denied', 22.5, 'Out of Network'),
    (748, 1070, 1, '2023-08-15', 'Submitted', 400.0, 'Duplicate Claim'),
    (749, 963, 1, '2023-02-03', 'Under Review', NULL, NULL),
    (750, 869, 10, '2023-03-25', 'Submitted', 115.59, 'Out of Network'),
    (751, 1053, 2, '2024-12-14', 'Approved', 11.0, NULL),
    (752, 1190, 6, '2023-03-25', 'Approved', 26.7, 'Coverage Lapsed'),
    (753, 79, 4, '2022-08-30', 'Partially Approved', 114.13, 'Coverage Lapsed'),
    (754, 793, 2, '2022-05-12', 'Submitted', NULL, NULL),
    (755, 1015, 4, '2025-05-10', 'Approved', 19.47, 'Not Medically Necessary'),
    (756, 1162, 5, '2023-01-11', 'Denied', 80.22, 'Out of Network'),
    (757, 480, 1, '2021-07-14', 'Approved', 32.5, NULL),
    (758, 167, 1, '2024-08-17', 'Submitted', 19.66, NULL),
    (759, 52, 2, '2021-08-26', 'Submitted', 10.21, 'Coverage Lapsed'),
    (760, 1026, 4, '2023-05-17', 'Appealed', 142.1, 'Out of Network'),
    (761, 777, 5, '2024-08-01', 'Under Review', 2.87, NULL),
    (762, 1002, 4, '2025-03-29', 'Appealed', 14.01, NULL),
    (763, 565, 8, '2022-06-26', 'Appealed', 48.02, NULL),
    (764, 224, 3, '2024-11-29', 'Submitted', NULL, 'Not Medically Necessary'),
    (765, 151, 4, '2025-03-09', 'Partially Approved', 10.02, NULL),
    (766, 484, 2, '2024-05-10', 'Submitted', 20.44, 'Not Medically Necessary'),
    (767, 292, 1, '2023-06-19', 'Approved', 77.07, 'Not Medically Necessary'),
    (768, 1140, 9, '2024-11-24', 'Approved', 24.51, NULL),
    (769, 423, 1, '2023-07-18', 'Approved', 8.27, NULL),
    (770, 394, 3, '2024-10-12', 'Denied', 92.92, 'Coverage Lapsed'),
    (771, 344, 1, '2022-01-15', 'Partially Approved', 1.13, 'Coverage Lapsed'),
    (772, 985, 7, '2025-05-15', 'Under Review', 78.8, 'Missing Documentation'),
    (773, 344, 2, '2024-11-04', 'Submitted', 26.2, NULL),
    (774, 1039, 11, '2025-06-24', 'Denied', 35.85, NULL),
    (775, 544, 1, '2024-04-22', 'Submitted', 56.62, NULL),
    (776, 294, 1, '2022-07-07', 'Denied', 31.28, NULL),
    (777, 931, 2, '2025-03-13', 'Submitted', 20.06, NULL),
    (778, 731, 6, '2022-11-12', 'Under Review', 30.98, NULL),
    (779, 486, 1, '2025-04-21', 'Under Review', 400.0, 'Not Medically Necessary'),
    (780, 257, 1, '2023-11-10', 'Under Review', 18.81, 'Not Medically Necessary'),
    (781, 259, 1, '2025-06-05', 'Submitted', 66.42, NULL),
    (782, 673, 7, '2024-12-08', 'Approved', 47.73, 'Not Medically Necessary'),
    (783, 788, 1, '2022-01-28', 'Under Review', 26.37, NULL),
    (784, 445, 1, '2023-05-28', 'Submitted', 8.21, 'Missing Documentation'),
    (785, 660, 2, '2023-09-15', 'Under Review', 11.37, NULL),
    (786, 717, 3, '2023-11-05', 'Submitted', 60.27, 'Missing Documentation'),
    (787, 1093, 4, '2023-03-24', 'Partially Approved', NULL, 'Coverage Lapsed'),
    (788, 379, 1, '2024-06-26', 'Approved', 216.6, 'Not Medically Necessary'),
    (789, 959, 9, '2024-06-25', 'Submitted', 1.56, 'Not Medically Necessary'),
    (790, 258, 7, '2022-02-24', 'Partially Approved', NULL, NULL),
    (791, 289, 3, '2024-05-15', 'Submitted', 20.68, NULL),
    (792, 287, 9, '2024-08-12', 'Submitted', 22.1, NULL),
    (793, 668, 7, '2024-05-14', 'Partially Approved', 400.0, 'Not Medically Necessary'),
    (794, 517, 2, '2025-05-28', 'Submitted', 44.37, 'Coverage Lapsed'),
    (795, 183, 7, '2024-08-21', 'Under Review', 80.44, NULL),
    (796, 443, 1, '2022-10-26', 'Approved', NULL, NULL),
    (797, 604, 1, '2024-09-25', 'Partially Approved', 27.43, 'Duplicate Claim'),
    (798, 67, 1, '2024-11-21', 'Partially Approved', 26.83, NULL),
    (799, 1101, 3, '2025-01-13', 'Submitted', 104.65, 'Not Medically Necessary'),
    (800, 557, 1, '2023-09-25', 'Appealed', 96.95, NULL);

INSERT INTO "insurance_claims" ("claim_id", "appointment_id", "insurer_id", "submitted_date", "claim_status", "approved_amount", "denial_reason") VALUES
    (801, 725, 1, '2025-01-06', 'Submitted', 3.19, NULL),
    (802, 941, 4, '2024-08-03', 'Denied', 2.84, 'Coverage Lapsed'),
    (803, 732, 1, '2023-11-17', 'Appealed', 24.07, 'Not Medically Necessary'),
    (804, 923, 1, '2023-03-21', 'Appealed', 63.81, NULL),
    (805, 460, 2, '2024-01-29', 'Appealed', 11.94, NULL),
    (806, 3, 8, '2024-12-10', 'Under Review', 47.86, 'Missing Documentation'),
    (807, 1085, 1, '2024-03-09', 'Denied', 84.09, 'Coverage Lapsed'),
    (808, 80, 12, '2023-04-12', 'Appealed', NULL, NULL),
    (809, 792, 1, '2024-09-19', 'Approved', 25.92, NULL),
    (810, 310, 2, '2023-06-21', 'Submitted', 2.12, 'Not Medically Necessary'),
    (811, 1049, 6, '2023-02-07', 'Partially Approved', 53.54, 'Not Medically Necessary'),
    (812, 963, 1, '2023-05-23', 'Denied', 25.69, 'Duplicate Claim'),
    (813, 276, 5, '2024-07-22', 'Approved', 31.88, 'Missing Documentation'),
    (814, 452, 3, '2022-02-19', 'Appealed', 18.25, 'Missing Documentation'),
    (815, 90, 4, '2022-08-23', 'Denied', 99.47, 'Not Medically Necessary'),
    (816, 768, 4, '2025-06-03', 'Partially Approved', 11.64, 'Coverage Lapsed'),
    (817, 763, 3, '2025-05-10', 'Submitted', 58.73, NULL),
    (818, 624, 2, '2024-01-09', 'Approved', NULL, 'Coverage Lapsed'),
    (819, 774, 11, '2023-03-18', 'Denied', 0.96, 'Duplicate Claim'),
    (820, 741, 4, '2024-01-14', 'Submitted', 11.17, 'Not Medically Necessary'),
    (821, 31, 3, '2025-02-23', 'Denied', 89.0, 'Duplicate Claim'),
    (822, 414, 2, '2025-05-09', 'Submitted', 7.18, NULL),
    (823, 453, 1, '2024-01-06', 'Denied', 5.15, 'Coverage Lapsed'),
    (824, 215, 5, '2024-02-16', 'Approved', 6.98, 'Not Medically Necessary'),
    (825, 570, 2, '2022-02-23', 'Under Review', 3.38, 'Duplicate Claim'),
    (826, 1095, 3, '2024-10-30', 'Approved', 184.38, NULL),
    (827, 686, 1, '2024-10-14', 'Partially Approved', 65.18, NULL),
    (828, 761, 1, '2023-01-17', 'Denied', 40.3, NULL),
    (829, 886, 9, '2024-07-13', 'Approved', 65.34, 'Coverage Lapsed'),
    (830, 912, 9, '2024-10-12', 'Partially Approved', NULL, NULL),
    (831, 346, 1, '2023-10-09', 'Partially Approved', 0.0, 'Coverage Lapsed'),
    (832, 829, 4, '2024-04-11', 'Appealed', 10.48, NULL),
    (833, 10, 8, '2025-05-29', 'Submitted', 22.4, 'Out of Network'),
    (834, 943, 4, '2023-04-14', 'Appealed', 13.31, NULL),
    (835, 727, 7, '2023-01-13', 'Partially Approved', 16.9, 'Not Medically Necessary'),
    (836, 1071, 6, '2023-09-16', 'Appealed', 162.81, 'Not Medically Necessary'),
    (837, 1013, 10, '2025-01-21', 'Submitted', 23.98, 'Duplicate Claim'),
    (838, 1101, 5, '2024-11-12', 'Submitted', 400.0, 'Missing Documentation'),
    (839, 16, 3, '2025-01-15', 'Appealed', NULL, NULL),
    (840, 898, 8, '2023-06-08', 'Submitted', 14.95, 'Coverage Lapsed'),
    (841, 117, 1, '2025-04-07', 'Submitted', 6.92, NULL),
    (842, 921, 1, '2024-08-09', 'Denied', 15.41, NULL),
    (843, 444, 12, '2023-09-25', 'Submitted', 61.67, NULL),
    (844, 677, 11, '2025-06-28', 'Approved', 197.92, NULL),
    (845, 261, 1, '2022-10-15', 'Approved', 63.26, 'Not Medically Necessary'),
    (846, 734, 3, '2025-05-30', 'Partially Approved', 64.33, NULL),
    (847, 583, 2, '2023-03-31', 'Approved', 58.33, 'Duplicate Claim'),
    (848, 655, 1, '2025-03-03', 'Partially Approved', NULL, 'Not Medically Necessary'),
    (849, 1137, 1, '2024-12-20', 'Approved', 24.89, 'Duplicate Claim'),
    (850, 463, 6, '2023-07-17', 'Denied', 13.82, 'Not Medically Necessary'),
    (851, 267, 7, '2024-10-20', 'Appealed', 12.68, NULL),
    (852, 1060, 7, '2024-10-07', 'Appealed', 24.78, 'Not Medically Necessary'),
    (853, 369, 2, '2023-01-15', 'Partially Approved', 15.18, NULL),
    (854, 1081, 1, '2022-06-04', 'Submitted', 7.36, NULL),
    (855, 657, 1, '2023-12-21', 'Under Review', NULL, 'Not Medically Necessary'),
    (856, 1103, 1, '2024-05-25', 'Partially Approved', 202.69, 'Not Medically Necessary'),
    (857, 155, 2, '2022-08-30', 'Submitted', 83.8, NULL),
    (858, 948, 12, '2023-11-01', 'Approved', NULL, 'Not Medically Necessary'),
    (859, 723, 1, '2023-03-25', 'Under Review', 3.85, NULL),
    (860, 1107, 4, '2025-06-12', 'Submitted', 145.08, NULL),
    (861, 312, 1, '2024-06-10', 'Partially Approved', 55.76, NULL),
    (862, 477, 10, '2024-12-08', 'Submitted', 18.25, NULL),
    (863, 1149, 3, '2021-07-14', 'Under Review', NULL, NULL),
    (864, 559, 2, '2023-11-10', 'Under Review', 41.35, NULL),
    (865, 799, 9, '2022-11-30', 'Submitted', NULL, NULL),
    (866, 77, 2, '2023-11-06', 'Under Review', NULL, 'Duplicate Claim'),
    (867, 254, 12, '2023-04-06', 'Appealed', 61.83, NULL),
    (868, 1100, 6, '2024-06-11', 'Approved', NULL, 'Duplicate Claim'),
    (869, 544, 7, '2025-04-17', 'Appealed', 61.69, NULL),
    (870, 878, 2, '2024-07-23', 'Appealed', 13.93, 'Visit Limit Exceeded'),
    (871, 664, 2, '2022-12-28', 'Submitted', 118.85, 'Missing Documentation'),
    (872, 928, 3, '2025-06-18', 'Submitted', NULL, NULL),
    (873, 348, 8, '2024-11-22', 'Denied', 20.52, NULL),
    (874, 282, 1, '2024-07-15', 'Submitted', 29.98, 'Missing Documentation'),
    (875, 628, 1, '2021-09-08', 'Submitted', 23.91, 'Visit Limit Exceeded'),
    (876, 848, 2, '2023-08-28', 'Submitted', NULL, NULL),
    (877, 833, 1, '2024-06-19', 'Appealed', 30.92, 'Coverage Lapsed'),
    (878, 182, 4, '2023-04-29', 'Approved', 35.36, 'Missing Documentation'),
    (879, 825, 2, '2025-03-30', 'Submitted', NULL, 'Missing Documentation'),
    (880, 56, 12, '2021-08-21', 'Submitted', NULL, 'Missing Documentation'),
    (881, 93, 1, '2022-03-24', 'Submitted', NULL, 'Visit Limit Exceeded'),
    (882, 323, 5, '2022-06-29', 'Submitted', 47.92, NULL),
    (883, 852, 11, '2024-04-11', 'Denied', NULL, NULL),
    (884, 474, 5, '2024-06-30', 'Denied', 0.73, NULL),
    (885, 518, 1, '2023-07-13', 'Approved', 15.73, 'Visit Limit Exceeded'),
    (886, 486, 2, '2025-04-28', 'Under Review', 51.95, 'Missing Documentation'),
    (887, 616, 1, '2024-07-25', 'Submitted', 41.63, 'Duplicate Claim'),
    (888, 643, 3, '2025-03-18', 'Appealed', 21.15, NULL),
    (889, 444, 7, '2024-02-13', 'Partially Approved', 6.23, NULL),
    (890, 679, 1, '2021-05-25', 'Appealed', 92.97, 'Missing Documentation'),
    (891, 135, 4, '2021-11-27', 'Partially Approved', 13.69, 'Visit Limit Exceeded'),
    (892, 1145, 1, '2025-01-06', 'Approved', NULL, NULL),
    (893, 954, 12, '2023-11-26', 'Approved', 2.28, NULL),
    (894, 190, 1, '2025-01-09', 'Under Review', 10.75, 'Coverage Lapsed'),
    (895, 149, 4, '2025-03-04', 'Under Review', 400.0, NULL),
    (896, 438, 2, '2023-10-27', 'Submitted', 30.59, NULL),
    (897, 618, 9, '2024-02-29', 'Submitted', 11.01, NULL),
    (898, 183, 8, '2025-02-26', 'Approved', NULL, NULL),
    (899, 558, 4, '2025-06-05', 'Approved', 0.96, 'Missing Documentation'),
    (900, 895, 4, '2022-06-15', 'Partially Approved', NULL, 'Missing Documentation'),
    (901, 868, 2, '2022-08-14', 'Denied', 58.9, 'Duplicate Claim'),
    (902, 785, 1, '2024-12-18', 'Submitted', 17.68, NULL),
    (903, 772, 9, '2023-09-18', 'Partially Approved', 180.06, 'Not Medically Necessary'),
    (904, 578, 2, '2025-03-18', 'Submitted', 25.01, 'Visit Limit Exceeded'),
    (905, 1151, 2, '2024-08-19', 'Submitted', 8.96, NULL),
    (906, 829, 2, '2024-01-29', 'Submitted', 44.33, 'Duplicate Claim'),
    (907, 1110, 1, '2023-09-18', 'Approved', 78.58, NULL),
    (908, 1093, 3, '2024-10-04', 'Partially Approved', NULL, 'Coverage Lapsed'),
    (909, 161, 1, '2023-12-23', 'Approved', 18.8, NULL),
    (910, 460, 11, '2025-03-18', 'Appealed', 8.59, 'Not Medically Necessary'),
    (911, 130, 7, '2025-06-11', 'Denied', 1.27, 'Coverage Lapsed'),
    (912, 1026, 4, '2025-05-31', 'Submitted', NULL, 'Duplicate Claim'),
    (913, 195, 2, '2023-08-06', 'Approved', 21.27, NULL),
    (914, 1074, 4, '2023-11-14', 'Denied', 11.68, NULL),
    (915, 1137, 3, '2024-06-02', 'Submitted', 25.01, 'Missing Documentation'),
    (916, 339, 6, '2025-05-09', 'Approved', 1.39, NULL),
    (917, 608, 7, '2025-06-09', 'Under Review', 63.45, 'Coverage Lapsed'),
    (918, 503, 3, '2024-08-28', 'Submitted', 10.34, 'Duplicate Claim'),
    (919, 33, 8, '2025-01-20', 'Submitted', 36.77, NULL),
    (920, 860, 3, '2023-03-24', 'Approved', 149.58, 'Not Medically Necessary'),
    (921, 160, 6, '2024-02-04', 'Submitted', 49.93, 'Coverage Lapsed'),
    (922, 667, 6, '2024-02-08', 'Approved', 8.05, 'Not Medically Necessary'),
    (923, 629, 1, '2024-08-19', 'Submitted', 13.52, NULL),
    (924, 300, 9, '2024-08-19', 'Approved', 0.78, 'Not Medically Necessary'),
    (925, 460, 6, '2024-07-15', 'Denied', 14.66, 'Missing Documentation'),
    (926, 1099, 1, '2024-04-14', 'Partially Approved', NULL, NULL),
    (927, 549, 1, '2024-10-11', 'Approved', 10.91, NULL),
    (928, 703, 7, '2025-04-05', 'Under Review', 41.5, 'Duplicate Claim'),
    (929, 36, 8, '2024-10-24', 'Partially Approved', 70.92, 'Not Medically Necessary'),
    (930, 89, 3, '2023-11-29', 'Submitted', 6.25, 'Not Medically Necessary'),
    (931, 449, 1, '2025-05-24', 'Denied', 81.82, NULL),
    (932, 935, 1, '2024-02-29', 'Appealed', 27.62, NULL),
    (933, 650, 2, '2024-02-17', 'Approved', 6.25, 'Duplicate Claim'),
    (934, 429, 4, '2024-10-04', 'Denied', 2.94, NULL),
    (935, 426, 1, '2023-03-27', 'Submitted', NULL, NULL),
    (936, 1174, 3, '2025-06-01', 'Submitted', 5.88, NULL),
    (937, 10, 11, '2021-06-16', 'Submitted', 19.22, NULL),
    (938, 515, 2, '2024-04-10', 'Under Review', 73.92, 'Coverage Lapsed'),
    (939, 399, 5, '2023-11-02', 'Under Review', 289.63, NULL),
    (940, 520, 9, '2024-02-19', 'Submitted', 154.13, NULL),
    (941, 443, 1, '2025-03-28', 'Approved', 37.84, 'Coverage Lapsed'),
    (942, 790, 6, '2022-07-16', 'Submitted', 18.46, 'Coverage Lapsed'),
    (943, 649, 5, '2025-06-15', 'Denied', 10.3, NULL),
    (944, 576, 6, '2025-01-11', 'Approved', 400.0, 'Out of Network'),
    (945, 163, 2, '2024-09-11', 'Submitted', NULL, 'Out of Network'),
    (946, 1190, 8, '2021-04-16', 'Approved', 117.71, 'Out of Network'),
    (947, 580, 1, '2023-06-02', 'Denied', NULL, 'Not Medically Necessary'),
    (948, 487, 2, '2024-03-25', 'Under Review', 2.15, 'Out of Network'),
    (949, 1127, 5, '2025-04-17', 'Submitted', 3.61, 'Not Medically Necessary'),
    (950, 1010, 5, '2025-05-14', 'Under Review', 6.99, 'Visit Limit Exceeded'),
    (951, 515, 1, '2023-02-25', 'Submitted', 39.54, 'Missing Documentation'),
    (952, 1077, 5, '2023-02-03', 'Submitted', NULL, NULL),
    (953, 1061, 7, '2024-06-18', 'Submitted', 157.56, NULL),
    (954, 1036, 5, '2023-09-07', 'Denied', NULL, NULL),
    (955, 1178, 3, '2024-12-12', 'Appealed', 21.37, NULL),
    (956, 296, 2, '2025-04-13', 'Approved', 5.87, 'Not Medically Necessary'),
    (957, 102, 6, '2023-09-03', 'Denied', 400.0, NULL),
    (958, 293, 5, '2024-10-23', 'Approved', 400.0, 'Not Medically Necessary'),
    (959, 578, 5, '2023-10-08', 'Submitted', 143.05, NULL),
    (960, 240, 3, '2023-09-30', 'Submitted', 3.13, NULL),
    (961, 924, 2, '2023-07-04', 'Submitted', 211.83, 'Duplicate Claim'),
    (962, 1058, 3, '2022-07-28', 'Denied', 3.06, 'Coverage Lapsed'),
    (963, 120, 1, '2021-10-02', 'Appealed', 400.0, NULL),
    (964, 539, 1, '2025-03-18', 'Approved', 73.37, 'Not Medically Necessary'),
    (965, 318, 9, '2024-02-18', 'Under Review', 15.7, NULL),
    (966, 502, 4, '2025-06-23', 'Under Review', 20.91, 'Coverage Lapsed'),
    (967, 608, 3, '2025-01-31', 'Approved', 9.83, 'Out of Network'),
    (968, 343, 1, '2024-02-03', 'Submitted', 40.97, NULL),
    (969, 232, 7, '2025-01-27', 'Submitted', 60.8, 'Coverage Lapsed'),
    (970, 1000, 9, '2023-08-26', 'Denied', 8.5, NULL),
    (971, 715, 1, '2025-04-04', 'Partially Approved', 232.84, 'Not Medically Necessary'),
    (972, 1125, 4, '2025-06-21', 'Submitted', NULL, NULL),
    (973, 426, 7, '2025-06-25', 'Denied', 33.77, 'Out of Network'),
    (974, 879, 1, '2023-05-10', 'Submitted', 37.64, 'Not Medically Necessary'),
    (975, 77, 8, '2023-08-22', 'Submitted', 59.44, 'Out of Network'),
    (976, 1186, 9, '2024-01-20', 'Submitted', 21.05, NULL),
    (977, 590, 3, '2024-07-05', 'Appealed', 43.95, NULL),
    (978, 617, 2, '2023-06-23', 'Submitted', 14.95, 'Duplicate Claim'),
    (979, 974, 1, '2024-03-04', 'Denied', NULL, 'Coverage Lapsed'),
    (980, 139, 4, '2024-11-02', 'Submitted', 16.77, NULL),
    (981, 305, 2, '2024-06-04', 'Submitted', 24.18, 'Coverage Lapsed'),
    (982, 605, 11, '2024-12-06', 'Appealed', 6.05, 'Missing Documentation'),
    (983, 269, 4, '2023-09-02', 'Approved', 50.09, NULL),
    (984, 476, 2, '2024-12-24', 'Partially Approved', 400.0, 'Missing Documentation'),
    (985, 105, 1, '2024-10-18', 'Denied', 183.28, NULL),
    (986, 435, 3, '2023-03-28', 'Under Review', 14.55, NULL),
    (987, 397, 12, '2025-05-05', 'Denied', 400.0, 'Coverage Lapsed'),
    (988, 531, 1, '2024-05-02', 'Submitted', NULL, 'Duplicate Claim'),
    (989, 145, 5, '2024-08-28', 'Submitted', 9.41, 'Duplicate Claim'),
    (990, 246, 2, '2022-03-12', 'Denied', 56.38, 'Coverage Lapsed'),
    (991, 233, 5, '2025-05-04', 'Partially Approved', NULL, NULL),
    (992, 767, 1, '2023-03-11', 'Submitted', 5.18, 'Not Medically Necessary'),
    (993, 631, 5, '2023-11-09', 'Submitted', 77.23, NULL),
    (994, 846, 2, '2025-04-08', 'Submitted', 1.25, NULL),
    (995, 634, 4, '2024-11-01', 'Partially Approved', 326.68, 'Not Medically Necessary'),
    (996, 89, 1, '2023-11-23', 'Under Review', NULL, 'Out of Network'),
    (997, 160, 3, '2024-01-12', 'Partially Approved', NULL, 'Missing Documentation'),
    (998, 989, 3, '2024-03-28', 'Approved', NULL, NULL),
    (999, 860, 7, '2024-08-18', 'Partially Approved', 135.66, NULL),
    (1000, 551, 1, '2025-01-08', 'Submitted', 21.47, NULL);

INSERT INTO "insurance_claims" ("claim_id", "appointment_id", "insurer_id", "submitted_date", "claim_status", "approved_amount", "denial_reason") VALUES
    (1001, 658, 7, '2023-01-02', 'Under Review', NULL, NULL),
    (1002, 988, 7, '2025-04-28', 'Submitted', 19.66, NULL),
    (1003, 419, 4, '2025-02-01', 'Partially Approved', 55.59, 'Duplicate Claim'),
    (1004, 393, 2, '2024-03-19', 'Denied', 400.0, 'Coverage Lapsed'),
    (1005, 599, 11, '2024-09-10', 'Submitted', 17.98, 'Coverage Lapsed'),
    (1006, 286, 9, '2025-04-07', 'Appealed', 117.81, 'Not Medically Necessary'),
    (1007, 530, 5, '2025-06-19', 'Approved', 7.66, 'Missing Documentation'),
    (1008, 1134, 2, '2024-08-23', 'Denied', 11.45, 'Visit Limit Exceeded'),
    (1009, 1170, 2, '2024-02-25', 'Approved', NULL, 'Not Medically Necessary'),
    (1010, 420, 6, '2024-11-14', 'Under Review', 14.85, 'Not Medically Necessary'),
    (1011, 1148, 2, '2024-09-24', 'Approved', NULL, 'Coverage Lapsed'),
    (1012, 1042, 5, '2025-02-03', 'Submitted', 14.01, 'Not Medically Necessary'),
    (1013, 304, 1, '2023-08-23', 'Submitted', 316.81, NULL),
    (1014, 1127, 8, '2024-03-01', 'Partially Approved', 42.03, 'Visit Limit Exceeded'),
    (1015, 264, 9, '2024-11-28', 'Submitted', 6.14, 'Out of Network'),
    (1016, 494, 1, '2023-01-09', 'Approved', 64.72, 'Missing Documentation'),
    (1017, 958, 3, '2022-09-26', 'Approved', 15.06, NULL),
    (1018, 166, 5, '2022-03-18', 'Under Review', 26.7, 'Not Medically Necessary'),
    (1019, 699, 2, '2024-02-11', 'Appealed', 2.81, NULL),
    (1020, 581, 2, '2023-08-25', 'Denied', 14.58, NULL),
    (1021, 1176, 6, '2025-02-04', 'Denied', 12.74, 'Coverage Lapsed'),
    (1022, 89, 1, '2025-06-12', 'Approved', 23.76, NULL),
    (1023, 722, 3, '2024-06-03', 'Approved', 19.65, 'Visit Limit Exceeded'),
    (1024, 1091, 1, '2025-03-31', 'Submitted', 27.25, 'Not Medically Necessary'),
    (1025, 233, 1, '2022-09-14', 'Partially Approved', 181.15, 'Not Medically Necessary'),
    (1026, 120, 3, '2024-06-26', 'Submitted', 60.01, NULL),
    (1027, 3, 9, '2024-08-16', 'Partially Approved', 224.31, 'Not Medically Necessary'),
    (1028, 955, 3, '2023-09-23', 'Denied', 3.56, NULL),
    (1029, 849, 6, '2024-08-21', 'Under Review', NULL, 'Duplicate Claim'),
    (1030, 863, 4, '2023-04-22', 'Submitted', 118.56, 'Duplicate Claim'),
    (1031, 974, 5, '2025-06-16', 'Under Review', 56.06, 'Not Medically Necessary'),
    (1032, 642, 3, '2024-09-22', 'Submitted', NULL, NULL),
    (1033, 972, 7, '2024-07-08', 'Denied', 3.96, 'Missing Documentation'),
    (1034, 987, 1, '2025-02-15', 'Appealed', NULL, 'Duplicate Claim'),
    (1035, 644, 4, '2023-10-10', 'Appealed', 7.09, 'Not Medically Necessary'),
    (1036, 736, 1, '2023-01-05', 'Submitted', 124.91, NULL),
    (1037, 749, 6, '2025-04-14', 'Submitted', 6.39, 'Not Medically Necessary'),
    (1038, 73, 2, '2024-05-23', 'Partially Approved', 6.39, NULL),
    (1039, 754, 1, '2024-03-24', 'Approved', NULL, 'Out of Network'),
    (1040, 129, 4, '2025-03-03', 'Denied', 2.63, 'Missing Documentation'),
    (1041, 143, 1, '2024-09-11', 'Approved', 2.5, 'Not Medically Necessary'),
    (1042, 924, 1, '2025-06-02', 'Submitted', 12.9, 'Not Medically Necessary'),
    (1043, 205, 7, '2024-08-25', 'Submitted', 354.93, 'Visit Limit Exceeded'),
    (1044, 38, 8, '2023-03-23', 'Appealed', 61.24, NULL),
    (1045, 444, 1, '2023-07-02', 'Submitted', 16.93, 'Missing Documentation'),
    (1046, 322, 9, '2024-02-04', 'Submitted', 19.46, NULL),
    (1047, 867, 9, '2025-01-17', 'Under Review', 2.28, NULL),
    (1048, 634, 1, '2024-03-12', 'Under Review', 15.38, 'Not Medically Necessary'),
    (1049, 234, 2, '2023-05-14', 'Submitted', 9.98, 'Coverage Lapsed'),
    (1050, 1116, 8, '2022-12-12', 'Partially Approved', 69.36, 'Missing Documentation'),
    (1051, 1159, 10, '2025-06-05', 'Denied', NULL, NULL),
    (1052, 902, 1, '2024-06-14', 'Approved', 5.92, 'Not Medically Necessary'),
    (1053, 1182, 9, '2024-12-31', 'Partially Approved', 1.6, 'Not Medically Necessary'),
    (1054, 1160, 8, '2024-05-18', 'Submitted', 108.46, 'Not Medically Necessary'),
    (1055, 873, 7, '2025-04-07', 'Submitted', 89.59, 'Out of Network'),
    (1056, 610, 2, '2023-11-01', 'Denied', 2.81, 'Not Medically Necessary'),
    (1057, 238, 1, '2024-12-10', 'Denied', 66.96, 'Out of Network'),
    (1058, 1007, 5, '2023-02-23', 'Submitted', 129.72, NULL),
    (1059, 992, 1, '2023-03-27', 'Submitted', NULL, NULL),
    (1060, 645, 1, '2023-05-11', 'Submitted', 35.57, 'Duplicate Claim'),
    (1061, 248, 12, '2023-02-26', 'Denied', 0.35, NULL),
    (1062, 464, 1, '2023-09-07', 'Denied', NULL, NULL),
    (1063, 732, 11, '2023-12-16', 'Submitted', 9.38, 'Not Medically Necessary'),
    (1064, 871, 1, '2024-05-22', 'Partially Approved', NULL, NULL),
    (1065, 1193, 2, '2024-09-14', 'Denied', 21.46, 'Duplicate Claim'),
    (1066, 873, 1, '2024-12-30', 'Partially Approved', 13.4, 'Not Medically Necessary'),
    (1067, 998, 3, '2023-11-24', 'Appealed', 6.58, 'Duplicate Claim'),
    (1068, 819, 12, '2025-02-08', 'Approved', 39.28, NULL),
    (1069, 382, 12, '2024-12-13', 'Approved', 4.92, NULL),
    (1070, 218, 9, '2022-12-08', 'Approved', 56.01, NULL),
    (1071, 101, 2, '2024-04-06', 'Submitted', 0.81, 'Coverage Lapsed'),
    (1072, 516, 3, '2025-06-17', 'Under Review', 7.67, NULL),
    (1073, 664, 1, '2025-02-03', 'Submitted', 21.29, NULL),
    (1074, 44, 1, '2024-05-28', 'Appealed', 81.55, NULL),
    (1075, 985, 2, '2024-08-22', 'Under Review', 0.98, 'Not Medically Necessary'),
    (1076, 671, 9, '2024-08-27', 'Under Review', NULL, NULL),
    (1077, 720, 1, '2025-04-22', 'Appealed', 0.15, NULL),
    (1078, 371, 4, '2025-02-15', 'Partially Approved', 49.42, NULL),
    (1079, 1025, 2, '2022-02-13', 'Under Review', NULL, 'Not Medically Necessary'),
    (1080, 980, 1, '2023-11-24', 'Approved', 46.64, NULL),
    (1081, 212, 1, '2022-04-20', 'Submitted', NULL, 'Out of Network'),
    (1082, 501, 2, '2025-01-28', 'Under Review', 57.69, 'Not Medically Necessary'),
    (1083, 132, 4, '2023-04-26', 'Denied', NULL, 'Out of Network'),
    (1084, 171, 6, '2023-05-10', 'Submitted', NULL, NULL),
    (1085, 1106, 5, '2025-04-17', 'Approved', NULL, NULL),
    (1086, 1165, 2, '2025-02-21', 'Approved', 30.55, NULL),
    (1087, 1130, 12, '2021-02-27', 'Submitted', NULL, 'Duplicate Claim'),
    (1088, 65, 7, '2023-08-17', 'Approved', 26.89, 'Out of Network'),
    (1089, 589, 7, '2025-05-08', 'Submitted', 15.76, 'Not Medically Necessary'),
    (1090, 902, 12, '2021-12-27', 'Under Review', 42.03, 'Duplicate Claim'),
    (1091, 855, 2, '2023-01-09', 'Submitted', NULL, NULL),
    (1092, 160, 8, '2025-01-20', 'Submitted', 46.71, 'Coverage Lapsed'),
    (1093, 459, 9, '2024-06-26', 'Denied', NULL, 'Duplicate Claim'),
    (1094, 97, 6, '2025-05-13', 'Submitted', NULL, NULL),
    (1095, 322, 10, '2023-06-05', 'Approved', NULL, 'Missing Documentation'),
    (1096, 442, 7, '2023-02-08', 'Denied', NULL, NULL),
    (1097, 504, 7, '2024-11-15', 'Appealed', 4.05, 'Out of Network'),
    (1098, 1067, 4, '2022-11-30', 'Approved', 8.16, 'Coverage Lapsed'),
    (1099, 496, 10, '2024-06-09', 'Under Review', 20.82, NULL),
    (1100, 945, 1, '2025-05-25', 'Denied', 54.91, NULL),
    (1101, 691, 2, '2022-06-17', 'Approved', 10.27, NULL),
    (1102, 121, 1, '2022-03-28', 'Approved', 13.56, 'Missing Documentation'),
    (1103, 766, 1, '2025-05-02', 'Approved', NULL, NULL),
    (1104, 190, 3, '2024-09-26', 'Denied', 3.12, NULL),
    (1105, 408, 7, '2024-10-12', 'Partially Approved', 278.48, NULL),
    (1106, 516, 6, '2025-05-31', 'Approved', NULL, NULL),
    (1107, 11, 1, '2021-04-25', 'Submitted', 14.95, 'Duplicate Claim'),
    (1108, 1033, 6, '2025-05-08', 'Approved', 39.31, 'Visit Limit Exceeded'),
    (1109, 1095, 4, '2025-04-22', 'Appealed', 62.8, NULL),
    (1110, 70, 2, '2025-03-02', 'Approved', NULL, NULL),
    (1111, 793, 3, '2025-03-02', 'Submitted', 18.32, NULL),
    (1112, 247, 1, '2023-09-30', 'Partially Approved', 55.07, 'Not Medically Necessary'),
    (1113, 799, 5, '2023-09-06', 'Appealed', 51.18, NULL),
    (1114, 996, 3, '2025-01-08', 'Denied', NULL, 'Coverage Lapsed'),
    (1115, 333, 6, '2024-03-17', 'Approved', 15.4, NULL),
    (1116, 388, 1, '2024-06-28', 'Submitted', 12.18, NULL),
    (1117, 67, 1, '2024-04-10', 'Submitted', 17.42, 'Not Medically Necessary'),
    (1118, 1100, 3, '2023-03-17', 'Approved', NULL, NULL),
    (1119, 349, 8, '2022-02-01', 'Submitted', 3.28, 'Missing Documentation'),
    (1120, 520, 3, '2025-04-04', 'Approved', NULL, NULL),
    (1121, 491, 8, '2021-07-02', 'Partially Approved', 18.56, NULL),
    (1122, 758, 8, '2023-10-10', 'Submitted', 19.6, NULL),
    (1123, 1159, 10, '2022-11-13', 'Submitted', 78.27, 'Out of Network'),
    (1124, 186, 3, '2023-11-15', 'Denied', 114.98, NULL),
    (1125, 338, 4, '2023-06-14', 'Approved', 3.76, 'Not Medically Necessary'),
    (1126, 481, 1, '2024-01-31', 'Under Review', 2.12, 'Not Medically Necessary'),
    (1127, 203, 11, '2024-05-02', 'Denied', 45.45, NULL),
    (1128, 642, 1, '2023-12-30', 'Denied', NULL, NULL),
    (1129, 436, 3, '2024-05-10', 'Approved', 3.88, NULL),
    (1130, 146, 10, '2022-05-26', 'Partially Approved', 4.48, NULL),
    (1131, 898, 7, '2024-08-27', 'Approved', 99.64, NULL),
    (1132, 1054, 1, '2025-01-15', 'Approved', 61.61, 'Not Medically Necessary'),
    (1133, 950, 8, '2025-01-08', 'Denied', NULL, 'Not Medically Necessary'),
    (1134, 921, 9, '2022-12-15', 'Submitted', 0.35, NULL),
    (1135, 152, 7, '2022-03-10', 'Denied', 90.37, NULL),
    (1136, 112, 4, '2025-04-07', 'Denied', 1.5, 'Duplicate Claim'),
    (1137, 751, 8, '2025-03-29', 'Denied', NULL, NULL),
    (1138, 240, 4, '2025-06-01', 'Partially Approved', 2.55, 'Duplicate Claim'),
    (1139, 224, 2, '2024-11-03', 'Denied', 28.41, 'Not Medically Necessary'),
    (1140, 951, 1, '2024-02-27', 'Approved', 58.0, NULL),
    (1141, 583, 7, '2022-12-06', 'Submitted', 139.22, 'Coverage Lapsed'),
    (1142, 455, 8, '2024-01-30', 'Appealed', 57.46, NULL),
    (1143, 1176, 7, '2023-09-18', 'Approved', 12.51, NULL),
    (1144, 521, 4, '2024-01-19', 'Appealed', 33.08, NULL),
    (1145, 1015, 3, '2024-06-30', 'Denied', 31.56, NULL),
    (1146, 789, 6, '2025-05-10', 'Submitted', NULL, 'Coverage Lapsed'),
    (1147, 943, 3, '2024-05-14', 'Appealed', 2.06, NULL),
    (1148, 773, 11, '2022-10-16', 'Approved', 4.15, NULL),
    (1149, 146, 6, '2025-01-03', 'Submitted', 35.57, NULL),
    (1150, 99, 2, '2025-01-26', 'Under Review', 6.82, 'Not Medically Necessary'),
    (1151, 186, 3, '2025-02-12', 'Submitted', 26.93, 'Not Medically Necessary'),
    (1152, 175, 1, '2025-03-25', 'Submitted', 2.62, 'Not Medically Necessary'),
    (1153, 1007, 2, '2025-05-13', 'Approved', 150.14, 'Coverage Lapsed'),
    (1154, 154, 1, '2022-10-06', 'Submitted', NULL, 'Not Medically Necessary'),
    (1155, 77, 4, '2022-02-21', 'Appealed', 31.33, 'Not Medically Necessary'),
    (1156, 1090, 8, '2023-08-28', 'Approved', 4.33, NULL),
    (1157, 833, 9, '2021-12-12', 'Approved', 82.61, NULL),
    (1158, 1086, 6, '2024-03-05', 'Denied', 41.27, NULL),
    (1159, 105, 3, '2024-05-26', 'Submitted', 24.5, NULL),
    (1160, 537, 8, '2024-07-18', 'Partially Approved', 35.59, 'Missing Documentation'),
    (1161, 282, 1, '2023-01-04', 'Approved', 18.38, NULL),
    (1162, 384, 1, '2022-11-12', 'Submitted', 16.27, 'Not Medically Necessary'),
    (1163, 12, 2, '2024-03-08', 'Denied', NULL, NULL),
    (1164, 1052, 4, '2025-01-06', 'Partially Approved', 75.36, 'Duplicate Claim'),
    (1165, 673, 4, '2025-04-04', 'Submitted', 2.68, 'Not Medically Necessary'),
    (1166, 640, 10, '2022-10-26', 'Submitted', 7.35, 'Duplicate Claim'),
    (1167, 615, 10, '2024-06-01', 'Submitted', 0.96, NULL),
    (1168, 905, 3, '2024-01-20', 'Appealed', 9.19, 'Not Medically Necessary'),
    (1169, 578, 9, '2024-12-07', 'Approved', 1.47, NULL),
    (1170, 970, 1, '2024-09-10', 'Under Review', 38.12, NULL),
    (1171, 927, 1, '2024-09-19', 'Submitted', 82.15, NULL),
    (1172, 15, 3, '2022-05-05', 'Appealed', 17.01, NULL),
    (1173, 451, 2, '2025-03-31', 'Denied', 13.82, NULL),
    (1174, 198, 2, '2023-08-05', 'Approved', 41.83, NULL),
    (1175, 856, 5, '2022-11-10', 'Submitted', 2.93, 'Out of Network'),
    (1176, 733, 5, '2025-03-19', 'Submitted', 5.59, 'Duplicate Claim'),
    (1177, 1072, 9, '2023-08-26', 'Approved', 134.97, NULL),
    (1178, 617, 3, '2022-09-20', 'Appealed', 64.44, NULL),
    (1179, 468, 1, '2022-10-27', 'Appealed', NULL, NULL),
    (1180, 618, 11, '2025-03-28', 'Approved', 71.71, 'Visit Limit Exceeded'),
    (1181, 498, 3, '2024-06-29', 'Approved', 3.8, NULL),
    (1182, 731, 3, '2025-01-16', 'Under Review', NULL, 'Duplicate Claim'),
    (1183, 240, 12, '2022-10-29', 'Approved', 77.09, NULL),
    (1184, 180, 4, '2024-11-07', 'Submitted', NULL, 'Not Medically Necessary'),
    (1185, 658, 9, '2023-11-22', 'Submitted', 78.67, 'Coverage Lapsed'),
    (1186, 1198, 1, '2024-09-14', 'Submitted', 15.42, NULL),
    (1187, 1083, 4, '2025-05-03', 'Submitted', 27.75, 'Duplicate Claim'),
    (1188, 803, 3, '2025-05-04', 'Appealed', 1.51, NULL),
    (1189, 1191, 10, '2025-01-04', 'Approved', 11.5, 'Not Medically Necessary'),
    (1190, 96, 1, '2023-12-17', 'Appealed', NULL, NULL),
    (1191, 406, 2, '2024-08-18', 'Submitted', 126.96, NULL),
    (1192, 471, 4, '2025-04-01', 'Submitted', 3.71, 'Missing Documentation'),
    (1193, 658, 3, '2022-07-21', 'Appealed', NULL, NULL),
    (1194, 555, 6, '2022-12-18', 'Partially Approved', NULL, NULL),
    (1195, 592, 1, '2024-05-17', 'Approved', 9.15, 'Out of Network'),
    (1196, 95, 7, '2024-11-16', 'Submitted', 88.83, 'Coverage Lapsed'),
    (1197, 300, 1, '2023-11-23', 'Submitted', 5.92, 'Coverage Lapsed'),
    (1198, 283, 3, '2023-11-28', 'Submitted', 151.69, NULL),
    (1199, 934, 3, '2025-05-18', 'Appealed', 11.74, NULL),
    (1200, 96, 5, '2025-04-23', 'Partially Approved', NULL, 'Missing Documentation');
